{"id":1889,"date":"2017-04-11T12:38:31","date_gmt":"2017-04-11T12:38:31","guid":{"rendered":"http:\/\/epxsantiago.org\/?page_id=1889"},"modified":"2017-08-24T10:03:25","modified_gmt":"2017-08-24T10:03:25","slug":"presentacion-2","status":"publish","type":"page","link":"https:\/\/epxsantiago.org\/index.php\/mua-2014-2016\/presentacion-2","title":{"rendered":"PRESENTACI\u00d3N"},"content":{"rendered":"<p>[et_pb_section bb_built=\u00bb1&#8243; admin_label=\u00bbSecci\u00f3n\u00bb fullwidth=\u00bbon\u00bb specialty=\u00bboff\u00bb][et_pb_fullwidth_image admin_label=\u00bbImagen de anchura completa\u00bb src=\u00bbhttp:\/\/epxsantiago.org\/wp-content\/uploads\/2017\/04\/DSC_9643-e1491402417374.jpg\u00bb show_in_lightbox=\u00bboff\u00bb url_new_window=\u00bboff\u00bb use_overlay=\u00bboff\u00bb animation=\u00bbleft\u00bb use_border_color=\u00bboff\u00bb border_color=\u00bb#ffffff\u00bb border_style=\u00bbsolid\u00bb \/][\/et_pb_section][et_pb_section bb_built=\u00bb1&#8243; admin_label=\u00bbSecci\u00f3n\u00bb fullwidth=\u00bboff\u00bb specialty=\u00bboff\u00bb transparent_background=\u00bboff\u00bb allow_player_pause=\u00bboff\u00bb inner_shadow=\u00bboff\u00bb parallax=\u00bboff\u00bb parallax_method=\u00bbon\u00bb custom_padding=\u00bb0px|||\u00bb make_fullwidth=\u00bboff\u00bb use_custom_width=\u00bboff\u00bb width_unit=\u00bbon\u00bb make_equal=\u00bboff\u00bb use_custom_gutter=\u00bboff\u00bb][et_pb_row admin_label=\u00bbFila\u00bb make_fullwidth=\u00bboff\u00bb use_custom_width=\u00bboff\u00bb width_unit=\u00bbon\u00bb use_custom_gutter=\u00bboff\u00bb custom_padding=\u00bb20px||0px|\u00bb allow_player_pause=\u00bboff\u00bb parallax=\u00bboff\u00bb parallax_method=\u00bbon\u00bb make_equal=\u00bboff\u00bb parallax_1=\u00bboff\u00bb parallax_method_1=\u00bboff\u00bb parallax_2=\u00bboff\u00bb parallax_method_2=\u00bboff\u00bb][et_pb_column type=\u00bb1_4&#8243;][\/et_pb_column][et_pb_column type=\u00bb3_4&#8243;][et_pb_text admin_label=\u00bbTexto\u00bb background_layout=\u00bblight\u00bb text_orientation=\u00bbcenter\u00bb use_border_color=\u00bboff\u00bb border_color=\u00bb#ffffff\u00bb border_style=\u00bbsolid\u00bb]<\/p>\n<h1>M\u00e1ster oficial en Avogac\u00eda 2014-2016<\/h1>\n<p>[\/et_pb_text][et_pb_post_title admin_label=\u00bbT\u00edtulo de pagina\u00bb title=\u00bbon\u00bb meta=\u00bboff\u00bb author=\u00bbon\u00bb date=\u00bbon\u00bb categories=\u00bbon\u00bb comments=\u00bbon\u00bb featured_image=\u00bboff\u00bb featured_placement=\u00bbbelow\u00bb parallax_effect=\u00bboff\u00bb parallax_method=\u00bbon\u00bb text_orientation=\u00bbcenter\u00bb text_color=\u00bbdark\u00bb text_background=\u00bboff\u00bb text_bg_color=\u00bbrgba(255,255,255,0.9)\u00bb use_border_color=\u00bboff\u00bb border_color=\u00bb#ffffff\u00bb border_style=\u00bbsolid\u00bb title_font_size=\u00bb22px\u00bb custom_margin=\u00bb||0px|\u00bb custom_padding=\u00bb||0px|\u00bb \/][\/et_pb_column][\/et_pb_row][\/et_pb_section][et_pb_section bb_built=\u00bb1&#8243; admin_label=\u00bbSecci\u00f3n\u00bb fullwidth=\u00bboff\u00bb specialty=\u00bboff\u00bb transparent_background=\u00bboff\u00bb allow_player_pause=\u00bboff\u00bb inner_shadow=\u00bboff\u00bb parallax=\u00bboff\u00bb parallax_method=\u00bbon\u00bb custom_padding=\u00bb0px|||\u00bb make_fullwidth=\u00bboff\u00bb use_custom_width=\u00bboff\u00bb width_unit=\u00bbon\u00bb make_equal=\u00bboff\u00bb use_custom_gutter=\u00bboff\u00bb][et_pb_row admin_label=\u00bbFila\u00bb make_fullwidth=\u00bboff\u00bb use_custom_width=\u00bboff\u00bb width_unit=\u00bbon\u00bb use_custom_gutter=\u00bboff\u00bb custom_padding=\u00bb||0px|\u00bb custom_margin=\u00bb||0px|\u00bb allow_player_pause=\u00bboff\u00bb parallax=\u00bboff\u00bb parallax_method=\u00bbon\u00bb make_equal=\u00bboff\u00bb parallax_1=\u00bboff\u00bb parallax_method_1=\u00bboff\u00bb padding_bottom_1=\u00bb0px\u00bb parallax_2=\u00bboff\u00bb parallax_method_2=\u00bboff\u00bb][et_pb_column type=\u00bb1_4&#8243;][et_pb_sidebar admin_label=\u00bbBarra lateral\u00bb orientation=\u00bbleft\u00bb area=\u00bbet_pb_widget_area_13&#8243; background_layout=\u00bblight\u00bb remove_border=\u00bboff\u00bb \/][\/et_pb_column][et_pb_column type=\u00bb3_4&#8243;][et_pb_text admin_label=\u00bbTexto\u00bb global_parent=\u00bb824&#8243; background_layout=\u00bblight\u00bb text_orientation=\u00bbjustified\u00bb use_border_color=\u00bboff\u00bb border_color=\u00bb#ffffff\u00bb border_style=\u00bbsolid\u00bb]<\/p>\n<p>A regulaci\u00f3n do r\u00e9xime de acceso \u00e1 profesi\u00f3n de avogado en Espa\u00f1a, como esixencia emanada dos artigos 17.3\u00ba e 24 da CE, ten a s\u00faa plasmaci\u00f3n na Lei 34\/2006, do 30 de outubro, sobre o acceso \u00e1s profesi\u00f3ns de avogado e procurador dos tribunais, cuxo obxecto se cingue \u00e1 regulaci\u00f3n, polo que aqu\u00ed interesa, das condici\u00f3ns de obtenci\u00f3n do t\u00edtulo profesional de avogado. Esta disposici\u00f3n legal, conxuntamente coa s\u00faa normativa de desenvolvemento (RD 775\/2011), po\u00f1en de manifesto a importancia da formaci\u00f3n pr\u00e1ctica que han de recibir os futuros avogados que van actuar ante os \u00f3rganos xudiciais, ao tempo que mostran a insuficiencia da obtenci\u00f3n dunha titulaci\u00f3n universitaria para a s\u00faa formaci\u00f3n integral.<\/p>\n<p>Este conxunto normativo consolida e d\u00e1 cobertura legal ao t\u00edtulo universitario propio que, consonte o disposto no artigo 34.3\u00ba da Lei org\u00e1nica 6\/2001, do 21 de decembro, de universidades, vi\u00f1a ofrecendo a Universidade de Santiago de Compostela (en diante, USC), en colaboraci\u00f3n co Ilustre Colexio de Avogados e o Ilustre Colexio de Procuradores de Santiago de Compostela, baixo a denominaci\u00f3n de \u201cT\u00edtulo de Especializaci\u00f3n en Avogac\u00eda, Procurador\u00eda e Pr\u00e1ctica Xur\u00eddica\u201d.<\/p>\n<p>Este t\u00edtulo propio da USC era impartido pola Escola de Pr\u00e1ctica Xur\u00eddica de Santiago de Compostela (en diante, EPX), cuxa orixe radica no convenio de colaboraci\u00f3n asinado entre a USC e os colexios de avogados e de procuradores de Santiago de Compostela, e polo cal as instituci\u00f3ns das que depend\u00eda a \u201cEscola de Pr\u00e1ctica Xur\u00eddica da Universidade de Santiago de Compostela\u201d e a \u201cEscola de Pr\u00e1ctica Xur\u00eddica Eugenio Montero R\u00edos\u201d compromet\u00edanse a que as actividades formativas que ata ese momento se desenvolv\u00edan por separado, pasasen a impartirse de forma conxunta e unitaria.<\/p>\n<p>A EPX cumpre todos e cada un dos requisitos establecidos pola Asemblea de Escolas de Pr\u00e1ctica Xur\u00eddica de Espa\u00f1a, o Consello Xeral da Avogac\u00eda \u2014Regulamento para a homologaci\u00f3n das pr\u00e1cticas de iniciaci\u00f3n \u00e1 profesi\u00f3n de avogado e das escolas de pr\u00e1ctica xur\u00eddica, aprobado polo Consello Xeral da Avogac\u00eda Espa\u00f1ola o 24 de setembro de 2006\u2014 e o Consello da Avogac\u00eda Galega, contando, neste sentido, co reco\u00f1ecemento e a homologaci\u00f3n de todas estas corporaci\u00f3ns e \u00f3rganos. A devandita homologaci\u00f3n garante a calidade da formaci\u00f3n que imparten as escolas de pr\u00e1ctica xur\u00eddica que pos\u00faen este reco\u00f1ecemento institucional, sendo, ademais, obxecto dun control permanente e dunha revisi\u00f3n e renovaci\u00f3n anuais; sen desco\u00f1ecer que constit\u00fae un requisito esixido pola Lei de acceso \u00e1 profesi\u00f3n de avogado, para que estas poidan organizar e impartir os cursos de capacitaci\u00f3n que permiten acceder \u00e1 avaliaci\u00f3n da aptitude profesional para o exercicio da dita profesi\u00f3n xur\u00eddica.<\/p>\n<p>Esta experiencia mod\u00e9lica no noso pa\u00eds, e cuxo esp\u00edrito \u00e9 recollido na Lei 34\/2006, enfr\u00f3ntase agora ao labor de realizar as reformas estruturais que esixa a adecuaci\u00f3n do \u201cT\u00edtulo de Especializaci\u00f3n en Avogac\u00eda, Procurador\u00eda e Pr\u00e1ctica Xur\u00eddica\u201d \u00e1 normativa reguladora do ensino universitario oficial de posgrao.<\/p>\n<p>Tal adecuaci\u00f3n vai permitir que todas aquelas persoas que se encontren en posesi\u00f3n do t\u00edtulo universitario de licenciatura en Dereito, ou do t\u00edtulo de grao que o substit\u00faa de acordo coas previsi\u00f3ns contidas no artigo 88 da Lei org\u00e1nica 6\/2001, do 21 de decembro, de universidades, e a s\u00faa normativa de desenvolvemento, poidan obter a acreditaci\u00f3n da s\u00faa capacitaci\u00f3n profesional mediante a superaci\u00f3n da formaci\u00f3n especializada do M\u00e1ster universitario en Avogac\u00eda pola USC, a quen corresponde recoller o legado que aquela experiencia pioneira acumulou na formaci\u00f3n de operadores xur\u00eddicos.<\/p>\n<p>Esta formaci\u00f3n especializada continuar\u00e1 formando avogados e avogadas cos mesmos par\u00e1metros e compromisos que o vi\u00f1a facendo, e non s\u00f3 coa finalidade de acadar os mellores resultados nas probas de avaliaci\u00f3n da aptitude profesional do alumnado, sen\u00f3n co obxectivo primordial de formar profesionais altamente capacitados en co\u00f1ecementos xur\u00eddicos pr\u00e1cticos e deontol\u00f3xicos.<\/p>\n<p>Neste sentido,\u00a0<strong>tanto a USC como o ICA de Santiago, dentro das modalidades de colaboraci\u00f3n previstas na Lei 34\/2006 e no Regulamento que a desenvolve, optaron por atender a v\u00eda prevista na letra c) do artigo 4.1\u00ba do RD 775\/2011, do 3 de xu\u00f1o, mediante a impartici\u00f3n conxunta da formaci\u00f3n profesional configurada polas ensinanzas conducentes \u00e1 obtenci\u00f3n dun t\u00edtulo oficial de \u201cM\u00e1ster en Avogac\u00eda\u201d. O dito m\u00e1ster reunir\u00e1, en consecuencia, un dobre perfil: ter\u00e1 validez como formaci\u00f3n espec\u00edfica comprensiva do \u201ccurso de formaci\u00f3n\u201d e do per\u00edodo formativo de \u201cpr\u00e1cticas externas\u201d esixidos polas indicadas Lei e Regulamento para acceder \u00e1s avaliaci\u00f3ns de aptitude profesional que permiten obter o t\u00edtulo profesional de avogado; e, ao mesmo tempo, config\u00farase como un t\u00edtulo de m\u00e1ster oficial universitario, integr\u00e1ndose como tal dentro do espazo europeo de ensino universitario<\/strong>.<\/p>\n<p>A colaboraci\u00f3n desenv\u00f3lvese a trav\u00e9s do ICA de Santiago e da Facultade de Dereito (no caso da USC).\u00a0<strong>As d\u00faas instituci\u00f3ns contar\u00e1n neste cometido coa colaboraci\u00f3n da Escola de Pr\u00e1ctica Xur\u00eddica conveniada entre elas<\/strong>; instrumento que lles permitiu levar colaborando m\u00e1is de vinte e cinco anos na impartici\u00f3n deste tipo de formaci\u00f3n profesional especializada e noutros \u00e1mbitos formativos.<\/p>\n<p>[\/et_pb_text][\/et_pb_column][\/et_pb_row][\/et_pb_section]<\/p>\n","protected":false},"excerpt":{"rendered":"<p>M\u00e1ster oficial en Avogac\u00eda 2014-2016 A regulaci\u00f3n do r\u00e9xime de acceso \u00e1 profesi\u00f3n de avogado en Espa\u00f1a, como esixencia emanada dos artigos 17.3\u00ba e 24 da CE, ten a s\u00faa plasmaci\u00f3n na Lei 34\/2006, do 30 de outubro, sobre o acceso \u00e1s profesi\u00f3ns de avogado e procurador dos tribunais, cuxo obxecto se cingue \u00e1 regulaci\u00f3n, [&hellip;]<\/p>\n","protected":false},"author":1,"featured_media":0,"parent":2338,"menu_order":0,"comment_status":"closed","ping_status":"closed","template":"","meta":{"_et_pb_use_builder":"on","_et_pb_old_content":"","_et_gb_content_width":"","footnotes":""},"class_list":["post-1889","page","type-page","status-publish","hentry"],"_links":{"self":[{"href":"https:\/\/epxsantiago.org\/index.php\/wp-json\/wp\/v2\/pages\/1889","targetHints":{"allow":["GET"]}}],"collection":[{"href":"https:\/\/epxsantiago.org\/index.php\/wp-json\/wp\/v2\/pages"}],"about":[{"href":"https:\/\/epxsantiago.org\/index.php\/wp-json\/wp\/v2\/types\/page"}],"author":[{"embeddable":true,"href":"https:\/\/epxsantiago.org\/index.php\/wp-json\/wp\/v2\/users\/1"}],"replies":[{"embeddable":true,"href":"https:\/\/epxsantiago.org\/index.php\/wp-json\/wp\/v2\/comments?post=1889"}],"version-history":[{"count":2,"href":"https:\/\/epxsantiago.org\/index.php\/wp-json\/wp\/v2\/pages\/1889\/revisions"}],"predecessor-version":[{"id":1923,"href":"https:\/\/epxsantiago.org\/index.php\/wp-json\/wp\/v2\/pages\/1889\/revisions\/1923"}],"up":[{"embeddable":true,"href":"https:\/\/epxsantiago.org\/index.php\/wp-json\/wp\/v2\/pages\/2338"}],"wp:attachment":[{"href":"https:\/\/epxsantiago.org\/index.php\/wp-json\/wp\/v2\/media?parent=1889"}],"curies":[{"name":"wp","href":"https:\/\/api.w.org\/{rel}","templated":true}]}}

PRESENTACIÓN

<p>[et_pb_section bb_built=»1&#8243; admin_label=»Sección» fullwidth=»on» specialty=»off»][et_pb_fullwidth_image admin_label=»Imagen de anchura completa» src=»http://epxsantiago.org/wp-content/uploads/2017/04/DSC_9643-e1491402417374.jpg» show_in_lightbox=»off» url_new_window=»off» use_overlay=»off» animation=»left» use_border_color=»off» border_color=»#ffffff» border_style=»solid» /][/et_pb_section][et_pb_section bb_built=»1&#8243; admin_label=»Sección» fullwidth=»off» specialty=»off» transparent_background=»off» allow_player_pause=»off» inner_shadow=»off» parallax=»off» parallax_method=»on» custom_padding=»0px|||» make_fullwidth=»off» use_custom_width=»off» width_unit=»on» make_equal=»off» use_custom_gutter=»off»][et_pb_row admin_label=»Fila» make_fullwidth=»off» use_custom_width=»off» width_unit=»on» use_custom_gutter=»off» custom_padding=»20px||0px|» allow_player_pause=»off» parallax=»off» parallax_method=»on» make_equal=»off» parallax_1=»off» parallax_method_1=»off» parallax_2=»off» parallax_method_2=»off»][et_pb_column type=»1_4&#8243;][/et_pb_column][et_pb_column type=»3_4&#8243;][et_pb_text admin_label=»Texto» background_layout=»light» text_orientation=»center» use_border_color=»off» border_color=»#ffffff» border_style=»solid»]</p>
<h1>Máster oficial en Avogacía 2014-2016</h1>
<p>[/et_pb_text][et_pb_post_title admin_label=»Título de pagina» title=»on» meta=»off» author=»on» date=»on» categories=»on» comments=»on» featured_image=»off» featured_placement=»below» parallax_effect=»off» parallax_method=»on» text_orientation=»center» text_color=»dark» text_background=»off» text_bg_color=»rgba(255,255,255,0.9)» use_border_color=»off» border_color=»#ffffff» border_style=»solid» title_font_size=»22px» custom_margin=»||0px|» custom_padding=»||0px|» /][/et_pb_column][/et_pb_row][/et_pb_section][et_pb_section bb_built=»1&#8243; admin_label=»Sección» fullwidth=»off» specialty=»off» transparent_background=»off» allow_player_pause=»off» inner_shadow=»off» parallax=»off» parallax_method=»on» custom_padding=»0px|||» make_fullwidth=»off» use_custom_width=»off» width_unit=»on» make_equal=»off» use_custom_gutter=»off»][et_pb_row admin_label=»Fila» make_fullwidth=»off» use_custom_width=»off» width_unit=»on» use_custom_gutter=»off» custom_padding=»||0px|» custom_margin=»||0px|» allow_player_pause=»off» parallax=»off» parallax_method=»on» make_equal=»off» parallax_1=»off» parallax_method_1=»off» padding_bottom_1=»0px» parallax_2=»off» parallax_method_2=»off»][et_pb_column type=»1_4&#8243;][et_pb_sidebar admin_label=»Barra lateral» orientation=»left» area=»et_pb_widget_area_13&#8243; background_layout=»light» remove_border=»off» /][/et_pb_column][et_pb_column type=»3_4&#8243;][et_pb_text admin_label=»Texto» global_parent=»824&#8243; background_layout=»light» text_orientation=»justified» use_border_color=»off» border_color=»#ffffff» border_style=»solid»]</p>
<p>A regulación do réxime de acceso á profesión de avogado en España, como esixencia emanada dos artigos 17.3º e 24 da CE, ten a súa plasmación na Lei 34/2006, do 30 de outubro, sobre o acceso ás profesións de avogado e procurador dos tribunais, cuxo obxecto se cingue á regulación, polo que aquí interesa, das condicións de obtención do título profesional de avogado. Esta disposición legal, conxuntamente coa súa normativa de desenvolvemento (RD 775/2011), poñen de manifesto a importancia da formación práctica que han de recibir os futuros avogados que van actuar ante os órganos xudiciais, ao tempo que mostran a insuficiencia da obtención dunha titulación universitaria para a súa formación integral.</p>
<p>Este conxunto normativo consolida e dá cobertura legal ao título universitario propio que, consonte o disposto no artigo 34.3º da Lei orgánica 6/2001, do 21 de decembro, de universidades, viña ofrecendo a Universidade de Santiago de Compostela (en diante, USC), en colaboración co Ilustre Colexio de Avogados e o Ilustre Colexio de Procuradores de Santiago de Compostela, baixo a denominación de “Título de Especialización en Avogacía, Procuradoría e Práctica Xurídica”.</p>
<p>Este título propio da USC era impartido pola Escola de Práctica Xurídica de Santiago de Compostela (en diante, EPX), cuxa orixe radica no convenio de colaboración asinado entre a USC e os colexios de avogados e de procuradores de Santiago de Compostela, e polo cal as institucións das que dependía a “Escola de Práctica Xurídica da Universidade de Santiago de Compostela” e a “Escola de Práctica Xurídica Eugenio Montero Ríos” comprometíanse a que as actividades formativas que ata ese momento se desenvolvían por separado, pasasen a impartirse de forma conxunta e unitaria.</p>
<p>A EPX cumpre todos e cada un dos requisitos establecidos pola Asemblea de Escolas de Práctica Xurídica de España, o Consello Xeral da Avogacía —Regulamento para a homologación das prácticas de iniciación á profesión de avogado e das escolas de práctica xurídica, aprobado polo Consello Xeral da Avogacía Española o 24 de setembro de 2006— e o Consello da Avogacía Galega, contando, neste sentido, co recoñecemento e a homologación de todas estas corporacións e órganos. A devandita homologación garante a calidade da formación que imparten as escolas de práctica xurídica que posúen este recoñecemento institucional, sendo, ademais, obxecto dun control permanente e dunha revisión e renovación anuais; sen descoñecer que constitúe un requisito esixido pola Lei de acceso á profesión de avogado, para que estas poidan organizar e impartir os cursos de capacitación que permiten acceder á avaliación da aptitude profesional para o exercicio da dita profesión xurídica.</p>
<p>Esta experiencia modélica no noso país, e cuxo espírito é recollido na Lei 34/2006, enfróntase agora ao labor de realizar as reformas estruturais que esixa a adecuación do “Título de Especialización en Avogacía, Procuradoría e Práctica Xurídica” á normativa reguladora do ensino universitario oficial de posgrao.</p>
<p>Tal adecuación vai permitir que todas aquelas persoas que se encontren en posesión do título universitario de licenciatura en Dereito, ou do título de grao que o substitúa de acordo coas previsións contidas no artigo 88 da Lei orgánica 6/2001, do 21 de decembro, de universidades, e a súa normativa de desenvolvemento, poidan obter a acreditación da súa capacitación profesional mediante a superación da formación especializada do Máster universitario en Avogacía pola USC, a quen corresponde recoller o legado que aquela experiencia pioneira acumulou na formación de operadores xurídicos.</p>
<p>Esta formación especializada continuará formando avogados e avogadas cos mesmos parámetros e compromisos que o viña facendo, e non só coa finalidade de acadar os mellores resultados nas probas de avaliación da aptitude profesional do alumnado, senón co obxectivo primordial de formar profesionais altamente capacitados en coñecementos xurídicos prácticos e deontolóxicos.</p>
<p>Neste sentido, <strong>tanto a USC como o ICA de Santiago, dentro das modalidades de colaboración previstas na Lei 34/2006 e no Regulamento que a desenvolve, optaron por atender a vía prevista na letra c) do artigo 4.1º do RD 775/2011, do 3 de xuño, mediante a impartición conxunta da formación profesional configurada polas ensinanzas conducentes á obtención dun título oficial de “Máster en Avogacía”. O dito máster reunirá, en consecuencia, un dobre perfil: terá validez como formación específica comprensiva do “curso de formación” e do período formativo de “prácticas externas” esixidos polas indicadas Lei e Regulamento para acceder ás avaliacións de aptitude profesional que permiten obter o título profesional de avogado; e, ao mesmo tempo, configúrase como un título de máster oficial universitario, integrándose como tal dentro do espazo europeo de ensino universitario</strong>.</p>
<p>A colaboración desenvólvese a través do ICA de Santiago e da Facultade de Dereito (no caso da USC). <strong>As dúas institucións contarán neste cometido coa colaboración da Escola de Práctica Xurídica conveniada entre elas</strong>; instrumento que lles permitiu levar colaborando máis de vinte e cinco anos na impartición deste tipo de formación profesional especializada e noutros ámbitos formativos.</p>
<p>[/et_pb_text][/et_pb_column][/et_pb_row][/et_pb_section]</p>

<p>Máster oficial en Avogacía 2014-2016 A regulación do réxime de acceso á profesión de avogado en España, como esixencia emanada dos artigos 17.3º e 24 da CE, ten a súa plasmación na Lei 34/2006, do 30 de outubro, sobre o acceso ás profesións de avogado e procurador dos tribunais, cuxo obxecto se cingue á regulación, [&hellip;]</p>
