{"id":1937,"date":"2017-04-11T13:22:26","date_gmt":"2017-04-11T13:22:26","guid":{"rendered":"http:\/\/epxsantiago.org\/?page_id=1937"},"modified":"2017-08-24T10:20:46","modified_gmt":"2017-08-24T10:20:46","slug":"profesorado","status":"publish","type":"page","link":"https:\/\/epxsantiago.org\/index.php\/mua-2014-2016\/profesorado","title":{"rendered":"PROFESORADO"},"content":{"rendered":"<p>[et_pb_section bb_built=\u00bb1&#8243; admin_label=\u00bbSecci\u00f3n\u00bb fullwidth=\u00bbon\u00bb specialty=\u00bboff\u00bb][et_pb_fullwidth_image admin_label=\u00bbImagen de anchura completa\u00bb src=\u00bbhttp:\/\/epxsantiago.org\/wp-content\/uploads\/2017\/04\/DSC_9643-e1491402417374.jpg\u00bb show_in_lightbox=\u00bboff\u00bb url_new_window=\u00bboff\u00bb use_overlay=\u00bboff\u00bb animation=\u00bbleft\u00bb use_border_color=\u00bboff\u00bb border_color=\u00bb#ffffff\u00bb border_style=\u00bbsolid\u00bb \/][\/et_pb_section][et_pb_section bb_built=\u00bb1&#8243; admin_label=\u00bbSecci\u00f3n\u00bb fullwidth=\u00bboff\u00bb specialty=\u00bboff\u00bb transparent_background=\u00bboff\u00bb allow_player_pause=\u00bboff\u00bb inner_shadow=\u00bboff\u00bb parallax=\u00bboff\u00bb parallax_method=\u00bbon\u00bb custom_padding=\u00bb0px|||\u00bb make_fullwidth=\u00bboff\u00bb use_custom_width=\u00bboff\u00bb width_unit=\u00bbon\u00bb make_equal=\u00bboff\u00bb use_custom_gutter=\u00bboff\u00bb][et_pb_row admin_label=\u00bbFila\u00bb make_fullwidth=\u00bboff\u00bb use_custom_width=\u00bboff\u00bb width_unit=\u00bbon\u00bb use_custom_gutter=\u00bboff\u00bb custom_padding=\u00bb20px||0px|\u00bb allow_player_pause=\u00bboff\u00bb parallax=\u00bboff\u00bb parallax_method=\u00bbon\u00bb make_equal=\u00bboff\u00bb parallax_1=\u00bboff\u00bb parallax_method_1=\u00bboff\u00bb parallax_2=\u00bboff\u00bb parallax_method_2=\u00bboff\u00bb][et_pb_column type=\u00bb1_4&#8243;][\/et_pb_column][et_pb_column type=\u00bb3_4&#8243;][et_pb_text admin_label=\u00bbTexto\u00bb background_layout=\u00bblight\u00bb text_orientation=\u00bbcenter\u00bb use_border_color=\u00bboff\u00bb border_color=\u00bb#ffffff\u00bb border_style=\u00bbsolid\u00bb]<\/p>\n<h1>M\u00e1ster oficial en Avogac\u00eda 2014-2016<\/h1>\n<p>[\/et_pb_text][et_pb_post_title admin_label=\u00bbT\u00edtulo de pagina\u00bb title=\u00bbon\u00bb meta=\u00bboff\u00bb author=\u00bbon\u00bb date=\u00bbon\u00bb categories=\u00bbon\u00bb comments=\u00bbon\u00bb featured_image=\u00bboff\u00bb featured_placement=\u00bbbelow\u00bb parallax_effect=\u00bboff\u00bb parallax_method=\u00bbon\u00bb text_orientation=\u00bbcenter\u00bb text_color=\u00bbdark\u00bb text_background=\u00bboff\u00bb text_bg_color=\u00bbrgba(255,255,255,0.9)\u00bb use_border_color=\u00bboff\u00bb border_color=\u00bb#ffffff\u00bb border_style=\u00bbsolid\u00bb title_font_size=\u00bb22px\u00bb custom_margin=\u00bb||0px|\u00bb custom_padding=\u00bb||0px|\u00bb \/][\/et_pb_column][\/et_pb_row][\/et_pb_section][et_pb_section bb_built=\u00bb1&#8243; admin_label=\u00bbSecci\u00f3n\u00bb fullwidth=\u00bboff\u00bb specialty=\u00bboff\u00bb transparent_background=\u00bboff\u00bb allow_player_pause=\u00bboff\u00bb inner_shadow=\u00bboff\u00bb parallax=\u00bboff\u00bb parallax_method=\u00bbon\u00bb custom_padding=\u00bb0px|||\u00bb make_fullwidth=\u00bboff\u00bb use_custom_width=\u00bboff\u00bb width_unit=\u00bbon\u00bb make_equal=\u00bboff\u00bb use_custom_gutter=\u00bboff\u00bb][et_pb_row admin_label=\u00bbFila\u00bb make_fullwidth=\u00bboff\u00bb use_custom_width=\u00bboff\u00bb width_unit=\u00bbon\u00bb use_custom_gutter=\u00bboff\u00bb custom_padding=\u00bb||0px|\u00bb custom_margin=\u00bb||0px|\u00bb allow_player_pause=\u00bboff\u00bb parallax=\u00bboff\u00bb parallax_method=\u00bbon\u00bb make_equal=\u00bboff\u00bb parallax_1=\u00bboff\u00bb parallax_method_1=\u00bboff\u00bb padding_bottom_1=\u00bb0px\u00bb parallax_2=\u00bboff\u00bb parallax_method_2=\u00bboff\u00bb][et_pb_column type=\u00bb1_4&#8243;][et_pb_sidebar admin_label=\u00bbBarra lateral\u00bb orientation=\u00bbleft\u00bb area=\u00bbet_pb_widget_area_13&#8243; background_layout=\u00bblight\u00bb remove_border=\u00bboff\u00bb \/][\/et_pb_column][et_pb_column type=\u00bb3_4&#8243;][et_pb_text admin_label=\u00bbTexto\u00bb global_parent=\u00bb824&#8243; background_layout=\u00bblight\u00bb text_orientation=\u00bbjustified\u00bb use_border_color=\u00bboff\u00bb border_color=\u00bb#ffffff\u00bb border_style=\u00bbsolid\u00bb]<\/p>\n<ol>\n<li><strong>A)\u00a0Curso de formaci\u00f3n<\/strong><\/li>\n<\/ol>\n<p>A Lei 34\/2006 establece, no seu art. 4.3\u00ba, que nos \u201ccursos de formaci\u00f3n\u201d para avogados deber\u00e1 garantirse \u201ca presenza da metade, alomenos, de profesionais colexiados exercentes. De conformidade con dita lei e co establecido no seu Regulamento de desenvolvemento, o profesorado do \u201ccurso de formaci\u00f3n\u201d do m\u00e1ster estar\u00e1 integrado por:<\/p>\n<ul>\n<li>un 40% de profesorado universitario contratado ou funcionario.<\/li>\n<li>un 60% de profesorado pertencente a avogac\u00eda e a outras profesi\u00f3ns xur\u00eddicas relevantes para a formaci\u00f3n do futuro avogado.<\/li>\n<\/ul>\n<p>As materias de\u00a0Introduci\u00f3n ao exercicio profesional e Quenda de oficio, Deontolox\u00eda profesional e R\u00e9xime de responsabilidade e Escritura e Oratoria forense\u00a0ser\u00e1n impartidas na s\u00faa totalidade por profesorado pertencente a avogac\u00eda e a outras profesi\u00f3ns xur\u00eddicas.<\/p>\n<ol>\n<li><strong>B)\u00a0Pr\u00e1cticas externas<\/strong><\/li>\n<\/ol>\n<p>O ICA de Santiago, a trav\u00e9s da EPX conveniada, e a Comisi\u00f3n Acad\u00e9mica, garantir\u00e1n o cumprimento dos requisitos do per\u00edodo de pr\u00e1cticas establecido no Regulamento de desenvolvemento da Lei de acceso, para todos os estudantes matriculados no M\u00e1ster.<\/p>\n<p><strong>A xesti\u00f3n de todos os cr\u00e9ditos de \u201cpr\u00e1cticas externas\u201d corresponde \u00f3 ICA de Santiago, que os desenvolver\u00e1 e coordinar\u00e1 a trav\u00e9s da EPX<\/strong>.\u00a0A tal efecto, seleccionar\u00e1 os despachos, administraci\u00f3ns, \u00f3rganos xudiciais, instituci\u00f3ns e entidades onde se realicen, as\u00ed como os titores e colaborares que as dirixan. Determinar\u00e1 o plan detallado, calendario e horario de pr\u00e1cticas e establecer\u00e1 os mecanismos de control precisos para a comprobaci\u00f3n da s\u00faa axeitada realizaci\u00f3n e aproveitamento. Corresponder\u00e1 \u00e1 Comisi\u00f3n Acad\u00e9mica a aprobaci\u00f3n do correspondente plan operativo das \u201cpr\u00e1cticas externas\u201d.<\/p>\n<p>Os titores das \u201cpr\u00e1cticas externas\u201d ser\u00e1n avogados vinculados ao ICA de Santiago, cun exercicio profesional de, alomenos, cinco anos, sen prexu\u00edzo da posible colaboraci\u00f3n doutros profesionais, cando as\u00ed se considere conveniente (en particular, no que se refire as pr\u00e1cticas en administraci\u00f3ns p\u00fablicas e \u00f3rganos xudiciais), a proposta do propio Colexio.<\/p>\n<p>A adxudicaci\u00f3n de destinos dos estudantes para a realizaci\u00f3n do per\u00edodo de pr\u00e1cticas ser\u00e1 realizada pola EPX, por medio do oportuno procedemento aprobado pola Comisi\u00f3n Acad\u00e9mica.<\/p>\n<p>Durante o per\u00edodo de pr\u00e1cticas externas os estudantes contar\u00e1n cun coordinador de pr\u00e1cticas e estar\u00e1n suxeitos \u00e1 duraci\u00f3n, calendario, horario, lugar e actividade que se establezan, aplicaranse con dilixencia \u00e1s tarefas encomendadas, manteranse en contacto co titor e gardar\u00e1n o sixilo sobre as tarefas que estean a realizar durante este per\u00edodo e unha vez este te\u00f1a rematado.<\/p>\n<p>A realizaci\u00f3n das pr\u00e1cticas de formaci\u00f3n por parte dos estudantes non constit\u00fae v\u00ednculo laboral nin contractual de ning\u00fan tipo entre estes e as partes asinantes, ni comportar\u00e1 contraprestaci\u00f3n econ\u00f3mica algunha para o estudantes durante o seu desenvolvemento, no sendo aplicable o Estatuto dos Traballadores.<\/p>\n<p>A EPX conta con mais de corenta despachos profesionais colaboradores. Tam\u00e9n os titulares dos \u00f3rganos xudiciais do partido xudicial de Santiago e doutros partidos da comunidade aut\u00f3noma, a Asesor\u00eda Xur\u00eddica Xeral da Xunta de Galicia e da USC, as\u00ed como diferentes administraci\u00f3ns locais ve\u00f1en colaborando tradicionalmente na impartici\u00f3n do t\u00edtulo propio da Escola ao que substit\u00fae o m\u00e1ster.<\/p>\n<p>[\/et_pb_text][\/et_pb_column][\/et_pb_row][\/et_pb_section]<\/p>\n","protected":false},"excerpt":{"rendered":"<p>M\u00e1ster oficial en Avogac\u00eda 2014-2016 A)\u00a0Curso de formaci\u00f3n A Lei 34\/2006 establece, no seu art. 4.3\u00ba, que nos \u201ccursos de formaci\u00f3n\u201d para avogados deber\u00e1 garantirse \u201ca presenza da metade, alomenos, de profesionais colexiados exercentes. De conformidade con dita lei e co establecido no seu Regulamento de desenvolvemento, o profesorado do \u201ccurso de formaci\u00f3n\u201d do m\u00e1ster [&hellip;]<\/p>\n","protected":false},"author":1,"featured_media":0,"parent":2338,"menu_order":12,"comment_status":"closed","ping_status":"closed","template":"","meta":{"_et_pb_use_builder":"on","_et_pb_old_content":"","_et_gb_content_width":"","footnotes":""},"class_list":["post-1937","page","type-page","status-publish","hentry"],"_links":{"self":[{"href":"https:\/\/epxsantiago.org\/index.php\/wp-json\/wp\/v2\/pages\/1937","targetHints":{"allow":["GET"]}}],"collection":[{"href":"https:\/\/epxsantiago.org\/index.php\/wp-json\/wp\/v2\/pages"}],"about":[{"href":"https:\/\/epxsantiago.org\/index.php\/wp-json\/wp\/v2\/types\/page"}],"author":[{"embeddable":true,"href":"https:\/\/epxsantiago.org\/index.php\/wp-json\/wp\/v2\/users\/1"}],"replies":[{"embeddable":true,"href":"https:\/\/epxsantiago.org\/index.php\/wp-json\/wp\/v2\/comments?post=1937"}],"version-history":[{"count":1,"href":"https:\/\/epxsantiago.org\/index.php\/wp-json\/wp\/v2\/pages\/1937\/revisions"}],"predecessor-version":[{"id":1938,"href":"https:\/\/epxsantiago.org\/index.php\/wp-json\/wp\/v2\/pages\/1937\/revisions\/1938"}],"up":[{"embeddable":true,"href":"https:\/\/epxsantiago.org\/index.php\/wp-json\/wp\/v2\/pages\/2338"}],"wp:attachment":[{"href":"https:\/\/epxsantiago.org\/index.php\/wp-json\/wp\/v2\/media?parent=1937"}],"curies":[{"name":"wp","href":"https:\/\/api.w.org\/{rel}","templated":true}]}}

<p>[et_pb_section bb_built=»1&#8243; admin_label=»Sección» fullwidth=»on» specialty=»off»][et_pb_fullwidth_image admin_label=»Imagen de anchura completa» src=»http://epxsantiago.org/wp-content/uploads/2017/04/DSC_9643-e1491402417374.jpg» show_in_lightbox=»off» url_new_window=»off» use_overlay=»off» animation=»left» use_border_color=»off» border_color=»#ffffff» border_style=»solid» /][/et_pb_section][et_pb_section bb_built=»1&#8243; admin_label=»Sección» fullwidth=»off» specialty=»off» transparent_background=»off» allow_player_pause=»off» inner_shadow=»off» parallax=»off» parallax_method=»on» custom_padding=»0px|||» make_fullwidth=»off» use_custom_width=»off» width_unit=»on» make_equal=»off» use_custom_gutter=»off»][et_pb_row admin_label=»Fila» make_fullwidth=»off» use_custom_width=»off» width_unit=»on» use_custom_gutter=»off» custom_padding=»20px||0px|» allow_player_pause=»off» parallax=»off» parallax_method=»on» make_equal=»off» parallax_1=»off» parallax_method_1=»off» parallax_2=»off» parallax_method_2=»off»][et_pb_column type=»1_4&#8243;][/et_pb_column][et_pb_column type=»3_4&#8243;][et_pb_text admin_label=»Texto» background_layout=»light» text_orientation=»center» use_border_color=»off» border_color=»#ffffff» border_style=»solid»]</p>
<h1>Máster oficial en Avogacía 2014-2016</h1>
<p>[/et_pb_text][et_pb_post_title admin_label=»Título de pagina» title=»on» meta=»off» author=»on» date=»on» categories=»on» comments=»on» featured_image=»off» featured_placement=»below» parallax_effect=»off» parallax_method=»on» text_orientation=»center» text_color=»dark» text_background=»off» text_bg_color=»rgba(255,255,255,0.9)» use_border_color=»off» border_color=»#ffffff» border_style=»solid» title_font_size=»22px» custom_margin=»||0px|» custom_padding=»||0px|» /][/et_pb_column][/et_pb_row][/et_pb_section][et_pb_section bb_built=»1&#8243; admin_label=»Sección» fullwidth=»off» specialty=»off» transparent_background=»off» allow_player_pause=»off» inner_shadow=»off» parallax=»off» parallax_method=»on» custom_padding=»0px|||» make_fullwidth=»off» use_custom_width=»off» width_unit=»on» make_equal=»off» use_custom_gutter=»off»][et_pb_row admin_label=»Fila» make_fullwidth=»off» use_custom_width=»off» width_unit=»on» use_custom_gutter=»off» custom_padding=»||0px|» custom_margin=»||0px|» allow_player_pause=»off» parallax=»off» parallax_method=»on» make_equal=»off» parallax_1=»off» parallax_method_1=»off» padding_bottom_1=»0px» parallax_2=»off» parallax_method_2=»off»][et_pb_column type=»1_4&#8243;][et_pb_sidebar admin_label=»Barra lateral» orientation=»left» area=»et_pb_widget_area_13&#8243; background_layout=»light» remove_border=»off» /][/et_pb_column][et_pb_column type=»3_4&#8243;][et_pb_text admin_label=»Texto» global_parent=»824&#8243; background_layout=»light» text_orientation=»justified» use_border_color=»off» border_color=»#ffffff» border_style=»solid»]</p>
<ol>
<li><strong>A) Curso de formación</strong></li>
</ol>
<p>A Lei 34/2006 establece, no seu art. 4.3º, que nos “cursos de formación” para avogados deberá garantirse “a presenza da metade, alomenos, de profesionais colexiados exercentes. De conformidade con dita lei e co establecido no seu Regulamento de desenvolvemento, o profesorado do “curso de formación” do máster estará integrado por:</p>
<ul>
<li>un 40% de profesorado universitario contratado ou funcionario.</li>
<li>un 60% de profesorado pertencente a avogacía e a outras profesións xurídicas relevantes para a formación do futuro avogado.</li>
</ul>
<p>As materias de Introdución ao exercicio profesional e Quenda de oficio, Deontoloxía profesional e Réxime de responsabilidade e Escritura e Oratoria forense serán impartidas na súa totalidade por profesorado pertencente a avogacía e a outras profesións xurídicas.</p>
<ol>
<li><strong>B) Prácticas externas</strong></li>
</ol>
<p>O ICA de Santiago, a través da EPX conveniada, e a Comisión Académica, garantirán o cumprimento dos requisitos do período de prácticas establecido no Regulamento de desenvolvemento da Lei de acceso, para todos os estudantes matriculados no Máster.</p>
<p><strong>A xestión de todos os créditos de “prácticas externas” corresponde ó ICA de Santiago, que os desenvolverá e coordinará a través da EPX</strong>. A tal efecto, seleccionará os despachos, administracións, órganos xudiciais, institucións e entidades onde se realicen, así como os titores e colaborares que as dirixan. Determinará o plan detallado, calendario e horario de prácticas e establecerá os mecanismos de control precisos para a comprobación da súa axeitada realización e aproveitamento. Corresponderá á Comisión Académica a aprobación do correspondente plan operativo das “prácticas externas”.</p>
<p>Os titores das “prácticas externas” serán avogados vinculados ao ICA de Santiago, cun exercicio profesional de, alomenos, cinco anos, sen prexuízo da posible colaboración doutros profesionais, cando así se considere conveniente (en particular, no que se refire as prácticas en administracións públicas e órganos xudiciais), a proposta do propio Colexio.</p>
<p>A adxudicación de destinos dos estudantes para a realización do período de prácticas será realizada pola EPX, por medio do oportuno procedemento aprobado pola Comisión Académica.</p>
<p>Durante o período de prácticas externas os estudantes contarán cun coordinador de prácticas e estarán suxeitos á duración, calendario, horario, lugar e actividade que se establezan, aplicaranse con dilixencia ás tarefas encomendadas, manteranse en contacto co titor e gardarán o sixilo sobre as tarefas que estean a realizar durante este período e unha vez este teña rematado.</p>
<p>A realización das prácticas de formación por parte dos estudantes non constitúe vínculo laboral nin contractual de ningún tipo entre estes e as partes asinantes, ni comportará contraprestación económica algunha para o estudantes durante o seu desenvolvemento, no sendo aplicable o Estatuto dos Traballadores.</p>
<p>A EPX conta con mais de corenta despachos profesionais colaboradores. Tamén os titulares dos órganos xudiciais do partido xudicial de Santiago e doutros partidos da comunidade autónoma, a Asesoría Xurídica Xeral da Xunta de Galicia e da USC, así como diferentes administracións locais veñen colaborando tradicionalmente na impartición do título propio da Escola ao que substitúe o máster.</p>
<p>[/et_pb_text][/et_pb_column][/et_pb_row][/et_pb_section]</p>

<p>Máster oficial en Avogacía 2014-2016 A) Curso de formación A Lei 34/2006 establece, no seu art. 4.3º, que nos “cursos de formación” para avogados deberá garantirse “a presenza da metade, alomenos, de profesionais colexiados exercentes. De conformidade con dita lei e co establecido no seu Regulamento de desenvolvemento, o profesorado do “curso de formación” do máster [&hellip;]</p>
