{"id":1999,"date":"2017-04-11T16:22:29","date_gmt":"2017-04-11T16:22:29","guid":{"rendered":"http:\/\/epxsantiago.org\/?page_id=1999"},"modified":"2017-08-24T08:52:57","modified_gmt":"2017-08-24T08:52:57","slug":"equipo-docente-3","status":"publish","type":"page","link":"https:\/\/epxsantiago.org\/index.php\/mua-2015-2017\/equipo-docente-3","title":{"rendered":"EQUIPO DOCENTE"},"content":{"rendered":"<p>[et_pb_section bb_built=\u00bb1&#8243; admin_label=\u00bbSecci\u00f3n\u00bb fullwidth=\u00bbon\u00bb specialty=\u00bboff\u00bb][et_pb_fullwidth_image admin_label=\u00bbImagen de anchura completa\u00bb src=\u00bbhttp:\/\/epxsantiago.org\/wp-content\/uploads\/2017\/04\/DSC_9643-e1491402417374.jpg\u00bb show_in_lightbox=\u00bboff\u00bb url_new_window=\u00bboff\u00bb use_overlay=\u00bboff\u00bb animation=\u00bbleft\u00bb use_border_color=\u00bboff\u00bb border_color=\u00bb#ffffff\u00bb border_style=\u00bbsolid\u00bb \/][\/et_pb_section][et_pb_section bb_built=\u00bb1&#8243; admin_label=\u00bbSecci\u00f3n\u00bb fullwidth=\u00bboff\u00bb specialty=\u00bboff\u00bb transparent_background=\u00bboff\u00bb allow_player_pause=\u00bboff\u00bb inner_shadow=\u00bboff\u00bb parallax=\u00bboff\u00bb parallax_method=\u00bbon\u00bb custom_padding=\u00bb0px|||\u00bb make_fullwidth=\u00bboff\u00bb use_custom_width=\u00bboff\u00bb width_unit=\u00bbon\u00bb make_equal=\u00bboff\u00bb use_custom_gutter=\u00bboff\u00bb][et_pb_row admin_label=\u00bbFila\u00bb make_fullwidth=\u00bboff\u00bb use_custom_width=\u00bboff\u00bb width_unit=\u00bbon\u00bb use_custom_gutter=\u00bboff\u00bb custom_padding=\u00bb20px||0px|\u00bb allow_player_pause=\u00bboff\u00bb parallax=\u00bboff\u00bb parallax_method=\u00bbon\u00bb make_equal=\u00bboff\u00bb parallax_1=\u00bboff\u00bb parallax_method_1=\u00bboff\u00bb parallax_2=\u00bboff\u00bb parallax_method_2=\u00bboff\u00bb][et_pb_column type=\u00bb1_4&#8243;][\/et_pb_column][et_pb_column type=\u00bb3_4&#8243;][et_pb_text admin_label=\u00bbTexto\u00bb background_layout=\u00bblight\u00bb text_orientation=\u00bbcenter\u00bb use_border_color=\u00bboff\u00bb border_color=\u00bb#ffffff\u00bb border_style=\u00bbsolid\u00bb]<\/p>\n<h1>M\u00e1ster oficial en Avogac\u00eda 2015-2017<\/h1>\n<p>[\/et_pb_text][et_pb_post_title admin_label=\u00bbT\u00edtulo de pagina\u00bb title=\u00bbon\u00bb meta=\u00bboff\u00bb author=\u00bbon\u00bb date=\u00bbon\u00bb categories=\u00bbon\u00bb comments=\u00bbon\u00bb featured_image=\u00bboff\u00bb featured_placement=\u00bbbelow\u00bb parallax_effect=\u00bboff\u00bb parallax_method=\u00bbon\u00bb text_orientation=\u00bbcenter\u00bb text_color=\u00bbdark\u00bb text_background=\u00bboff\u00bb text_bg_color=\u00bbrgba(255,255,255,0.9)\u00bb use_border_color=\u00bboff\u00bb border_color=\u00bb#ffffff\u00bb border_style=\u00bbsolid\u00bb title_font_size=\u00bb22px\u00bb custom_margin=\u00bb||0px|\u00bb custom_padding=\u00bb||0px|\u00bb \/][\/et_pb_column][\/et_pb_row][\/et_pb_section][et_pb_section bb_built=\u00bb1&#8243; admin_label=\u00bbSecci\u00f3n\u00bb fullwidth=\u00bboff\u00bb specialty=\u00bboff\u00bb transparent_background=\u00bboff\u00bb allow_player_pause=\u00bboff\u00bb inner_shadow=\u00bboff\u00bb parallax=\u00bboff\u00bb parallax_method=\u00bbon\u00bb custom_padding=\u00bb0px|||\u00bb make_fullwidth=\u00bboff\u00bb use_custom_width=\u00bboff\u00bb width_unit=\u00bbon\u00bb make_equal=\u00bboff\u00bb use_custom_gutter=\u00bboff\u00bb][et_pb_row admin_label=\u00bbFila\u00bb make_fullwidth=\u00bboff\u00bb use_custom_width=\u00bboff\u00bb width_unit=\u00bbon\u00bb use_custom_gutter=\u00bboff\u00bb custom_padding=\u00bb||0px|\u00bb custom_margin=\u00bb||0px|\u00bb allow_player_pause=\u00bboff\u00bb parallax=\u00bboff\u00bb parallax_method=\u00bbon\u00bb make_equal=\u00bboff\u00bb parallax_1=\u00bboff\u00bb parallax_method_1=\u00bboff\u00bb padding_bottom_1=\u00bb0px\u00bb parallax_2=\u00bboff\u00bb parallax_method_2=\u00bboff\u00bb][et_pb_column type=\u00bb1_4&#8243;][et_pb_sidebar admin_label=\u00bbBarra lateral\u00bb orientation=\u00bbleft\u00bb area=\u00bbet_pb_widget_area_12&#8243; background_layout=\u00bblight\u00bb remove_border=\u00bboff\u00bb \/][\/et_pb_column][et_pb_column type=\u00bb3_4&#8243;][et_pb_text admin_label=\u00bbTexto\u00bb global_parent=\u00bb824&#8243; background_layout=\u00bblight\u00bb text_orientation=\u00bbjustified\u00bb use_border_color=\u00bboff\u00bb border_color=\u00bb#ffffff\u00bb border_style=\u00bbsolid\u00bb]<\/p>\n<ol>\n<li><strong>A) Curso de formaci\u00f3n<\/strong><\/li>\n<\/ol>\n<p>A Lei 34\/2006 establece, no seu art. 4.3\u00ba, que nos \u201ccursos de formaci\u00f3n\u201d para avogados deber\u00e1 garantirse \u201ca presenza da metade, alomenos, de profesionais colexiados exercentes. De conformidade con dita lei e co establecido no seu Regulamento de desenvolvemento, o profesorado do \u201ccurso de formaci\u00f3n\u201d do m\u00e1ster estar\u00e1 integrado por:<\/p>\n<ul>\n<li>un 40% de profesorado universitario contratado ou funcionario.<\/li>\n<li>un 60% de profesorado pertencente a avogac\u00eda e a outras profesi\u00f3ns xur\u00eddicas relevantes para a formaci\u00f3n do futuro avogado.<\/li>\n<\/ul>\n<p>As materias de Introduci\u00f3n ao exercicio profesional e Quenda de oficio, Deontolox\u00eda profesional e R\u00e9xime de responsabilidade e Escritura e Oratoria forense ser\u00e1n impartidas na s\u00faa totalidade por profesorado pertencente a avogac\u00eda e a outras profesi\u00f3ns xur\u00eddicas.<\/p>\n<p>O profesorado que impartiu \u00e1s materias dos M\u00f3dulos I e II do Plan de Estudos do M\u00e1ster para o curso 2015-2016 da promoci\u00f3n 2015-2017 \u00e9 o seguinte:<\/p>\n<h3>P3341M01 \u2013 <u>M\u00f3dulo I: Introducci\u00f3n Al Ejercicio Profesional y Deontolog\u00eda<\/u><\/h3>\n<h3>\u00a0\u2013 P3341101 \u2013 Introduci\u00f3n Ao Exercicio Profesional e Quenda De Oficio<\/h3>\n<ul>\n<li>Lotario Vilaboy Lois, coordinador acad\u00e9mico do M\u00e1ster e director da EPX de Santiago.<\/li>\n<li>Ulises B\u00e9tolo Garc\u00eda, avogado.<\/li>\n<li>Gerardo G\u00e1ndara Moure, avogado e exdirector da EPX da Coru\u00f1a.<\/li>\n<li>Alejandro Pad\u00edn Vidal, avogado.<\/li>\n<li>Ram\u00f3n Quintela Miramontes, avogado e coordinador da materia.<\/li>\n<li>Manuel Arza Gal\u00e1n, avogado e secretario t\u00e9cnico do Colexio de Avogados de Santiago.<\/li>\n<li>Javier Constenla Vega, avogado e membro da Xunta de Goberno do ICA de Santiago.<\/li>\n<li>Maria Jes\u00fas Matovelle G\u00f3mez, avogada.<\/li>\n<li>Jes\u00fas Waldo Maro\u00f1o Gargallo, avogado e secretario da EPX de Santiago de Compostela.<\/li>\n<li>Jose A. Araujo Hern\u00e1ndez, avogado e secretario t\u00e9cnico do Colexio de Avogados de Vigo.<\/li>\n<\/ul>\n<h3>\u00a0\u2013 P3341102 \u2013 Deontolox\u00eda Profesional e R\u00e9xime de Responsabilidade<\/h3>\n<ul>\n<li>Timoteo Guti\u00e9rrez Valerio, avogado e coordinador da materia.<\/li>\n<li>Mar\u00eda Jes\u00fas Vieito Mayo, avogada.<\/li>\n<li>Jose Antonio Pena Beiroa, economista.<\/li>\n<li>Jose Antonio Araujo Hern\u00e1ndez, avogado e secretario t\u00e9cnico do Colexio de Avogados de Vigo.<\/li>\n<\/ul>\n<h3>\u00a0\u2013 P3341103 \u2013 XX.PP e Medios Alternativos de Soluci\u00f3n de Conflitos<\/h3>\n<ul>\n<li>Jes\u00fas Fern\u00e1ndez Brea, rexistrador.<\/li>\n<li>Jose Manuel Amigo V\u00e1zquez, notario.<\/li>\n<li>Elena G\u00f3mez-Segade Gonz\u00e1lez, Avogada, Mediadora e Coordinadora Do M\u00f3dulo.<\/li>\n<li>Raquel Castillejo Manzanares, catedr\u00e1tica de Dereito Procesual da USC.<\/li>\n<li>Pedro Blanco Lobeiras, avogado.<\/li>\n<li>Ramon Arce Fern\u00e1ndes, catedr\u00e1tico de Psicolox\u00eda Social da USC.<\/li>\n<li>Jos\u00e9 Carlos Garc\u00eda Cumplido, avogado.<\/li>\n<li>Montserrat Rodr\u00edguez Varela, inspectora de consumo do IGC da Xunta de Galicia.<\/li>\n<li>Olga Failde Picallo, avogada-equipo de Mediaci\u00f3n Intraxudicial do Xulgado de Familia de Santiago.<\/li>\n<li>Esther P\u00e9rez Marcos, avogada, mediadora.<\/li>\n<\/ul>\n<h3>\u00a0\u2013 P3341104 \u2013 Escritura e Oratoria Forense<\/h3>\n<ul>\n<li>Lotario Vilaboy Lois, coordinador acad\u00e9mico do M\u00e1ster e director da EPX de Santiago.<\/li>\n<li>Maria Luisa Regueira Pardavila, avogada.<\/li>\n<li>Mar Vivero Vizoso, avogada e coordinadora do m\u00f3dulo.<\/li>\n<li>Lourdes P\u00e9rez Gonz\u00e1lez, t\u00e9cnica facultativa de bibliotecas da USC.<\/li>\n<\/ul>\n<h3>P3341M02 \u00a0<u>M\u00f3dulo II: \u00a0Pr\u00e1ctica Jur\u00eddica<\/u><\/h3>\n<h3>\u00a0\u2013 P3341105 \u2013 Pr\u00e1ctica Xur\u00eddica Civil I<\/h3>\n<ul>\n<li>Javier Maseda Rodr\u00edguez, profesor titular de Dereito Internacional Privado da USC.<\/li>\n<li>Maria Jos\u00e9 Pardo Pumar, profesora contratada de Dereito Civil da USC.<\/li>\n<li>Carlos Paz Costas, avogado.<\/li>\n<li>Lotario Vilaboy Lois, coordinador acad\u00e9mico do M\u00e1ster e director da EPX de Santiago.<\/li>\n<li>Mar\u00eda Jes\u00fas Vieito Mayo, avogada.<\/li>\n<li>Waldo Maro\u00f1o Gargallo, avogado e coordinador da materia.<\/li>\n<li>Roberto Soto Sola, maxistrado.<\/li>\n<li>Juan Jos\u00e9 Abeal Rodr\u00edguez , avogado.<\/li>\n<li>Manuel Silva Rodr\u00edguez, avogado.<\/li>\n<li>Jos\u00e9 Manuel Silvosa Tall\u00f3n, secretario xudicial.<\/li>\n<li>Juan C. Carballal Paradela , maxistrado.<\/li>\n<\/ul>\n<h3>\u00a0\u2013 P3341106 \u2013 Pr\u00e1ctica Xur\u00eddica Civil II<\/h3>\n<ul>\n<li>Lourdes Noya Ferreiro, profesora titular de Dereito Procesual da USC.<\/li>\n<li>Bel\u00e9n Trigo Garc\u00eda, profesora contratada doutora de Dereito Civil da USC.<\/li>\n<li>Javier Maseda Rodr\u00edguez, profesor titular de Dereito Internacional Privado da USC.<\/li>\n<li>Mar\u00eda Fern\u00e1ndez Escudero, avogada.<\/li>\n<li>Waldo Maro\u00f1o Gargallo, avogado.<\/li>\n<li>Manuel Franc. Martin Garc\u00eda, avogado.<\/li>\n<li>Ana Rodr\u00edguez \u00c1lvarez, profesora contratada de Dereito Procesual da USC.<\/li>\n<li>Araceli Del Rio Otero, avogada.<\/li>\n<li>Juan Carlos Carballal Paradela, maxistrado do Xulgado de Instruci\u00f3n n\u00fam. 4 de Vigo.<\/li>\n<li>Roberto Soto Sola, maxistrado do Xulgado de Primeira Instancia n\u00fam. 6 de Santiago de Compostela.<\/li>\n<li>Fuencisla Ladron De Cegama, fiscal da Fiscal\u00eda de Santiago de Compostela.<\/li>\n<li>Luz Blanco Vidal, avogada.<\/li>\n<li>Gonzalo Sans Besada, xu\u00edz de Instrucci\u00f3n e Primeira Instancia n\u00ba 2 de Lal\u00edn.<\/li>\n<\/ul>\n<h3>\u00a0\u2013 P3341107 \u2013 Pr\u00e1ctica Xur\u00eddica Mercantil<\/h3>\n<ul>\n<li>Jos\u00e9 Antonio Montero Vilar, avogado e profesor asociado da USC.<\/li>\n<li>Jose Luis Mart\u00ednez-Olivares G\u00f3mez, avogado e coordinador da materia.<\/li>\n<li>Javier Balo Couto, avogado.<\/li>\n<li>Miriam Mart\u00ednez P\u00e9rez, avogada<\/li>\n<li>\u00c1ngel Fern\u00e1ndez-Albor Baltar, catedr\u00e1tico de dereito mercantil da USC.<\/li>\n<li>Carolina Pena Anllo, avogada<\/li>\n<li>Eugenia V\u00e1zquez L\u00f3pez, avogada.<\/li>\n<li>Pablo Geijo Reija, avogado<\/li>\n<li>Jes\u00fas S\u00e1nchez Veiga, avogado<\/li>\n<li>Mar\u00eda Salom\u00e9 Mart\u00ednez Bouzas , maxistrada.<\/li>\n<\/ul>\n<h3>\u00a0\u2013 P3341108 \u2013 Pr\u00e1ctica Xur\u00eddica Laboral I<\/h3>\n<ul>\n<li>Pedro Blanco Lobeiras, avogado, xefe dos Servizos Xur\u00eddicos de UXT-Galicia e coordinador da materia.<\/li>\n<li>Emilio Fern\u00e1ndez De Mata, maxistrado, Sala do Social do Tribunal Superior de Xustiza de Galicia.<\/li>\n<li>Yolanda Maneiro V\u00e1zquez, profesora titular de Dereito do Traballo e Seguridade Social da USC.<\/li>\n<li>Rosa Vila Amarelle, avogada e asesora xur\u00eddica da CIG.<\/li>\n<\/ul>\n<h3>\u00a0\u2013 P3341109 \u2013 Pr\u00e1ctica Xur\u00eddica Laboral II<\/h3>\n<ul>\n<li>Candido Calo Amigo, profesor laboral de Dereito do Traballo e Seguridade Social da USC.<\/li>\n<li>Pedro Blanco Lobeiras, avogado, xefe dos Servizos Xur\u00eddicos de UXT-Galicia e coordinador da materia.<\/li>\n<li>\u00c1ngel Gonz\u00e1lez Quint\u00e1s, letrado da Seguridade Social.<\/li>\n<li>Emilio Fern\u00e1ndez de Mata, maxistrado, Sala do Social do Tribunal Superior de Xustiza de Galicia.<\/li>\n<\/ul>\n<h3>\u00a0\u2013 P3341110 \u2013 Pr\u00e1ctica Xur\u00eddica Administrativo I<\/h3>\n<ul>\n<li>Xos\u00e9 A. Sarmiento Mendez, letrado Oficial Maior do Parlamento de Galicia e profesor de Dereito Administrativo na USC.<\/li>\n<li>Javier S\u00e1nchez-Agustino Mari\u00f1o, avogado e coordinador da materia.<\/li>\n<li>Dolores Rivera Frade, maxistrada do TSXG.<\/li>\n<li>Juan Varela Ferreiro, avogado.<\/li>\n<li>Miguel Formoso Sobrado, letrado da administraci\u00f3n no Xulgado do Contencioso-administrativo n\u00ba 1 de Santiago de Compostela.<\/li>\n<li>Natalia Solar Jimeno, letrada da Xunta de Galicia.<\/li>\n<li>Luis \u00c1lvarez Fern\u00e1ndez, avogado.<\/li>\n<\/ul>\n<h3>\u00a0\u2013 P3341111 \u2013 Pr\u00e1ctica Xur\u00eddica Administrativa II<\/h3>\n<ul>\n<li>Paulo L\u00f3pez Porto, avogado e coordinador da materia.<\/li>\n<li>Ulises B\u00e9rtolo Garc\u00eda, avogado.<\/li>\n<li>Xos\u00e9 Ant\u00f3n Sarmiento M\u00e9ndez, letrado Oficial Maior do Parlamento de Galicia e profesor de Dereito Administrativo na USC.<\/li>\n<li>Yolanda Teixido Infante, xefa do Servizo de Licencias e Disciplina do Concello de A Coru\u00f1a.<\/li>\n<li>Juan Jos\u00e9 Varela Ferreiro, avogado.<\/li>\n<li>Javier Su\u00e1rez Garc\u00eda, avogado do Estado.<\/li>\n<li>Andrea Garrido Juncal, profesora contratada interina de Dereito Administrativo na USC.<\/li>\n<li>Luis Jaime Rodriguez Fern\u00e1ndez, xefe do Servizo de Patrimonio e Contrataci\u00f3n da Deputaci\u00f3n Provincial da Coru\u00f1a.<\/li>\n<li>Miguel Formoso Sobrado, letrado da administraci\u00f3n no Xulgado do Contencioso-administrativo n\u00ba 1 de Santiago de Compostela.<\/li>\n<li>Dolores Rivera Frade, maxistrada do Tribunal Superior de Xustiza de Galicia.<\/li>\n<li>Natalia Solar Jimeno, letrada da Xunta de Galicia.<\/li>\n<li>\u00c1ngel Su\u00e1rez Losada, avogado.<\/li>\n<\/ul>\n<h3>\u00a0\u2013 P3341112 \u2013 Pr\u00e1ctica Xur\u00eddica Penal I<\/h3>\n<ul>\n<li>Fern\u00e1ndo V\u00e1zquez-Portome\u00f1e Seijas, profesor titular da \u00e1rea de Dereito Penal na USC.<\/li>\n<li>Bel\u00e9n Hospido Lobeiras, avogada.<\/li>\n<li>Almudena Vali\u00f1o Ces, profesora contratada da \u00e1rea de Dereito Procesual na USC.<\/li>\n<li>Angeles Catalina Benavente, profesora doutora da \u00e1rea de Dereito Procesual na USC.<\/li>\n<li>Mar Vivero Vizoso, avogada.<\/li>\n<li>Margarita Guill\u00e9n V\u00e1zquez, maxistrada do Xulgado de Instruci\u00f3n n\u00ba 2 de Santiago de Compostela.<\/li>\n<li>Jos\u00e9 G\u00f3mez Rey, maxistrado, secci\u00f3n sexta de Santiago da Audiencia Provincial da Coru\u00f1a.<\/li>\n<li>Aranzazu Sanjos\u00e9 Gonz\u00e1lez, fiscal da Fiscal\u00eda da \u00e1rea de Santiago de Compostela.<\/li>\n<li>Cristina Navares Villar, maxistrada, Audiencia Provincial, secci\u00f3n n\u00ba 4 de Pontevedra.<\/li>\n<li>Antonio Roma Vald\u00e9s, fiscal da Fiscal\u00eda da \u00e1rea de Santiago de Compostela.<\/li>\n<li>Carlos Mart\u00ednez Carrillo, avogado.<\/li>\n<li>Ana Bel\u00e9n Cajoto Berdeal, secretaria do Xulgado Penal n\u00ba 1 de Santiago de Compostela.<\/li>\n<li>Luis Al\u00e1ez Legeren, maxistrado do Xulgado do Penal n\u00ba 1 de Santiago de Compostela.<\/li>\n<li>Raquel \u00c1lvarez Barreiro, fiscal da Fiscal\u00eda da \u00e1rea de Santiago de Compostela.<\/li>\n<\/ul>\n<h3>\u00a0\u2013 P3341113 \u2013 Pr\u00e1ctica Xur\u00eddica Penal II<\/h3>\n<ul>\n<li>Bernardino Varela G\u00f3mez, profesor titular de Dereito Procesual da USC.<\/li>\n<li>Gumersindo Guinarte Cabada, profesor titular de Dereito Penal da USC.<\/li>\n<li>Pablo Varela Castej\u00f3n, fiscal.<\/li>\n<li>Alberto Gonz\u00e1lez-Abraldes, avogado.<\/li>\n<li>Beatriz Alfonso Espi\u00f1eira, xurista do corpo superior de T\u00e9cnicos de Instituci\u00f3ns Penitenciarias.<\/li>\n<li>Ana Reguera Freire, avogada.<\/li>\n<li>Ar\u00e1nzazu San Jose G\u00f3nz\u00e1lez, fiscal da Fiscal\u00eda de Santiago de Compostela.<\/li>\n<li>\u00c1ngeles Catalina Benavente, profesora contratada doutora de dereito procesual da USC.<\/li>\n<li>Patricia L\u00f3pez Arnoso, avogada.<\/li>\n<li>Andr\u00e9s Lago Louro, maxistrado do xulgado de Instruci\u00f3n n\u00ba 3 de Santiago de Compostela.<\/li>\n<li>Susana Pazos M\u00e9ndez, maxistrado do xulgado do Penal n\u00ba 2 de Ourense<\/li>\n<li>Antonio Roma Vald\u00e9s, fiscal da Fiscal\u00eda da \u00e1rea de Santiago de Compostela.<\/li>\n<li>Raquel \u00c1lvarez Barreiro, fiscal da Fiscal\u00eda de Santiago de Compostela.<\/li>\n<li>Margarita Guill\u00e9n V\u00e1zquez, maxistrada do Xulgado de Instrucci\u00f3n n\u00ba 3 de Santiago de Compostela.<\/li>\n<\/ul>\n<h3>\u00a0\u2013 P3341114 \u2013 Pr\u00e1ctica Xur\u00eddica Tributaria, Internac, Const, UE<\/h3>\n<ul>\n<li>Juan Jos\u00e9 Nieto Montero, profesor titular de Dereito financeiro e tributario da USC.<\/li>\n<li>Maria Jes\u00fas Matovelle G\u00f3mez, avogada e coordinadora da materia.<\/li>\n<li>Beatriz Pena Dom\u00ednguez, avogada.<\/li>\n<li>Alicia Mar\u00eda Lorenzo Ucha, avogada.<\/li>\n<li>Santiago Valencia Vila, letrado xefe do Gabinete de Asuntos Constitucionais da Xunta.<\/li>\n<li>Mariano Sierra Rodr\u00edguez, avogado.<\/li>\n<li>Juan Carlos Carballal Paradela, maxistrado do Xulgado de Instruci\u00f3n n\u00ba 4 de Vigo.<\/li>\n<li>Carlos Teijo Garc\u00eda, profesor contratado doutor da \u00e1rea de Dereito internacional p\u00fablico e relaci\u00f3ns internacionais.<\/li>\n<li>Miguel E. Arenas Meza, profesor contratado doutor da \u00e1rea de Dereito internacional p\u00fablico e relaci\u00f3ns internacionais.<\/li>\n<\/ul>\n<p>&nbsp;<\/p>\n<ol>\n<li><strong>B) Pr\u00e1cticas externas<\/strong><\/li>\n<\/ol>\n<p>O ICA de Santiago, a trav\u00e9s da EPX conveniada, e a Comisi\u00f3n Acad\u00e9mica, garantir\u00e1n o cumprimento dos requisitos do per\u00edodo de pr\u00e1cticas establecido no Regulamento de desenvolvemento da Lei de acceso, para todos os estudantes matriculados no M\u00e1ster.<\/p>\n<p><strong>A xesti\u00f3n de todos os cr\u00e9ditos de \u201cpr\u00e1cticas externas\u201d corresponde \u00f3 ICA de Santiago, que os desenvolver\u00e1 e coordinar\u00e1 a trav\u00e9s da EPX<\/strong>. A tal efecto, seleccionar\u00e1 os despachos, administraci\u00f3ns, \u00f3rganos xudiciais, instituci\u00f3ns e entidades onde se realicen, as\u00ed como os titores e colaborares que as dirixan. Determinar\u00e1 o plan detallado, calendario e horario de pr\u00e1cticas e establecer\u00e1 os mecanismos de control precisos para a comprobaci\u00f3n da s\u00faa axeitada realizaci\u00f3n e aproveitamento. Corresponder\u00e1 \u00e1 Comisi\u00f3n Acad\u00e9mica a aprobaci\u00f3n do correspondente plan operativo das \u201cpr\u00e1cticas externas\u201d.<\/p>\n<p>Os titores das \u201cpr\u00e1cticas externas\u201d ser\u00e1n avogados vinculados ao ICA de Santiago, cun exercicio profesional de, alomenos, cinco anos, sen prexu\u00edzo da posible colaboraci\u00f3n doutros profesionais, cando as\u00ed se considere conveniente (en particular, no que se refire as pr\u00e1cticas en administraci\u00f3ns p\u00fablicas e \u00f3rganos xudiciais), a proposta do propio Colexio.<\/p>\n<p>A adxudicaci\u00f3n de destinos dos estudantes para a realizaci\u00f3n do per\u00edodo de pr\u00e1cticas ser\u00e1 realizada pola EPX, por medio do oportuno procedemento aprobado pola Comisi\u00f3n Acad\u00e9mica.<\/p>\n<p>Durante o per\u00edodo de pr\u00e1cticas externas os estudantes contar\u00e1n cun coordinador de pr\u00e1cticas e estar\u00e1n suxeitos \u00e1 duraci\u00f3n, calendario, horario, lugar e actividade que se establezan, aplicaranse con dilixencia \u00e1s tarefas encomendadas, manteranse en contacto co titor e gardar\u00e1n o sixilo sobre as tarefas que estean a realizar durante este per\u00edodo e unha vez este te\u00f1a rematado.<\/p>\n<p>A realizaci\u00f3n das pr\u00e1cticas de formaci\u00f3n por parte dos estudantes non constit\u00fae v\u00ednculo laboral nin contractual de ning\u00fan tipo entre estes e as partes asinantes, ni comportar\u00e1 contraprestaci\u00f3n econ\u00f3mica algunha para o estudantes durante o seu desenvolvemento, no sendo aplicable o Estatuto dos Traballadores.<\/p>\n<p>A EPX conta con mais de corenta despachos profesionais colaboradores. Tam\u00e9n os titulares dos \u00f3rganos xudiciais do partido xudicial de Santiago e doutros partidos da comunidade aut\u00f3noma, a Asesor\u00eda Xur\u00eddica Xeral da Xunta de Galicia e da USC, as\u00ed como diferentes administraci\u00f3ns locais ve\u00f1en colaborando tradicionalmente na impartici\u00f3n do t\u00edtulo propio da Escola ao que substit\u00fae o m\u00e1ster.<\/p>\n<h3><strong>\u2013 P3341117 e P3341118 \u2013 Pr\u00e1ctica Externas en Despachos de Avogados I e II<\/strong><\/h3>\n<ul>\n<li>Abal Lourido, Carlos.\u00a0N\u00ba colexiado: 968 \u2013 ICA Santiago<\/li>\n<li>Alonso de la Pe\u00f1a, Santiago. N\u00ba colexiado: 1.186 \u2013 ICA Santiago<\/li>\n<li>Arceo T\u00fa\u00f1ez, Victor. N\u00ba colexiado: 1.753 \u2013 ICA Santiago<\/li>\n<li>Arnoso Moure, Roc\u00edo. N\u00ba colexiada: 1.860 \u2013 ICA Santiago<\/li>\n<li>Arza Gal\u00e1n, Montserrat. N\u00ba colexiada: 1.770 \u2013 ICA Santiago<\/li>\n<li>Bab\u00edo Arcay, Jos\u00e9 Manuel. N\u00ba colexiado: 831 \u2013 ICA Santiago<\/li>\n<li>B\u00e9rtolo Garc\u00eda, Ulises. N\u00ba colexiado: 1.288 \u2013 ICA Santiago<\/li>\n<li>Blanco Lobeiras, Pedro. N\u00ba colexiado: 1.030 \u2013 ICA Santiago<\/li>\n<li>Bouza L\u00f3pez, Miguel \u00c1ngel. N\u00ba colexiado: 1.968 \u2013 ICA Santiago<\/li>\n<li>Constenla Vega, Javier. N\u00ba de colexiado: 1.876 \u2013 ICA Santiago<\/li>\n<li>Curros Neira, Javier. N\u00ba de colexiado: 1.742 \u2013 ICA Santiago<\/li>\n<li>D\u00edaz Tom\u00e9, Luisa Carlota. N\u00ba colexiada: 2.320 \u2013 ICA Santiago<\/li>\n<li>Ferreira Fern\u00e1ndez, Javier. N\u00ba colexiado: 2.327 \u2013 ICA Santiago<\/li>\n<li>Garc\u00eda Maceira, Juan Carlos. N\u00ba colexiado: 798 \u2013 ICA Santiago<\/li>\n<li>Goldar Soto, Cristina. N\u00ba colexiada: 1.524 \u2013 ICA Santiago<\/li>\n<li>Gonz\u00e1lez-Abraldes Iglesias, Alberto. N\u00ba colexiado: 1.360 \u2013 ICA Santiago<\/li>\n<li>Gonz\u00e1lez Vinagre, Ram\u00f3n. N\u00ba colexiado: 1.389 \u2013 \u00a0ICA Santiago<\/li>\n<li>Guti\u00e9rrez Valerio, Timoteo. N\u00ba colexiado: 1.323 \u2013 ICA Santiago<\/li>\n<li>L\u00f3pez Gonz\u00e1lez, Alejandro \/ Rodr\u00edguez Rey, Carme. N\u00ba de colexiados 1.666\/2.379 \u2013 ICA Santiago<\/li>\n<li>L\u00f3pez Porto, Paulo. N\u00ba colexiado: 1.937 \u2013 ICA Santiago<\/li>\n<li>Losa Garc\u00eda, Mar\u00eda Delfina. N\u00ba colexiada: 1.368 \u2013 ICA Santiago.<\/li>\n<li>Mart\u00edn Garc\u00eda, Manuel N\u00ba colexiado: 1.673 \u2013 ICA Santiago.<\/li>\n<li>Mart\u00ednez-Olivares G\u00f3mez, Jos\u00e9 Luis. N\u00ba colexiado: 1.611 \u2013 ICA Santiago.<\/li>\n<li>Mart\u00ednez Tojo, Jorge Manuel. N\u00ba colexiado: 1.497 \u2013 ICA Santiago.<\/li>\n<li>Matovelle G\u00f3mez, Mar\u00eda Jes\u00fas. N\u00ba colexiada: 726 \u2013 ICA Santiago<\/li>\n<li>M\u00edguez L\u00f3pez, Jos\u00e9 Carlos. N\u00ba colexiado: 1.109 \u2013 ICA Santiago<\/li>\n<li>Montero Vilar, Jos\u00e9 Antonio\/ Rivas Alejandro, Blas Manuel. N\u00ba colexiados 1.128\/ 951 \u2013 ICA Santiago.<\/li>\n<li>Nogueira Pol, Evaristo. N\u00ba colexiado: 882 \u2013 ICA Santiago<\/li>\n<li>N\u00fa\u00f1ez Amor, Iv\u00e1n David. N\u00ba colexiado: 1.926 \u2013 ICA Santiago.<\/li>\n<li>Otero Iglesias, Mar\u00eda Graciela\/ Sabel Iglesias, Ana Bel\u00e9n. N\u00ba de colexiadas: 1.740\/1.738 \u2013 ICA Santiago<\/li>\n<li>Otero Rodr\u00edguez, Laura. N\u00ba de colexiada 1.869 \u2013 ICA Santiago<\/li>\n<li>Otero Schmitt, \u00c1lvaro. N\u00ba colexiado: 1.255 \u2013 ICA Santiago<\/li>\n<li>Oulego Erroz, Jos\u00e9 Ram\u00f3n. N\u00ba colexiado: 1.963 \u2013 ICA Santiago<\/li>\n<li>Pas\u00edn Mato, Mar\u00eda Luisa. N\u00ba colexiada: 1.644 \u2013 ICA Santiago<\/li>\n<li>Pena Dom\u00ednguez, Beatriz. N\u00ba colexiada: 1.656 \u2013 ICA Santiago<\/li>\n<li>Pensado V\u00e1zquez, Bernardo. N\u00ba colexiado: 892<\/li>\n<li>Pi\u00f1eiro Gonz\u00e1lez, Jos\u00e9 Manuel. N\u00ba colexiado: 1.657<\/li>\n<li>Prado del R\u00edo, Luciano. N\u00ba colexiado: 1.674<\/li>\n<li>Quintenla Miramontes, Ram\u00f3n. N\u00ba colexiado: 765<\/li>\n<li>R\u00edo Otero, Araceli Del. N\u00ba colexiada: 1.177<\/li>\n<li>Rivas Romero, Ubaldo. N\u00ba colexiado: 1.012<\/li>\n<li>R\u00faa Mart\u00ednez, C\u00e9sar. N\u00ba colexiado: 568<\/li>\n<li>Ruiz Permuy, Antonio. N\u00ba colexiado: 615<\/li>\n<li>S\u00e1nchez-Agustino Mari\u00f1o, Javier. N\u00ba colexiado: 1.314<\/li>\n<li>Sierra Rodr\u00edguez, Mariano. N\u00ba colexiado: 1484<\/li>\n<li>Silva Constenla, Manuel. N\u00ba colexiado: 1.333<\/li>\n<li>Ucha Sobral, Noem\u00ed. N\u00ba colexiado: 936<\/li>\n<li>Varela Meizoso, Ana Mar\u00eda. N\u00ba colexiado: 1.091<\/li>\n<li>Vieito Mayo, Mar\u00eda Jes\u00fas. N\u00ba colexiado: 1.348<\/li>\n<li>Viqueira Nouche, Fernando. N\u00ba colexiado: 1.882<\/li>\n<li>Vivero Vizoso, Mar. N\u00ba colexiado: 1.000<\/li>\n<\/ul>\n<p>[\/et_pb_text][\/et_pb_column][\/et_pb_row][\/et_pb_section]<\/p>\n","protected":false},"excerpt":{"rendered":"<p>M\u00e1ster oficial en Avogac\u00eda 2015-2017 A) Curso de formaci\u00f3n A Lei 34\/2006 establece, no seu art. 4.3\u00ba, que nos \u201ccursos de formaci\u00f3n\u201d para avogados deber\u00e1 garantirse \u201ca presenza da metade, alomenos, de profesionais colexiados exercentes. De conformidade con dita lei e co establecido no seu Regulamento de desenvolvemento, o profesorado do \u201ccurso de formaci\u00f3n\u201d do [&hellip;]<\/p>\n","protected":false},"author":1,"featured_media":0,"parent":2336,"menu_order":9,"comment_status":"closed","ping_status":"closed","template":"","meta":{"_et_pb_use_builder":"on","_et_pb_old_content":"","_et_gb_content_width":"","footnotes":""},"class_list":["post-1999","page","type-page","status-publish","hentry"],"_links":{"self":[{"href":"https:\/\/epxsantiago.org\/index.php\/wp-json\/wp\/v2\/pages\/1999","targetHints":{"allow":["GET"]}}],"collection":[{"href":"https:\/\/epxsantiago.org\/index.php\/wp-json\/wp\/v2\/pages"}],"about":[{"href":"https:\/\/epxsantiago.org\/index.php\/wp-json\/wp\/v2\/types\/page"}],"author":[{"embeddable":true,"href":"https:\/\/epxsantiago.org\/index.php\/wp-json\/wp\/v2\/users\/1"}],"replies":[{"embeddable":true,"href":"https:\/\/epxsantiago.org\/index.php\/wp-json\/wp\/v2\/comments?post=1999"}],"version-history":[{"count":1,"href":"https:\/\/epxsantiago.org\/index.php\/wp-json\/wp\/v2\/pages\/1999\/revisions"}],"predecessor-version":[{"id":2000,"href":"https:\/\/epxsantiago.org\/index.php\/wp-json\/wp\/v2\/pages\/1999\/revisions\/2000"}],"up":[{"embeddable":true,"href":"https:\/\/epxsantiago.org\/index.php\/wp-json\/wp\/v2\/pages\/2336"}],"wp:attachment":[{"href":"https:\/\/epxsantiago.org\/index.php\/wp-json\/wp\/v2\/media?parent=1999"}],"curies":[{"name":"wp","href":"https:\/\/api.w.org\/{rel}","templated":true}]}}