{"id":2639,"date":"2018-06-14T14:39:19","date_gmt":"2018-06-14T14:39:19","guid":{"rendered":"http:\/\/epxsantiago.org\/?page_id=2639"},"modified":"2018-06-14T14:39:19","modified_gmt":"2018-06-14T14:39:19","slug":"organos-de-goberno","status":"publish","type":"page","link":"https:\/\/epxsantiago.org\/index.php\/mua-2018-2020\/organos-de-goberno","title":{"rendered":"\u00d3RGANOS DE GOBERNO"},"content":{"rendered":"<p>[et_pb_section admin_label=\u00bbSecci\u00f3n\u00bb bb_built=\u00bb1&#8243; fullwidth=\u00bbon\u00bb specialty=\u00bboff\u00bb][et_pb_fullwidth_image admin_label=\u00bbImagen de anchura completa\u00bb src=\u00bbhttp:\/\/epxsantiago.org\/wp-content\/uploads\/2017\/04\/DSC_9643-e1491402417374.jpg\u00bb show_in_lightbox=\u00bboff\u00bb url_new_window=\u00bboff\u00bb use_overlay=\u00bboff\u00bb animation=\u00bbleft\u00bb use_border_color=\u00bboff\u00bb border_color=\u00bb#ffffff\u00bb border_style=\u00bbsolid\u00bb] [\/et_pb_fullwidth_image][\/et_pb_section][et_pb_section admin_label=\u00bbSecci\u00f3n\u00bb bb_built=\u00bb1&#8243; fullwidth=\u00bboff\u00bb specialty=\u00bboff\u00bb transparent_background=\u00bboff\u00bb allow_player_pause=\u00bboff\u00bb inner_shadow=\u00bboff\u00bb parallax=\u00bboff\u00bb parallax_method=\u00bbon\u00bb custom_padding=\u00bb0px|||\u00bb make_fullwidth=\u00bboff\u00bb use_custom_width=\u00bboff\u00bb width_unit=\u00bbon\u00bb make_equal=\u00bboff\u00bb use_custom_gutter=\u00bboff\u00bb][et_pb_row admin_label=\u00bbFila\u00bb make_fullwidth=\u00bboff\u00bb use_custom_width=\u00bboff\u00bb width_unit=\u00bbon\u00bb use_custom_gutter=\u00bboff\u00bb custom_padding=\u00bb20px||0px|\u00bb allow_player_pause=\u00bboff\u00bb parallax=\u00bboff\u00bb parallax_method=\u00bbon\u00bb make_equal=\u00bboff\u00bb parallax_1=\u00bboff\u00bb parallax_method_1=\u00bboff\u00bb parallax_2=\u00bboff\u00bb parallax_method_2=\u00bboff\u00bb][et_pb_column type=\u00bb1_4&#8243;][\/et_pb_column][et_pb_column type=\u00bb3_4&#8243;][et_pb_text admin_label=\u00bbTexto\u00bb background_layout=\u00bblight\u00bb text_orientation=\u00bbcenter\u00bb use_border_color=\u00bboff\u00bb border_color=\u00bb#ffffff\u00bb border_style=\u00bbsolid\u00bb]<\/p>\n<h1>M\u00e1ster oficial en Avogac\u00eda 2018-2020<\/h1>\n<p>[\/et_pb_text][et_pb_post_title admin_label=\u00bbT\u00edtulo de pagina\u00bb title=\u00bbon\u00bb meta=\u00bboff\u00bb author=\u00bbon\u00bb date=\u00bbon\u00bb categories=\u00bbon\u00bb comments=\u00bbon\u00bb featured_image=\u00bboff\u00bb featured_placement=\u00bbbelow\u00bb parallax_effect=\u00bboff\u00bb parallax_method=\u00bbon\u00bb text_orientation=\u00bbcenter\u00bb text_color=\u00bbdark\u00bb text_background=\u00bboff\u00bb text_bg_color=\u00bbrgba(255,255,255,0.9)\u00bb use_border_color=\u00bboff\u00bb border_color=\u00bb#ffffff\u00bb border_style=\u00bbsolid\u00bb title_font_size=\u00bb22px\u00bb custom_margin=\u00bb||0px|\u00bb custom_padding=\u00bb||0px|\u00bb] [\/et_pb_post_title][\/et_pb_column][\/et_pb_row][\/et_pb_section][et_pb_section admin_label=\u00bbSecci\u00f3n\u00bb bb_built=\u00bb1&#8243; fullwidth=\u00bboff\u00bb specialty=\u00bboff\u00bb transparent_background=\u00bboff\u00bb allow_player_pause=\u00bboff\u00bb inner_shadow=\u00bboff\u00bb parallax=\u00bboff\u00bb parallax_method=\u00bbon\u00bb custom_padding=\u00bb0px|||\u00bb make_fullwidth=\u00bboff\u00bb use_custom_width=\u00bboff\u00bb width_unit=\u00bbon\u00bb make_equal=\u00bboff\u00bb use_custom_gutter=\u00bboff\u00bb][et_pb_row admin_label=\u00bbFila\u00bb make_fullwidth=\u00bboff\u00bb use_custom_width=\u00bboff\u00bb width_unit=\u00bbon\u00bb use_custom_gutter=\u00bboff\u00bb custom_padding=\u00bb||0px|\u00bb custom_margin=\u00bb||0px|\u00bb allow_player_pause=\u00bboff\u00bb parallax=\u00bboff\u00bb parallax_method=\u00bbon\u00bb make_equal=\u00bboff\u00bb parallax_1=\u00bboff\u00bb parallax_method_1=\u00bboff\u00bb padding_bottom_1=\u00bb0px\u00bb parallax_2=\u00bboff\u00bb parallax_method_2=\u00bboff\u00bb][et_pb_column type=\u00bb1_4&#8243;][et_pb_sidebar admin_label=\u00bbBarra lateral\u00bb orientation=\u00bbleft\u00bb area=\u00bbet_pb_widget_area_15&#8243; background_layout=\u00bblight\u00bb remove_border=\u00bboff\u00bb] [\/et_pb_sidebar][\/et_pb_column][et_pb_column type=\u00bb3_4&#8243;][et_pb_text admin_label=\u00bbTexto\u00bb global_parent=\u00bb824&#8243; background_layout=\u00bblight\u00bb text_orientation=\u00bbjustified\u00bb use_border_color=\u00bboff\u00bb border_color=\u00bb#ffffff\u00bb border_style=\u00bbsolid\u00bb]<\/p>\n<h3>Comisi\u00f3n de Direcci\u00f3n<\/h3>\n<p>Os membros da <strong>Comisi\u00f3n de Direcci\u00f3n<\/strong> do M\u00e1ster universitario en Avogac\u00eda para o campus de Santiago son:<\/p>\n<ul>\n<li><strong>D. Francisco Jos\u00e9 Rabu\u00f1al Mosquera<\/strong>: Decano do Ilustre Colexio de Avogados de Santiago de Compostela e presidente da Comisi\u00f3n de Direcci\u00f3n<\/li>\n<li><strong>D. Gumersindo Guinarte Cabada:<\/strong> Decano da Facultade de Dereito<\/li>\n<li><strong>D. Lotario Vilaboy Lois:<\/strong> Coordinador universitario da titulaci\u00f3n e Director da Escola de Pr\u00e1ctica Xur\u00eddica de Santiago de Compostela.<\/li>\n<li><strong>D. Jes\u00fas Waldo Maro\u00f1o Gargallo:<\/strong> Coordinador profesional da titulaci\u00f3n e secretario da Escola de Pr\u00e1ctica Xur\u00eddica de Santiago de Compostela<\/li>\n<\/ul>\n<h3>Comisi\u00f3n Acad\u00e9mica<\/h3>\n<p>Os membros da <strong>Comisi\u00f3n Acad\u00e9mica<\/strong> do M\u00e1ster universitario en Avogac\u00eda para o campus de Santiago son:<\/p>\n<h4>Pola USC:<\/h4>\n<ul>\n<li><strong>D. Gumersindo Guinarte Cabada<\/strong>: Decano da Facultade de Dereito e Presidente da Comisi\u00f3n Acad\u00e9mica<\/li>\n<li><strong>D. Lotario Vilaboy Lois<\/strong>: Director da Escola de Pr\u00e1ctica Xur\u00eddica de Santiago de Compostela, secretario da Comisi\u00f3n Acad\u00e9mica e coordinador acad\u00e9mico da titulaci\u00f3n na Universidade de Santiago.<\/li>\n<li><strong>D\u00aa Antonia Nieto Alonso<\/strong>: Profesora titular de Dereito Civil da USC.<\/li>\n<li><strong>D. Antonio Javier Ferreira Fern\u00e1ndez<\/strong>: Profesor titular de Dereito Administrativo da USC.<\/li>\n<\/ul>\n<h4>Polo ICA de Santiago:<\/h4>\n<ul>\n<li><strong>D. Francisco Jos\u00e9 Rabu\u00f1al Mosquera<\/strong>: Decano do Ilustre Colexio de Avogados de Santiago de Compostela<\/li>\n<li><strong>D. Ram\u00f3n Quintela Miramontes<\/strong>: Avogado e membro da xunta de goberno do ICA<\/li>\n<li><strong>D\u00aa Mar\u00eda Jes\u00fas Vieito Mayo<\/strong>: Avogada e membro da xunta de goberno do ICA<\/li>\n<li><strong>D. Jes\u00fas Waldo Maro\u00f1o Gargallo<\/strong>: Avogado e secretario da Escola de Pr\u00e1ctica Xur\u00eddica de Santiago de Compostela<\/li>\n<\/ul>\n<h3><\/h3>\n<h3>Coordinaci\u00f3n acad\u00e9mica\u00a0 e profesional<\/h3>\n<h4>Coordinador Acad\u00e9mico:<\/h4>\n<ul>\n<li><strong>D. Lotario Vilaboy Lois:\u00a0<\/strong>Director da Escola de Pr\u00e1ctica Xur\u00eddica de Santiago de Compostela, secretario da Comisi\u00f3n Acad\u00e9mica e coordinador acad\u00e9mico da titulaci\u00f3n na Universidade de Santiago.<\/li>\n<\/ul>\n<h4>Coordinador Profesional:<\/h4>\n<ul>\n<li><strong>D. Jes\u00fas Waldo Maro\u00f1o Gargallo:<\/strong>\u00a0Avogado e secretario da Escola de Pr\u00e1ctica Xur\u00eddica<\/li>\n<\/ul>\n<h3>Coordinadores \u00a0materias<\/h3>\n<p>Nas materias en que imparten docencia profesores universitarios e non universitarios, hai nomeada unha Comisi\u00f3n de Coordinaci\u00f3n por cada materia do \u201ccurso de formaci\u00f3n\u201d, integrada por dous representantes, un designado polo Colexio de Avogados e outro pola USC; nomeamentos que recaen en profesores da materia correspondente.<\/p>\n<h3>Comisi\u00f3n de seguimiento convenio<\/h3>\n<p>A comisi\u00f3n de seguimento est\u00e1 conformada por dous representantes designados por cada unha das instituci\u00f3ns asinantes, Universidade de Santiago de Compostela e o Ilustre Colexio de Avogados de Santiago, que se encargar\u00e1 de interpretalo, resolver \u00e1s d\u00fabidas e incidencias que se poidan producir, podendo en tal car\u00e1cter elevar informes e propostas aos \u00f3rganos reitores das instituci\u00f3ns asinantes.<\/p>\n<p>[\/et_pb_text][\/et_pb_column][\/et_pb_row][\/et_pb_section]<\/p>\n","protected":false},"excerpt":{"rendered":"<p>M\u00e1ster oficial en Avogac\u00eda 2018-2020 Comisi\u00f3n de Direcci\u00f3n Os membros da Comisi\u00f3n de Direcci\u00f3n do M\u00e1ster universitario en Avogac\u00eda para o campus de Santiago son: D. Francisco Jos\u00e9 Rabu\u00f1al Mosquera: Decano do Ilustre Colexio de Avogados de Santiago de Compostela e presidente da Comisi\u00f3n de Direcci\u00f3n D. Gumersindo Guinarte Cabada: Decano da Facultade de Dereito [&hellip;]<\/p>\n","protected":false},"author":1,"featured_media":0,"parent":2608,"menu_order":5,"comment_status":"closed","ping_status":"closed","template":"","meta":{"_et_pb_use_builder":"on","_et_pb_old_content":"","_et_gb_content_width":"","footnotes":""},"class_list":["post-2639","page","type-page","status-publish","hentry"],"_links":{"self":[{"href":"https:\/\/epxsantiago.org\/index.php\/wp-json\/wp\/v2\/pages\/2639","targetHints":{"allow":["GET"]}}],"collection":[{"href":"https:\/\/epxsantiago.org\/index.php\/wp-json\/wp\/v2\/pages"}],"about":[{"href":"https:\/\/epxsantiago.org\/index.php\/wp-json\/wp\/v2\/types\/page"}],"author":[{"embeddable":true,"href":"https:\/\/epxsantiago.org\/index.php\/wp-json\/wp\/v2\/users\/1"}],"replies":[{"embeddable":true,"href":"https:\/\/epxsantiago.org\/index.php\/wp-json\/wp\/v2\/comments?post=2639"}],"version-history":[{"count":1,"href":"https:\/\/epxsantiago.org\/index.php\/wp-json\/wp\/v2\/pages\/2639\/revisions"}],"predecessor-version":[{"id":2640,"href":"https:\/\/epxsantiago.org\/index.php\/wp-json\/wp\/v2\/pages\/2639\/revisions\/2640"}],"up":[{"embeddable":true,"href":"https:\/\/epxsantiago.org\/index.php\/wp-json\/wp\/v2\/pages\/2608"}],"wp:attachment":[{"href":"https:\/\/epxsantiago.org\/index.php\/wp-json\/wp\/v2\/media?parent=2639"}],"curies":[{"name":"wp","href":"https:\/\/api.w.org\/{rel}","templated":true}]}}