{"id":2763,"date":"2018-06-15T14:08:39","date_gmt":"2018-06-15T14:08:39","guid":{"rendered":"http:\/\/epxsantiago.org\/?page_id=2763"},"modified":"2020-07-15T09:53:36","modified_gmt":"2020-07-15T09:53:36","slug":"exame-de-acceso","status":"publish","type":"page","link":"https:\/\/epxsantiago.org\/index.php\/mua-2018-2020\/exame-de-acceso","title":{"rendered":"EXAME DE ACCESO"},"content":{"rendered":"<p>[et_pb_section fb_built=\u00bb1&#8243; fullwidth=\u00bbon\u00bb admin_label=\u00bbSecci\u00f3n\u00bb _builder_version=\u00bb3.22&#8243;][et_pb_fullwidth_image src=\u00bbhttp:\/\/epxsantiago.org\/wp-content\/uploads\/2017\/04\/DSC_9643-e1491402417374.jpg\u00bb admin_label=\u00bbImagen de anchura completa\u00bb _builder_version=\u00bb3.0.87&#8243; animation_style=\u00bbslide\u00bb animation_direction=\u00bbleft\u00bb animation_duration=\u00bb500ms\u00bb animation_intensity_slide=\u00bb10%\u00bb animation=\u00bbleft\u00bb use_border_color=\u00bboff\u00bb border_color=\u00bb#ffffff\u00bb border_style=\u00bbsolid\u00bb] [\/et_pb_fullwidth_image][\/et_pb_section][et_pb_section fb_built=\u00bb1&#8243; admin_label=\u00bbSecci\u00f3n\u00bb _builder_version=\u00bb3.22&#8243; custom_padding=\u00bb0px|||\u00bb transparent_background=\u00bboff\u00bb make_fullwidth=\u00bboff\u00bb use_custom_width=\u00bboff\u00bb width_unit=\u00bbon\u00bb][et_pb_row column_structure=\u00bb1_4,3_4&#8243; admin_label=\u00bbFila\u00bb _builder_version=\u00bb3.25&#8243; background_size=\u00bbinitial\u00bb background_position=\u00bbtop_left\u00bb background_repeat=\u00bbrepeat\u00bb custom_padding=\u00bb20px||0px|\u00bb make_fullwidth=\u00bboff\u00bb use_custom_width=\u00bboff\u00bb width_unit=\u00bbon\u00bb][et_pb_column type=\u00bb1_4&#8243; _builder_version=\u00bb3.25&#8243; custom_padding=\u00bb|||\u00bb custom_padding__hover=\u00bb|||\u00bb][\/et_pb_column][et_pb_column type=\u00bb3_4&#8243; _builder_version=\u00bb3.25&#8243; custom_padding=\u00bb|||\u00bb custom_padding__hover=\u00bb|||\u00bb][et_pb_text admin_label=\u00bbTexto\u00bb _builder_version=\u00bb3.27.4&#8243; background_size=\u00bbinitial\u00bb background_position=\u00bbtop_left\u00bb background_repeat=\u00bbrepeat\u00bb text_orientation=\u00bbcenter\u00bb module_alignment=\u00bbcenter\u00bb use_border_color=\u00bboff\u00bb border_color=\u00bb#ffffff\u00bb border_style=\u00bbsolid\u00bb]<\/p>\n<h1>M\u00e1ster oficial en Avogac\u00eda 2018-2020<\/h1>\n<p>[\/et_pb_text][et_pb_post_title meta=\u00bboff\u00bb featured_image=\u00bboff\u00bb admin_label=\u00bbT\u00edtulo de pagina\u00bb _builder_version=\u00bb3.0.87&#8243; title_font_size=\u00bb22px\u00bb text_orientation=\u00bbcenter\u00bb custom_margin=\u00bb||0px|\u00bb custom_padding=\u00bb||0px|\u00bb use_border_color=\u00bboff\u00bb border_color=\u00bb#ffffff\u00bb border_style=\u00bbsolid\u00bb parallax_effect=\u00bboff\u00bb] [\/et_pb_post_title][\/et_pb_column][\/et_pb_row][\/et_pb_section][et_pb_section fb_built=\u00bb1&#8243; admin_label=\u00bbSecci\u00f3n\u00bb _builder_version=\u00bb3.22&#8243; custom_padding=\u00bb0px|||\u00bb transparent_background=\u00bboff\u00bb make_fullwidth=\u00bboff\u00bb use_custom_width=\u00bboff\u00bb width_unit=\u00bbon\u00bb][et_pb_row column_structure=\u00bb1_4,3_4&#8243; admin_label=\u00bbFila\u00bb _builder_version=\u00bb3.25&#8243; background_size=\u00bbinitial\u00bb background_position=\u00bbtop_left\u00bb background_repeat=\u00bbrepeat\u00bb custom_margin=\u00bb||0px|\u00bb custom_padding=\u00bb||0px|\u00bb make_fullwidth=\u00bboff\u00bb use_custom_width=\u00bboff\u00bb width_unit=\u00bbon\u00bb][et_pb_column type=\u00bb1_4&#8243; _builder_version=\u00bb3.25&#8243; custom_padding=\u00bb||0px|\u00bb custom_padding__hover=\u00bb|||\u00bb][et_pb_sidebar area=\u00bbet_pb_widget_area_15&#8243; admin_label=\u00bbBarra lateral\u00bb _builder_version=\u00bb3.0.74&#8243; remove_border=\u00bboff\u00bb] [\/et_pb_sidebar][\/et_pb_column][et_pb_column type=\u00bb3_4&#8243; _builder_version=\u00bb3.25&#8243; custom_padding=\u00bb|||\u00bb custom_padding__hover=\u00bb|||\u00bb][et_pb_text admin_label=\u00bbTexto\u00bb _builder_version=\u00bb4.1&#8243; background_size=\u00bbinitial\u00bb background_position=\u00bbtop_left\u00bb background_repeat=\u00bbrepeat\u00bb text_orientation=\u00bbjustified\u00bb hover_enabled=\u00bb0&#8243; use_border_color=\u00bboff\u00bb border_color=\u00bb#ffffff\u00bb border_style=\u00bbsolid\u00bb]<\/p>\n<p><strong><u>PROBAS DE ACCESO \u00c1 AVOGAC\u00cdA 2020<\/u><\/strong><\/p>\n<p style=\"text-align: justify;\">O d\u00eda 4 de xullo de 2020 celebrouse o primeiro exame de acceso \u00e1 Avogac\u00eda en formato online debido \u00e1s circunstancias sanitarias.<\/p>\n<p style=\"text-align: justify;\">Dende o 6 de xullo de 2020 est\u00e1 dispo\u00f1ible na plataforma da UNED e na web do Ministerio de Xustiza a <strong>plantilla das preguntas coas respostas provisionais<\/strong>. Pode acceder \u00e1s mesmas a trav\u00e9s da seguinte ligaz\u00f3n: <a href=\"https:\/\/www.mjusticia.gob.es\/cs\/Satellite\/Portal\/es\/servicios-ciudadano\/tramites-gestiones-personales\/acceso-profesion-abogado\">https:\/\/www.mjusticia.gob.es\/cs\/Satellite\/Portal\/es\/servicios-ciudadano\/tramites-gestiones-personales\/acceso-profesion-abogado <\/a><\/p>\n<p style=\"text-align: justify;\">Estas plantillas, dispo\u00f1ibles nos distintos idiomas cooficiais, conte\u00f1en as respostas correctas resaltadas coa cor vermella. Os aspirantes te\u00f1en un prazo de 5 d\u00edas h\u00e1biles, a contar dende o d\u00eda seguinte da s\u00faa publicaci\u00f3n, para poder presentar as impugnaci\u00f3ns que estimen oportunas respecto \u00e1 formulaci\u00f3n das preguntas e das correspondientes respostas correctas. Para isto ser\u00e1 necesario cumplimentar unicamente o modelo de solicitude de impugnaci\u00f3n que figura na p\u00e1xina web da Abogac\u00eda Espa\u00f1ola e remitilo \u00e1 seguinte direcci\u00f3n: <a href=\"acceso.abogacia@mjusticia.es\">acceso.abogacia@mjusticia.es<\/a><\/p>\n<p>Para m\u00e1is informaci\u00f3n acerca das impugnaci\u00f3ns e a s\u00faa resoluci\u00f3n:\u00a0<a href=\"https:\/\/www.abogacia.es\/actualidad\/noticias\/publicadas-las-plantillas-del-examen-de-acceso-a-la-abogacia\/\">https:\/\/www.abogacia.es\/actualidad\/noticias\/publicadas-las-plantillas-del-examen-de-acceso-a-la-abogacia\/<\/a><\/p>\n<hr \/>\n<p><strong>O s\u00e1bado 4 de xullo de 2020 ter\u00e1 lugar a celebraci\u00f3n do exame de acceso \u00e1 Avogac\u00eda, correspondente \u00e1 primeira convocatoria de 2020. A proba ser\u00e1 en li\u00f1a e levarase a cabo de forma s\u00edncrona en todo o territorio nacional. \u00a0A EPX programar\u00e1 sesi\u00f3n de apoio para a preparaci\u00f3n da proba polo alumnado do MUA (15-19 xu\u00f1o).<\/strong><\/p>\n<p>Como se comunicou oportunamente pola Escola de Pr\u00e1ctica Xur\u00eddica de Santiago ao alumnado do M\u00e1ster universitario en Avogac\u00eda impartido pola USC e o ICA Santiago (en colaboraci\u00f3n coa EPX), a celebraci\u00f3n da proba de avaliaci\u00f3n de aptitude profesional para o exercicio da profesi\u00f3n de Avogado para o ano 2020, que fora convocada para o \u00a0d\u00eda 28 de marzo de 2020 polo Ministerio de Xustiza, suspendeuse\u00a0<em>sine die<\/em>\u00a0por Resoluci\u00f3n de 10 de marzo de 2020, da Direcci\u00f3n Xeral para o Servizo P\u00fablico de Xustiza.<\/p>\n<p>Con data 5 de maio de 2020 o Ministerio de Xustiza publicou unha nota de prensa na que informa da celebraci\u00f3n do exame de acceso \u00e1 Avogac\u00eda, correspondente \u00e1 primeira convocatoria de 2020, o s\u00e1bado 4 de xullo e de forma\u00a0<em>online<\/em>, grazas ao acordo que asinar\u00e1 o Ministerio de Xustiza coa UNED que ofrecer\u00e1 a plataforma e o soporte tecnol\u00f3xico necesario. A proba levarase a cabo de forma s\u00edncrona en todo o territorio nacional.<\/p>\n<p>Para axudar ao alumnado do MUA (2018\/2020) a preparar a proba de acceso \u00e1 Avogac\u00eda, a Escola de Pr\u00e1ctica Xur\u00eddica de Santiago programar\u00e1 sesi\u00f3ns de apoio \u00e1 preparaci\u00f3n por especialidades xur\u00eddicas, das que se informar\u00e1 oportunamente ao alumnado. Ditas sesi\u00f3ns ter\u00e1n lugar durante a semana do 15 ao 19 de xu\u00f1o, a trav\u00e9s da plataforma Microsoft Teams, de non ser posible presencialmente.<\/p>\n<p>Os detalles da convocatoria e desenvolvemento da proba ser\u00e1n informados polo Ministerio de Xustiza a trav\u00e9s da s\u00faa p\u00e1xina web:<\/p>\n<p><a href=\"https:\/\/www.mjusticia.gob.es\/cs\/Satellite\/Portal\/es\/servicios-ciudadano\/tramites-gestiones-personales\/acceso-profesion-abogado\">https:\/\/www.mjusticia.gob.es\/cs\/Satellite\/Portal\/es\/servicios-ciudadano\/tramites-gestiones-personales\/acceso-profesion-abogado<\/a><\/p>\n<p>&nbsp;<\/p>\n<hr \/>\n<p>&nbsp;<\/p>\n<p><strong>PRIMEIRA CONVOCATORIA PARA O EXAME DE ACCESO \u00c1 AVOGAC\u00cdA 2020<\/strong><\/p>\n<p><strong>Convocatoria BOE: <a href=\"https:\/\/www.boe.es\/diario_boe\/txt.php?id=BOE-A-2019-18661\">https:\/\/www.boe.es\/diario_boe\/txt.php?id=BOE-A-2019-18661<\/a><\/strong><\/p>\n<p style=\"text-align: justify;\">Informamos de que o d\u00eda 28 de decembro de 2019 saiu publicada a\u00a0<strong>convocatoria da primeira proba <\/strong>de avaliaci\u00f3n de aptitude profesional para o exercicio da profesi\u00f3n de avogado para o ano 2020.<\/p>\n<p style=\"text-align: justify;\">O prazo de presentaci\u00f3n de solicitudes de inscripci\u00f3n na avaliaci\u00f3n ser\u00e1 de\u00a0<strong><u>quince d\u00edas h\u00e1biles<\/u>, contados a partir do d\u00eda seguinte ao de publicaci\u00f3n desta convocatoria<\/strong>\u00a0no \u00abBolet\u00edn Oficial del Estado\u00bb A non presentaci\u00f3n da solicitude de inscripci\u00f3n en tempo e forma ser\u00e1 causa de exclusi\u00f3n do aspirante.<\/p>\n<p>[\/et_pb_text][\/et_pb_column][\/et_pb_row][\/et_pb_section]<\/p>\n","protected":false},"excerpt":{"rendered":"<p>M\u00e1ster oficial en Avogac\u00eda 2018-2020 PROBAS DE ACCESO \u00c1 AVOGAC\u00cdA 2020 O d\u00eda 4 de xullo de 2020 celebrouse o primeiro exame de acceso \u00e1 Avogac\u00eda en formato online debido \u00e1s circunstancias sanitarias. Dende o 6 de xullo de 2020 est\u00e1 dispo\u00f1ible na plataforma da UNED e na web do Ministerio de Xustiza a plantilla [&hellip;]<\/p>\n","protected":false},"author":1,"featured_media":0,"parent":2608,"menu_order":18,"comment_status":"closed","ping_status":"closed","template":"","meta":{"_et_pb_use_builder":"on","_et_pb_old_content":"","_et_gb_content_width":"","footnotes":""},"class_list":["post-2763","page","type-page","status-publish","hentry"],"_links":{"self":[{"href":"https:\/\/epxsantiago.org\/index.php\/wp-json\/wp\/v2\/pages\/2763","targetHints":{"allow":["GET"]}}],"collection":[{"href":"https:\/\/epxsantiago.org\/index.php\/wp-json\/wp\/v2\/pages"}],"about":[{"href":"https:\/\/epxsantiago.org\/index.php\/wp-json\/wp\/v2\/types\/page"}],"author":[{"embeddable":true,"href":"https:\/\/epxsantiago.org\/index.php\/wp-json\/wp\/v2\/users\/1"}],"replies":[{"embeddable":true,"href":"https:\/\/epxsantiago.org\/index.php\/wp-json\/wp\/v2\/comments?post=2763"}],"version-history":[{"count":7,"href":"https:\/\/epxsantiago.org\/index.php\/wp-json\/wp\/v2\/pages\/2763\/revisions"}],"predecessor-version":[{"id":4208,"href":"https:\/\/epxsantiago.org\/index.php\/wp-json\/wp\/v2\/pages\/2763\/revisions\/4208"}],"up":[{"embeddable":true,"href":"https:\/\/epxsantiago.org\/index.php\/wp-json\/wp\/v2\/pages\/2608"}],"wp:attachment":[{"href":"https:\/\/epxsantiago.org\/index.php\/wp-json\/wp\/v2\/media?parent=2763"}],"curies":[{"name":"wp","href":"https:\/\/api.w.org\/{rel}","templated":true}]}}