{"id":5447,"date":"2022-03-22T19:19:43","date_gmt":"2022-03-22T19:19:43","guid":{"rendered":"http:\/\/epxsantiago.org\/?page_id=5447"},"modified":"2023-01-31T19:13:19","modified_gmt":"2023-01-31T19:13:19","slug":"p-e-admon-publicas","status":"publish","type":"page","link":"https:\/\/epxsantiago.org\/index.php\/mua-2020-2022\/p-e-admon-publicas","title":{"rendered":"P.E. Admon. P\u00fablicas"},"content":{"rendered":"<p>[et_pb_section fb_built=\u00bb1&#8243; fullwidth=\u00bbon\u00bb admin_label=\u00bbSecci\u00f3n\u00bb _builder_version=\u00bb3.22&#8243;][et_pb_fullwidth_image src=\u00bbhttp:\/\/epxsantiago.org\/wp-content\/uploads\/2017\/04\/DSC_9643-e1491402417374.jpg\u00bb admin_label=\u00bbImagen de anchura completa\u00bb _builder_version=\u00bb3.0.87&#8243; animation_style=\u00bbslide\u00bb animation_direction=\u00bbleft\u00bb animation_duration=\u00bb500ms\u00bb animation_intensity_slide=\u00bb10%\u00bb animation=\u00bbleft\u00bb use_border_color=\u00bboff\u00bb border_color=\u00bb#ffffff\u00bb border_style=\u00bbsolid\u00bb] [\/et_pb_fullwidth_image][\/et_pb_section][et_pb_section fb_built=\u00bb1&#8243; admin_label=\u00bbSecci\u00f3n\u00bb _builder_version=\u00bb3.22&#8243; custom_padding=\u00bb0px|||\u00bb transparent_background=\u00bboff\u00bb make_fullwidth=\u00bboff\u00bb use_custom_width=\u00bboff\u00bb width_unit=\u00bbon\u00bb][et_pb_row column_structure=\u00bb1_4,3_4&#8243; admin_label=\u00bbFila\u00bb _builder_version=\u00bb3.25&#8243; background_size=\u00bbinitial\u00bb background_position=\u00bbtop_left\u00bb background_repeat=\u00bbrepeat\u00bb custom_padding=\u00bb20px||0px|\u00bb make_fullwidth=\u00bboff\u00bb use_custom_width=\u00bboff\u00bb width_unit=\u00bbon\u00bb][et_pb_column type=\u00bb1_4&#8243; _builder_version=\u00bb3.25&#8243; custom_padding=\u00bb|||\u00bb custom_padding__hover=\u00bb|||\u00bb][\/et_pb_column][et_pb_column type=\u00bb3_4&#8243; _builder_version=\u00bb3.25&#8243; custom_padding=\u00bb|||\u00bb custom_padding__hover=\u00bb|||\u00bb][et_pb_text admin_label=\u00bbTexto\u00bb _builder_version=\u00bb4.1&#8243; background_size=\u00bbinitial\u00bb background_position=\u00bbtop_left\u00bb background_repeat=\u00bbrepeat\u00bb text_orientation=\u00bbcenter\u00bb module_alignment=\u00bbcenter\u00bb use_border_color=\u00bboff\u00bb border_color=\u00bb#ffffff\u00bb border_style=\u00bbsolid\u00bb]<\/p>\n<h1>M\u00e1ster oficial en Avogac\u00eda 2020-2022<\/h1>\n<p>[\/et_pb_text][et_pb_post_title meta=\u00bboff\u00bb featured_image=\u00bboff\u00bb admin_label=\u00bbT\u00edtulo de pagina\u00bb _builder_version=\u00bb3.0.87&#8243; title_font_size=\u00bb22px\u00bb text_orientation=\u00bbcenter\u00bb custom_margin=\u00bb||0px|\u00bb custom_padding=\u00bb||0px|\u00bb use_border_color=\u00bboff\u00bb border_color=\u00bb#ffffff\u00bb border_style=\u00bbsolid\u00bb parallax_effect=\u00bboff\u00bb] [\/et_pb_post_title][\/et_pb_column][\/et_pb_row][\/et_pb_section][et_pb_section fb_built=\u00bb1&#8243; admin_label=\u00bbSecci\u00f3n\u00bb _builder_version=\u00bb3.22&#8243; custom_padding=\u00bb0px|||\u00bb transparent_background=\u00bboff\u00bb make_fullwidth=\u00bboff\u00bb use_custom_width=\u00bboff\u00bb width_unit=\u00bbon\u00bb][et_pb_row column_structure=\u00bb1_4,3_4&#8243; admin_label=\u00bbFila\u00bb _builder_version=\u00bb3.25&#8243; background_size=\u00bbinitial\u00bb background_position=\u00bbtop_left\u00bb background_repeat=\u00bbrepeat\u00bb custom_margin=\u00bb||0px|\u00bb custom_padding=\u00bb||0px|\u00bb make_fullwidth=\u00bboff\u00bb use_custom_width=\u00bboff\u00bb width_unit=\u00bbon\u00bb][et_pb_column type=\u00bb1_4&#8243; _builder_version=\u00bb3.25&#8243; custom_padding=\u00bb||0px|\u00bb custom_padding__hover=\u00bb|||\u00bb][et_pb_sidebar area=\u00bbet_pb_widget_area_24&#8243; admin_label=\u00bbBarra lateral\u00bb _builder_version=\u00bb4.1&#8243; remove_border=\u00bboff\u00bb] [\/et_pb_sidebar][\/et_pb_column][et_pb_column type=\u00bb3_4&#8243; _builder_version=\u00bb3.25&#8243; custom_padding=\u00bb|||\u00bb custom_padding__hover=\u00bb|||\u00bb][et_pb_text admin_label=\u00bbTexto\u00bb _builder_version=\u00bb4.1&#8243; background_size=\u00bbinitial\u00bb background_position=\u00bbtop_left\u00bb background_repeat=\u00bbrepeat\u00bb text_orientation=\u00bbjustified\u00bb hover_enabled=\u00bb0&#8243; use_border_color=\u00bboff\u00bb border_color=\u00bb#ffffff\u00bb border_style=\u00bbsolid\u00bb]<\/p>\n<p><strong>Pr\u00e1cticas Externas en Administraci\u00f3ns P\u00fablicas<\/strong><\/p>\n<p><img loading=\"lazy\" decoding=\"async\" class=\"aligncenter wp-image-4739\" src=\"http:\/\/epxsantiago.org\/wp-content\/uploads\/2021\/04\/0.-ADMINISTRACIONS-maio-2021-1024x724.jpg\" alt=\"\" width=\"1167\" height=\"825\" srcset=\"http:\/\/epxsantiago.org\/wp-content\/uploads\/2021\/04\/0.-ADMINISTRACIONS-maio-2021-980x693.jpg 980w, http:\/\/epxsantiago.org\/wp-content\/uploads\/2021\/04\/0.-ADMINISTRACIONS-maio-2021-480x340.jpg 480w\" sizes=\"auto, (min-width: 0px) and (max-width: 480px) 480px, (min-width: 481px) and (max-width: 980px) 980px, (min-width: 981px) 1167px, 100vw\" \/><\/p>\n<p>&nbsp;<\/p>\n<p>&nbsp;<\/p>\n<p>&nbsp;<\/p>\n<p>&nbsp;<\/p>\n<p>&nbsp;<\/p>\n<p>&nbsp;<\/p>\n<p>&nbsp;<\/p>\n<p>&nbsp;<\/p>\n<p>&nbsp;<\/p>\n<p>&nbsp;<\/p>\n<p>[\/et_pb_text][\/et_pb_column][\/et_pb_row][\/et_pb_section]<\/p>\n","protected":false},"excerpt":{"rendered":"<p>M\u00e1ster oficial en Avogac\u00eda 2020-2022 Pr\u00e1cticas Externas en Administraci\u00f3ns P\u00fablicas &nbsp; &nbsp; &nbsp; &nbsp; &nbsp; &nbsp; &nbsp; &nbsp; &nbsp; &nbsp;<\/p>\n","protected":false},"author":1,"featured_media":0,"parent":4005,"menu_order":14,"comment_status":"closed","ping_status":"closed","template":"","meta":{"_et_pb_use_builder":"on","_et_pb_old_content":"","_et_gb_content_width":"","footnotes":""},"class_list":["post-5447","page","type-page","status-publish","hentry"],"_links":{"self":[{"href":"https:\/\/epxsantiago.org\/index.php\/wp-json\/wp\/v2\/pages\/5447","targetHints":{"allow":["GET"]}}],"collection":[{"href":"https:\/\/epxsantiago.org\/index.php\/wp-json\/wp\/v2\/pages"}],"about":[{"href":"https:\/\/epxsantiago.org\/index.php\/wp-json\/wp\/v2\/types\/page"}],"author":[{"embeddable":true,"href":"https:\/\/epxsantiago.org\/index.php\/wp-json\/wp\/v2\/users\/1"}],"replies":[{"embeddable":true,"href":"https:\/\/epxsantiago.org\/index.php\/wp-json\/wp\/v2\/comments?post=5447"}],"version-history":[{"count":3,"href":"https:\/\/epxsantiago.org\/index.php\/wp-json\/wp\/v2\/pages\/5447\/revisions"}],"predecessor-version":[{"id":6010,"href":"https:\/\/epxsantiago.org\/index.php\/wp-json\/wp\/v2\/pages\/5447\/revisions\/6010"}],"up":[{"embeddable":true,"href":"https:\/\/epxsantiago.org\/index.php\/wp-json\/wp\/v2\/pages\/4005"}],"wp:attachment":[{"href":"https:\/\/epxsantiago.org\/index.php\/wp-json\/wp\/v2\/media?parent=5447"}],"curies":[{"name":"wp","href":"https:\/\/api.w.org\/{rel}","templated":true}]}}

P.E. Admon. Públicas

<p>[et_pb_section fb_built=»1&#8243; fullwidth=»on» admin_label=»Sección» _builder_version=»3.22&#8243;][et_pb_fullwidth_image src=»http://epxsantiago.org/wp-content/uploads/2017/04/DSC_9643-e1491402417374.jpg» admin_label=»Imagen de anchura completa» _builder_version=»3.0.87&#8243; animation_style=»slide» animation_direction=»left» animation_duration=»500ms» animation_intensity_slide=»10%» animation=»left» use_border_color=»off» border_color=»#ffffff» border_style=»solid»] [/et_pb_fullwidth_image][/et_pb_section][et_pb_section fb_built=»1&#8243; admin_label=»Sección» _builder_version=»3.22&#8243; custom_padding=»0px|||» transparent_background=»off» make_fullwidth=»off» use_custom_width=»off» width_unit=»on»][et_pb_row column_structure=»1_4,3_4&#8243; admin_label=»Fila» _builder_version=»3.25&#8243; background_size=»initial» background_position=»top_left» background_repeat=»repeat» custom_padding=»20px||0px|» make_fullwidth=»off» use_custom_width=»off» width_unit=»on»][et_pb_column type=»1_4&#8243; _builder_version=»3.25&#8243; custom_padding=»|||» custom_padding__hover=»|||»][/et_pb_column][et_pb_column type=»3_4&#8243; _builder_version=»3.25&#8243; custom_padding=»|||» custom_padding__hover=»|||»][et_pb_text admin_label=»Texto» _builder_version=»4.1&#8243; background_size=»initial» background_position=»top_left» background_repeat=»repeat» text_orientation=»center» module_alignment=»center» use_border_color=»off» border_color=»#ffffff» border_style=»solid»]</p>
<h1>Máster oficial en Avogacía 2020-2022</h1>
<p>[/et_pb_text][et_pb_post_title meta=»off» featured_image=»off» admin_label=»Título de pagina» _builder_version=»3.0.87&#8243; title_font_size=»22px» text_orientation=»center» custom_margin=»||0px|» custom_padding=»||0px|» use_border_color=»off» border_color=»#ffffff» border_style=»solid» parallax_effect=»off»] [/et_pb_post_title][/et_pb_column][/et_pb_row][/et_pb_section][et_pb_section fb_built=»1&#8243; admin_label=»Sección» _builder_version=»3.22&#8243; custom_padding=»0px|||» transparent_background=»off» make_fullwidth=»off» use_custom_width=»off» width_unit=»on»][et_pb_row column_structure=»1_4,3_4&#8243; admin_label=»Fila» _builder_version=»3.25&#8243; background_size=»initial» background_position=»top_left» background_repeat=»repeat» custom_margin=»||0px|» custom_padding=»||0px|» make_fullwidth=»off» use_custom_width=»off» width_unit=»on»][et_pb_column type=»1_4&#8243; _builder_version=»3.25&#8243; custom_padding=»||0px|» custom_padding__hover=»|||»][et_pb_sidebar area=»et_pb_widget_area_24&#8243; admin_label=»Barra lateral» _builder_version=»4.1&#8243; remove_border=»off»] [/et_pb_sidebar][/et_pb_column][et_pb_column type=»3_4&#8243; _builder_version=»3.25&#8243; custom_padding=»|||» custom_padding__hover=»|||»][et_pb_text admin_label=»Texto» _builder_version=»4.1&#8243; background_size=»initial» background_position=»top_left» background_repeat=»repeat» text_orientation=»justified» hover_enabled=»0&#8243; use_border_color=»off» border_color=»#ffffff» border_style=»solid»]</p>
<p><strong>Prácticas Externas en Administracións Públicas</strong></p>
<p><img loading="lazy" decoding="async" class="aligncenter wp-image-4739" src="http://epxsantiago.org/wp-content/uploads/2021/04/0.-ADMINISTRACIONS-maio-2021-1024x724.jpg" alt="" width="1167" height="825" srcset="http://epxsantiago.org/wp-content/uploads/2021/04/0.-ADMINISTRACIONS-maio-2021-980x693.jpg 980w, http://epxsantiago.org/wp-content/uploads/2021/04/0.-ADMINISTRACIONS-maio-2021-480x340.jpg 480w" sizes="auto, (min-width: 0px) and (max-width: 480px) 480px, (min-width: 481px) and (max-width: 980px) 980px, (min-width: 981px) 1167px, 100vw" /></p>
<p>&nbsp;</p>
<p>&nbsp;</p>
<p>&nbsp;</p>
<p>&nbsp;</p>
<p>&nbsp;</p>
<p>&nbsp;</p>
<p>&nbsp;</p>
<p>&nbsp;</p>
<p>&nbsp;</p>
<p>&nbsp;</p>
<p>[/et_pb_text][/et_pb_column][/et_pb_row][/et_pb_section]</p>

<p>Máster oficial en Avogacía 2020-2022 Prácticas Externas en Administracións Públicas &nbsp; &nbsp; &nbsp; &nbsp; &nbsp; &nbsp; &nbsp; &nbsp; &nbsp; &nbsp;</p>
