{"id":5451,"date":"2022-03-22T19:22:35","date_gmt":"2022-03-22T19:22:35","guid":{"rendered":"http:\/\/epxsantiago.org\/?page_id=5451"},"modified":"2022-03-22T19:22:39","modified_gmt":"2022-03-22T19:22:39","slug":"p-e-organos-xurisdicionais","status":"publish","type":"page","link":"https:\/\/epxsantiago.org\/index.php\/mua-2020-2022\/p-e-organos-xurisdicionais","title":{"rendered":"P.E. \u00d3rganos Xurisdicionais"},"content":{"rendered":"<p>[et_pb_section fb_built=\u00bb1&#8243; fullwidth=\u00bbon\u00bb admin_label=\u00bbSecci\u00f3n\u00bb _builder_version=\u00bb3.22&#8243;][et_pb_fullwidth_image src=\u00bbhttp:\/\/epxsantiago.org\/wp-content\/uploads\/2017\/04\/DSC_9643-e1491402417374.jpg\u00bb admin_label=\u00bbImagen de anchura completa\u00bb _builder_version=\u00bb3.0.87&#8243; animation_style=\u00bbslide\u00bb animation_direction=\u00bbleft\u00bb animation_duration=\u00bb500ms\u00bb animation_intensity_slide=\u00bb10%\u00bb use_border_color=\u00bboff\u00bb border_color=\u00bb#ffffff\u00bb border_style=\u00bbsolid\u00bb animation=\u00bbleft\u00bb] [\/et_pb_fullwidth_image][\/et_pb_section][et_pb_section fb_built=\u00bb1&#8243; admin_label=\u00bbSecci\u00f3n\u00bb _builder_version=\u00bb3.22&#8243; custom_padding=\u00bb0px|||\u00bb transparent_background=\u00bboff\u00bb make_fullwidth=\u00bboff\u00bb use_custom_width=\u00bboff\u00bb width_unit=\u00bbon\u00bb][et_pb_row column_structure=\u00bb1_4,3_4&#8243; admin_label=\u00bbFila\u00bb _builder_version=\u00bb3.25&#8243; background_size=\u00bbinitial\u00bb background_position=\u00bbtop_left\u00bb background_repeat=\u00bbrepeat\u00bb custom_padding=\u00bb20px||0px|\u00bb make_fullwidth=\u00bboff\u00bb use_custom_width=\u00bboff\u00bb width_unit=\u00bbon\u00bb][et_pb_column type=\u00bb1_4&#8243; _builder_version=\u00bb3.25&#8243; custom_padding=\u00bb|||\u00bb custom_padding__hover=\u00bb|||\u00bb][\/et_pb_column][et_pb_column type=\u00bb3_4&#8243; _builder_version=\u00bb3.25&#8243; custom_padding=\u00bb|||\u00bb custom_padding__hover=\u00bb|||\u00bb][et_pb_text admin_label=\u00bbTexto\u00bb _builder_version=\u00bb4.1&#8243; background_size=\u00bbinitial\u00bb background_position=\u00bbtop_left\u00bb background_repeat=\u00bbrepeat\u00bb text_orientation=\u00bbcenter\u00bb module_alignment=\u00bbcenter\u00bb use_border_color=\u00bboff\u00bb border_color=\u00bb#ffffff\u00bb border_style=\u00bbsolid\u00bb]<\/p>\n<h1>M\u00e1ster oficial en Avogac\u00eda 2020-2022<\/h1>\n<p>[\/et_pb_text][et_pb_post_title meta=\u00bboff\u00bb featured_image=\u00bboff\u00bb admin_label=\u00bbT\u00edtulo de pagina\u00bb _builder_version=\u00bb3.0.87&#8243; title_font_size=\u00bb22px\u00bb text_orientation=\u00bbcenter\u00bb custom_margin=\u00bb||0px|\u00bb custom_padding=\u00bb||0px|\u00bb use_border_color=\u00bboff\u00bb border_color=\u00bb#ffffff\u00bb border_style=\u00bbsolid\u00bb parallax_effect=\u00bboff\u00bb] [\/et_pb_post_title][\/et_pb_column][\/et_pb_row][\/et_pb_section][et_pb_section fb_built=\u00bb1&#8243; admin_label=\u00bbSecci\u00f3n\u00bb _builder_version=\u00bb3.22&#8243; custom_padding=\u00bb0px|||\u00bb transparent_background=\u00bboff\u00bb make_fullwidth=\u00bboff\u00bb use_custom_width=\u00bboff\u00bb width_unit=\u00bbon\u00bb][et_pb_row column_structure=\u00bb1_4,3_4&#8243; admin_label=\u00bbFila\u00bb _builder_version=\u00bb3.25&#8243; background_size=\u00bbinitial\u00bb background_position=\u00bbtop_left\u00bb background_repeat=\u00bbrepeat\u00bb custom_margin=\u00bb||0px|\u00bb custom_padding=\u00bb||0px|\u00bb make_fullwidth=\u00bboff\u00bb use_custom_width=\u00bboff\u00bb width_unit=\u00bbon\u00bb][et_pb_column type=\u00bb1_4&#8243; _builder_version=\u00bb3.25&#8243; custom_padding=\u00bb||0px|\u00bb custom_padding__hover=\u00bb|||\u00bb][et_pb_sidebar area=\u00bbet_pb_widget_area_24&#8243; admin_label=\u00bbBarra lateral\u00bb _builder_version=\u00bb4.1&#8243; remove_border=\u00bboff\u00bb] [\/et_pb_sidebar][\/et_pb_column][et_pb_column type=\u00bb3_4&#8243; _builder_version=\u00bb3.25&#8243; custom_padding=\u00bb|||\u00bb custom_padding__hover=\u00bb|||\u00bb][et_pb_text admin_label=\u00bbTexto\u00bb _builder_version=\u00bb4.1&#8243; background_size=\u00bbinitial\u00bb background_position=\u00bbtop_left\u00bb background_repeat=\u00bbrepeat\u00bb text_orientation=\u00bbjustified\u00bb hover_enabled=\u00bb0&#8243; use_border_color=\u00bboff\u00bb border_color=\u00bb#ffffff\u00bb border_style=\u00bbsolid\u00bb]<\/p>\n<p>&nbsp;<\/p>\n<p>&nbsp;<\/p>\n<p>&nbsp;<\/p>\n<p>&nbsp;<\/p>\n<p>&nbsp;<\/p>\n<p><strong>Pr\u00e1cticas Externas en \u00d3rganos Xurisdiccionais:<\/strong><\/p>\n<p>&nbsp;<\/p>\n<p><a href=\"http:\/\/epxsantiago.org\/index.php\/archivos\/4426\/distribucion-xulgados-alumnado-2020-2\"><img loading=\"lazy\" decoding=\"async\" class=\"wp-image-4443 aligncenter size-large\" src=\"http:\/\/epxsantiago.org\/wp-content\/uploads\/2021\/01\/Distribucion-XULGADOS-alumnado-2020-1-1024x393.jpg\" alt=\"\" width=\"1024\" height=\"393\" srcset=\"http:\/\/epxsantiago.org\/wp-content\/uploads\/2021\/01\/Distribucion-XULGADOS-alumnado-2020-1-980x376.jpg 980w, http:\/\/epxsantiago.org\/wp-content\/uploads\/2021\/01\/Distribucion-XULGADOS-alumnado-2020-1-480x184.jpg 480w\" sizes=\"auto, (min-width: 0px) and (max-width: 480px) 480px, (min-width: 481px) and (max-width: 980px) 980px, (min-width: 981px) 1024px, 100vw\" \/><\/a><\/p>\n<p>&nbsp;<\/p>\n<p><a href=\"http:\/\/epxsantiago.org\/index.php\/archivos\/4426\/1-juzgados-febrero\"><img loading=\"lazy\" decoding=\"async\" class=\"wp-image-4538 aligncenter size-large\" src=\"http:\/\/epxsantiago.org\/wp-content\/uploads\/2021\/01\/1.JUZGADOS-febrero-1024x724.jpg\" alt=\"\" width=\"1024\" height=\"724\" srcset=\"http:\/\/epxsantiago.org\/wp-content\/uploads\/2021\/01\/1.JUZGADOS-febrero-980x693.jpg 980w, http:\/\/epxsantiago.org\/wp-content\/uploads\/2021\/01\/1.JUZGADOS-febrero-480x339.jpg 480w\" sizes=\"auto, (min-width: 0px) and (max-width: 480px) 480px, (min-width: 481px) and (max-width: 980px) 980px, (min-width: 981px) 1024px, 100vw\" \/><\/a><\/p>\n<p><a href=\"http:\/\/epxsantiago.org\/1-juzgados-marzo\"><img loading=\"lazy\" decoding=\"async\" class=\"wp-image-4609 aligncenter size-large\" src=\"http:\/\/epxsantiago.org\/wp-content\/uploads\/2021\/03\/1.JUZGADOS-marzo-1024x724.jpg\" alt=\"\" width=\"1024\" height=\"724\" srcset=\"http:\/\/epxsantiago.org\/wp-content\/uploads\/2021\/03\/1.JUZGADOS-marzo-980x693.jpg 980w, http:\/\/epxsantiago.org\/wp-content\/uploads\/2021\/03\/1.JUZGADOS-marzo-480x339.jpg 480w\" sizes=\"auto, (min-width: 0px) and (max-width: 480px) 480px, (min-width: 481px) and (max-width: 980px) 980px, (min-width: 981px) 1024px, 100vw\" \/><\/a><a href=\"http:\/\/epxsantiago.org\/index.php\/mua-2020-2022\/practicas-externas\/1-juzgados-abril-ana\"><img loading=\"lazy\" decoding=\"async\" class=\"wp-image-4616 aligncenter size-large\" src=\"http:\/\/epxsantiago.org\/wp-content\/uploads\/2021\/03\/1.JUZGADOS-abril-ana-1024x724.jpg\" alt=\"\" width=\"1024\" height=\"724\" srcset=\"http:\/\/epxsantiago.org\/wp-content\/uploads\/2021\/03\/1.JUZGADOS-abril-ana-980x693.jpg 980w, http:\/\/epxsantiago.org\/wp-content\/uploads\/2021\/03\/1.JUZGADOS-abril-ana-480x339.jpg 480w\" sizes=\"auto, (min-width: 0px) and (max-width: 480px) 480px, (min-width: 481px) and (max-width: 980px) 980px, (min-width: 981px) 1024px, 100vw\" \/><\/a><\/p>\n<p><a href=\"http:\/\/epxsantiago.org\/index.php\/mua-2020-2022\/practicas-externas\/1-juzgados-maio-ana\"><img loading=\"lazy\" decoding=\"async\" class=\"wp-image-4738 aligncenter size-large\" src=\"http:\/\/epxsantiago.org\/wp-content\/uploads\/2021\/04\/1.JUZGADOS-maio-ana-1024x724.jpg\" alt=\"\" width=\"1024\" height=\"724\" srcset=\"http:\/\/epxsantiago.org\/wp-content\/uploads\/2021\/04\/1.JUZGADOS-maio-ana-980x693.jpg 980w, http:\/\/epxsantiago.org\/wp-content\/uploads\/2021\/04\/1.JUZGADOS-maio-ana-480x339.jpg 480w\" sizes=\"auto, (min-width: 0px) and (max-width: 480px) 480px, (min-width: 481px) and (max-width: 980px) 980px, (min-width: 981px) 1024px, 100vw\" \/><\/a><\/p>\n<p>[\/et_pb_text][\/et_pb_column][\/et_pb_row][\/et_pb_section]<\/p>\n","protected":false},"excerpt":{"rendered":"<p>M\u00e1ster oficial en Avogac\u00eda 2020-2022 &nbsp; &nbsp; &nbsp; &nbsp; &nbsp; Pr\u00e1cticas Externas en \u00d3rganos Xurisdiccionais: &nbsp; &nbsp;<\/p>\n","protected":false},"author":1,"featured_media":0,"parent":4005,"menu_order":15,"comment_status":"closed","ping_status":"closed","template":"","meta":{"_et_pb_use_builder":"on","_et_pb_old_content":"","_et_gb_content_width":"","footnotes":""},"class_list":["post-5451","page","type-page","status-publish","hentry"],"_links":{"self":[{"href":"https:\/\/epxsantiago.org\/index.php\/wp-json\/wp\/v2\/pages\/5451","targetHints":{"allow":["GET"]}}],"collection":[{"href":"https:\/\/epxsantiago.org\/index.php\/wp-json\/wp\/v2\/pages"}],"about":[{"href":"https:\/\/epxsantiago.org\/index.php\/wp-json\/wp\/v2\/types\/page"}],"author":[{"embeddable":true,"href":"https:\/\/epxsantiago.org\/index.php\/wp-json\/wp\/v2\/users\/1"}],"replies":[{"embeddable":true,"href":"https:\/\/epxsantiago.org\/index.php\/wp-json\/wp\/v2\/comments?post=5451"}],"version-history":[{"count":2,"href":"https:\/\/epxsantiago.org\/index.php\/wp-json\/wp\/v2\/pages\/5451\/revisions"}],"predecessor-version":[{"id":5453,"href":"https:\/\/epxsantiago.org\/index.php\/wp-json\/wp\/v2\/pages\/5451\/revisions\/5453"}],"up":[{"embeddable":true,"href":"https:\/\/epxsantiago.org\/index.php\/wp-json\/wp\/v2\/pages\/4005"}],"wp:attachment":[{"href":"https:\/\/epxsantiago.org\/index.php\/wp-json\/wp\/v2\/media?parent=5451"}],"curies":[{"name":"wp","href":"https:\/\/api.w.org\/{rel}","templated":true}]}}