{"id":722,"date":"2017-02-23T13:36:54","date_gmt":"2017-02-23T13:36:54","guid":{"rendered":"http:\/\/epxsantiago.org\/?page_id=722"},"modified":"2017-04-05T19:46:04","modified_gmt":"2017-04-05T19:46:04","slug":"practicum-grao","status":"publish","type":"page","link":"https:\/\/epxsantiago.org\/index.php\/practicum-grao","title":{"rendered":"Pr\u00e1cticas Grao en Dereito"},"content":{"rendered":"<p>[et_pb_section bb_built=\u00bb1&#8243; admin_label=\u00bbSecci\u00f3n\u00bb fullwidth=\u00bbon\u00bb specialty=\u00bboff\u00bb][et_pb_fullwidth_image admin_label=\u00bbImagen de anchura completa\u00bb src=\u00bbhttp:\/\/epxsantiago.org\/wp-content\/uploads\/2017\/04\/DSC_9677-e1491421433728.jpg\u00bb show_in_lightbox=\u00bboff\u00bb url_new_window=\u00bboff\u00bb use_overlay=\u00bboff\u00bb animation=\u00bbleft\u00bb use_border_color=\u00bboff\u00bb border_color=\u00bb#ffffff\u00bb border_style=\u00bbsolid\u00bb \/][\/et_pb_section][et_pb_section bb_built=\u00bb1&#8243; admin_label=\u00bbSecci\u00f3n\u00bb fullwidth=\u00bboff\u00bb specialty=\u00bboff\u00bb transparent_background=\u00bboff\u00bb allow_player_pause=\u00bboff\u00bb inner_shadow=\u00bboff\u00bb parallax=\u00bboff\u00bb parallax_method=\u00bbon\u00bb custom_padding=\u00bb0px|||\u00bb make_fullwidth=\u00bboff\u00bb use_custom_width=\u00bboff\u00bb width_unit=\u00bbon\u00bb make_equal=\u00bboff\u00bb use_custom_gutter=\u00bboff\u00bb][et_pb_row admin_label=\u00bbFila\u00bb make_fullwidth=\u00bboff\u00bb use_custom_width=\u00bboff\u00bb width_unit=\u00bbon\u00bb use_custom_gutter=\u00bboff\u00bb custom_padding=\u00bb20px||0px|\u00bb allow_player_pause=\u00bboff\u00bb parallax=\u00bboff\u00bb parallax_method=\u00bbon\u00bb make_equal=\u00bboff\u00bb parallax_1=\u00bboff\u00bb parallax_method_1=\u00bboff\u00bb parallax_2=\u00bboff\u00bb parallax_method_2=\u00bboff\u00bb][et_pb_column type=\u00bb1_4&#8243;][\/et_pb_column][et_pb_column type=\u00bb3_4&#8243;][et_pb_text admin_label=\u00bbTexto\u00bb background_layout=\u00bblight\u00bb text_orientation=\u00bbcenter\u00bb use_border_color=\u00bboff\u00bb border_color=\u00bb#ffffff\u00bb border_style=\u00bbsolid\u00bb]<\/p>\n<h1>Pr\u00e1cticas externas do Grao en Dereito<\/h1>\n<p>[\/et_pb_text][et_pb_post_title admin_label=\u00bbT\u00edtulo de pagina\u00bb title=\u00bbon\u00bb meta=\u00bboff\u00bb author=\u00bbon\u00bb date=\u00bbon\u00bb categories=\u00bbon\u00bb comments=\u00bbon\u00bb featured_image=\u00bboff\u00bb featured_placement=\u00bbbelow\u00bb parallax_effect=\u00bboff\u00bb parallax_method=\u00bbon\u00bb text_orientation=\u00bbcenter\u00bb text_color=\u00bbdark\u00bb text_background=\u00bboff\u00bb text_bg_color=\u00bbrgba(255,255,255,0.9)\u00bb use_border_color=\u00bboff\u00bb border_color=\u00bb#ffffff\u00bb border_style=\u00bbsolid\u00bb \/][\/et_pb_column][\/et_pb_row][\/et_pb_section][et_pb_section bb_built=\u00bb1&#8243; admin_label=\u00bbSecci\u00f3n\u00bb fullwidth=\u00bboff\u00bb specialty=\u00bboff\u00bb transparent_background=\u00bboff\u00bb allow_player_pause=\u00bboff\u00bb inner_shadow=\u00bboff\u00bb parallax=\u00bboff\u00bb parallax_method=\u00bbon\u00bb custom_padding=\u00bb0px|||\u00bb make_fullwidth=\u00bboff\u00bb use_custom_width=\u00bboff\u00bb width_unit=\u00bbon\u00bb make_equal=\u00bboff\u00bb use_custom_gutter=\u00bboff\u00bb][et_pb_row admin_label=\u00bbFila\u00bb][et_pb_column type=\u00bb1_4&#8243;][et_pb_sidebar admin_label=\u00bbBarra lateral\u00bb orientation=\u00bbleft\u00bb area=\u00bbet_pb_widget_area_4&#8243; background_layout=\u00bblight\u00bb remove_border=\u00bboff\u00bb \/][\/et_pb_column][et_pb_column type=\u00bb3_4&#8243;][et_pb_text admin_label=\u00bbTexto\u00bb global_parent=\u00bb824&#8243; background_layout=\u00bblight\u00bb text_orientation=\u00bbjustified\u00bb use_border_color=\u00bboff\u00bb border_color=\u00bb#ffffff\u00bb border_style=\u00bbsolid\u00bb]<\/p>\n<p>O alumnado matriculado na titulaci\u00f3n de Grao en Dereito pode obter 9 ECTS, que se imputar\u00e1n a cr\u00e9ditos optativos, por reco\u00f1ecemento acad\u00e9mico pola realizaci\u00f3n de pr\u00e1cticas externas relacionadas coa titulaci\u00f3n. Estas pr\u00e1cticas real\u00edzanse en organismos p\u00fablicos, colexios profesionais, instituci\u00f3ns e empresas conveniadas coa USC.<\/p>\n<p class=\"\">O Ilustre Colexio de Avogados de Santiago de Compostela e a USC\u00a0te\u00f1en asinado un convenio polo cal a instituci\u00f3n colexial comprom\u00e9tese, a trav\u00e9s do seu centro de formaci\u00f3n, a colaborar nestas pr\u00e1cticas. Conseguintemente, a Escola de Pr\u00e1ctica Xur\u00eddica, en coordinaci\u00f3n coa Xunta de Goberno do ICA e do Decanato da Facultade de Dereito, asumiu, a partir do mes de febreiro de 2004, a xesti\u00f3n das pr\u00e1cticas externas oficiais que se realicen nos despachos de avogados pertencentes \u00f3 ICA de Santiago por parte do alumnado da Facultade de Dereito.<\/p>\n<div><\/div>\n<div><\/div>\n<p class=\"spip\">Mensualmente, durante o curso acad\u00e9mico, a Escola celebra reuni\u00f3ns co alumnado\u00a0que escolleu realizar as \u00abPr\u00e1cticas externas\u00bb en despachos de avogados e de procuradores, para informarlles sobre o contido concreto das pr\u00e1cticas. Durante o per\u00edodo das pr\u00e1cticas, a Escola enc\u00e1rgase de facer un seguimento individualizado do seu desenvolvemento en cada despacho profesional.<\/p>\n<p class=\"spip\"><strong>As datas concretas das reuni\u00f3ns informativas publ\u00edcanse coa suficiente antelaci\u00f3n no apartado \u00abNovas\u00bb desta web e no taboleiro de anuncios da Facultade de Dereito.<\/strong><\/p>\n<p>[\/et_pb_text][\/et_pb_column][\/et_pb_row][\/et_pb_section]<\/p>\n","protected":false},"excerpt":{"rendered":"<p>Pr\u00e1cticas externas do Grao en Dereito O alumnado matriculado na titulaci\u00f3n de Grao en Dereito pode obter 9 ECTS, que se imputar\u00e1n a cr\u00e9ditos optativos, por reco\u00f1ecemento acad\u00e9mico pola realizaci\u00f3n de pr\u00e1cticas externas relacionadas coa titulaci\u00f3n. Estas pr\u00e1cticas real\u00edzanse en organismos p\u00fablicos, colexios profesionais, instituci\u00f3ns e empresas conveniadas coa USC. O Ilustre Colexio de Avogados [&hellip;]<\/p>\n","protected":false},"author":1,"featured_media":0,"parent":0,"menu_order":0,"comment_status":"closed","ping_status":"closed","template":"","meta":{"_et_pb_use_builder":"on","_et_pb_old_content":"","_et_gb_content_width":"","footnotes":""},"class_list":["post-722","page","type-page","status-publish","hentry"],"_links":{"self":[{"href":"https:\/\/epxsantiago.org\/index.php\/wp-json\/wp\/v2\/pages\/722","targetHints":{"allow":["GET"]}}],"collection":[{"href":"https:\/\/epxsantiago.org\/index.php\/wp-json\/wp\/v2\/pages"}],"about":[{"href":"https:\/\/epxsantiago.org\/index.php\/wp-json\/wp\/v2\/types\/page"}],"author":[{"embeddable":true,"href":"https:\/\/epxsantiago.org\/index.php\/wp-json\/wp\/v2\/users\/1"}],"replies":[{"embeddable":true,"href":"https:\/\/epxsantiago.org\/index.php\/wp-json\/wp\/v2\/comments?post=722"}],"version-history":[{"count":11,"href":"https:\/\/epxsantiago.org\/index.php\/wp-json\/wp\/v2\/pages\/722\/revisions"}],"predecessor-version":[{"id":1420,"href":"https:\/\/epxsantiago.org\/index.php\/wp-json\/wp\/v2\/pages\/722\/revisions\/1420"}],"wp:attachment":[{"href":"https:\/\/epxsantiago.org\/index.php\/wp-json\/wp\/v2\/media?parent=722"}],"curies":[{"name":"wp","href":"https:\/\/api.w.org\/{rel}","templated":true}]}}