{"id":7487,"date":"2025-05-27T13:03:46","date_gmt":"2025-05-27T13:03:46","guid":{"rendered":"https:\/\/epxsantiago.org\/?page_id=7487"},"modified":"2025-06-02T12:50:21","modified_gmt":"2025-06-02T12:50:21","slug":"matricula","status":"publish","type":"page","link":"https:\/\/epxsantiago.org\/index.php\/muap-2025-2027\/matricula","title":{"rendered":"MATR\u00cdCULA"},"content":{"rendered":"<p>[et_pb_section fb_built=\u00bb1&#8243; fullwidth=\u00bbon\u00bb admin_label=\u00bbSecci\u00f3n\u00bb _builder_version=\u00bb4.16&#8243; global_colors_info=\u00bb{}\u00bb][et_pb_fullwidth_image src=\u00bbhttp:\/\/epxsantiago.org\/wp-content\/uploads\/2017\/04\/DSC_9643-e1491402417374.jpg\u00bb admin_label=\u00bbImagen de anchura completa\u00bb _builder_version=\u00bb4.16&#8243; animation_style=\u00bbslide\u00bb animation_direction=\u00bbleft\u00bb animation_duration=\u00bb500ms\u00bb animation_intensity_slide=\u00bb10%\u00bb use_border_color=\u00bboff\u00bb border_color=\u00bb#ffffff\u00bb border_style=\u00bbsolid\u00bb animation=\u00bbleft\u00bb global_colors_info=\u00bb{}\u00bb] [\/et_pb_fullwidth_image][\/et_pb_section][et_pb_section fb_built=\u00bb1&#8243; admin_label=\u00bbSecci\u00f3n\u00bb _builder_version=\u00bb4.16&#8243; custom_padding=\u00bb0px|||\u00bb transparent_background=\u00bboff\u00bb make_fullwidth=\u00bboff\u00bb use_custom_width=\u00bboff\u00bb width_unit=\u00bbon\u00bb global_colors_info=\u00bb{}\u00bb][et_pb_row column_structure=\u00bb1_4,3_4&#8243; admin_label=\u00bbFila\u00bb _builder_version=\u00bb4.16&#8243; background_size=\u00bbinitial\u00bb background_position=\u00bbtop_left\u00bb background_repeat=\u00bbrepeat\u00bb custom_padding=\u00bb20px||0px|\u00bb make_fullwidth=\u00bboff\u00bb use_custom_width=\u00bboff\u00bb width_unit=\u00bbon\u00bb global_colors_info=\u00bb{}\u00bb][et_pb_column type=\u00bb1_4&#8243; _builder_version=\u00bb4.16&#8243; custom_padding=\u00bb|||\u00bb global_colors_info=\u00bb{}\u00bb custom_padding__hover=\u00bb|||\u00bb][\/et_pb_column][et_pb_column type=\u00bb3_4&#8243; _builder_version=\u00bb4.16&#8243; custom_padding=\u00bb|||\u00bb global_colors_info=\u00bb{}\u00bb custom_padding__hover=\u00bb|||\u00bb][et_pb_text admin_label=\u00bbTexto\u00bb _builder_version=\u00bb4.25.1&#8243; background_size=\u00bbinitial\u00bb background_position=\u00bbtop_left\u00bb background_repeat=\u00bbrepeat\u00bb text_orientation=\u00bbcenter\u00bb module_alignment=\u00bbcenter\u00bb hover_enabled=\u00bb0&#8243; use_border_color=\u00bboff\u00bb border_color=\u00bb#ffffff\u00bb border_style=\u00bbsolid\u00bb global_colors_info=\u00bb{}\u00bb sticky_enabled=\u00bb0&#8243;]<\/p>\n<h1 style=\"text-align: center;\">M\u00e1ster oficial en Avogac\u00eda e Procurador\u00eda<\/h1>\n<h1 style=\"text-align: center;\">2025-2027<\/h1>\n<p>[\/et_pb_text][et_pb_post_title meta=\u00bboff\u00bb featured_image=\u00bboff\u00bb admin_label=\u00bbT\u00edtulo de pagina\u00bb _builder_version=\u00bb4.16&#8243; text_orientation=\u00bbcenter\u00bb use_border_color=\u00bboff\u00bb border_color=\u00bb#ffffff\u00bb border_style=\u00bbsolid\u00bb parallax_effect=\u00bboff\u00bb global_colors_info=\u00bb{}\u00bb] [\/et_pb_post_title][\/et_pb_column][\/et_pb_row][\/et_pb_section][et_pb_section fb_built=\u00bb1&#8243; admin_label=\u00bbSecci\u00f3n\u00bb _builder_version=\u00bb4.16&#8243; custom_padding=\u00bb0px|||\u00bb transparent_background=\u00bboff\u00bb make_fullwidth=\u00bboff\u00bb use_custom_width=\u00bboff\u00bb width_unit=\u00bbon\u00bb global_colors_info=\u00bb{}\u00bb][et_pb_row column_structure=\u00bb1_4,3_4&#8243; admin_label=\u00bbFila\u00bb _builder_version=\u00bb4.16&#8243; background_size=\u00bbinitial\u00bb background_position=\u00bbtop_left\u00bb background_repeat=\u00bbrepeat\u00bb custom_padding=\u00bb||0px|\u00bb make_fullwidth=\u00bboff\u00bb use_custom_width=\u00bboff\u00bb width_unit=\u00bbon\u00bb global_colors_info=\u00bb{}\u00bb][et_pb_column type=\u00bb1_4&#8243; _builder_version=\u00bb4.16&#8243; custom_padding=\u00bb||0px|\u00bb global_colors_info=\u00bb{}\u00bb custom_padding__hover=\u00bb|||\u00bb][et_pb_sidebar area=\u00bbet_pb_widget_area_42&#8243; admin_label=\u00bbBarra lateral\u00bb _builder_version=\u00bb4.25.1&#8243; remove_border=\u00bboff\u00bb global_colors_info=\u00bb{}\u00bb] [\/et_pb_sidebar][\/et_pb_column][et_pb_column type=\u00bb3_4&#8243; _builder_version=\u00bb4.16&#8243; custom_padding=\u00bb|||\u00bb global_colors_info=\u00bb{}\u00bb custom_padding__hover=\u00bb|||\u00bb][et_pb_text admin_label=\u00bbTexto\u00bb _builder_version=\u00bb4.25.1&#8243; background_size=\u00bbinitial\u00bb background_position=\u00bbtop_left\u00bb background_repeat=\u00bbrepeat\u00bb text_orientation=\u00bbjustified\u00bb custom_margin=\u00bb||0px|\u00bb hover_enabled=\u00bb0&#8243; use_border_color=\u00bboff\u00bb border_color=\u00bb#ffffff\u00bb border_style=\u00bbsolid\u00bb global_colors_info=\u00bb{}\u00bb sticky_enabled=\u00bb0&#8243;]<\/p>\n<h3>CURSO 2025-2026 (Primeiro ano da III promoci\u00f3n):<\/h3>\n<p>&nbsp;<\/p>\n<p style=\"text-align: justify;\">O prazo para solicitar praza no M\u00c1STER UNIVERSITARIO EN AVOGAC\u00cdA E PROCURADOR\u00cdA para o curso 2025-2026 ser\u00e1 dende o<strong> 23 DE XU\u00d1O AO 16 DE XULLO DO 2025.<\/strong><\/p>\n<p>&nbsp;<\/p>\n<ol style=\"text-align: justify;\">\n<li><strong>Solicitude de p<\/strong><strong>raza<\/strong><\/li>\n<\/ol>\n<p style=\"text-align: justify;\">Os\/as estudantes que desexen cursar este m\u00e1ster durante o vindeiro curso 2025-2026 deber\u00e1n consignar os datos para a matr\u00edcula na Secretar\u00eda Virtual da USC, a trav\u00e9s da p\u00e1xina <a href=\"https:\/\/matricula.usc.es\/LoginX\/Login.asp\">https:\/\/matricula.usc.es\/LoginX\/Login.asp<\/a> no prazo anteriormente indicado:\u00a0<strong>do<\/strong>\u00a0<strong>23 de xu\u00f1o ao 16 de xullo do 2025<\/strong>.<\/p>\n<p>A documentaci\u00f3n acreditativa dos m\u00e9ritos a valorar nos criterios espec\u00edficos deber\u00e1 achegarse electronicamente xunto coa solicitude.<\/p>\n<p>Entenderase que o estudantado que non env\u00ede ningunha documentaci\u00f3n desexa ser valorado unicamente polo expediente acad\u00e9mico do cal disp\u00f3n a USC ou polo declarado na solicitude.<\/p>\n<p>Naqueles m\u00e1steres con menos solicitudes que prazas, admitiranse todas as persoas que fixesen a solicitude e cumpran os requisitos de admisi\u00f3n sen ter en conta os criterios de selecci\u00f3n.<\/p>\n<p>&nbsp;<\/p>\n<ol style=\"text-align: justify;\" start=\"2\">\n<li><strong>Publicaci\u00f3n de admitidos<\/strong><\/li>\n<\/ol>\n<p style=\"text-align: justify;\">Unha vez solicitada a praza, publicarase a listaxe de estudantes admitidos na p\u00e1xina web da USC o d\u00eda<strong>\u00a0<\/strong><b>29 de xullo de 2025.<\/b><\/p>\n<p>&nbsp;<\/p>\n<ol style=\"text-align: justify;\" start=\"3\">\n<li><strong>Formalizaci\u00f3n da matr\u00edcula<\/strong><\/li>\n<\/ol>\n<p style=\"text-align: justify;\">Os\/as estudantes que figuren na listaxe de admitidos deber\u00e1n formalizar a s\u00faa matr\u00edculan nos d\u00edas <strong>do<\/strong> <strong>30 de xullo ao 1 de agosto de 2025 <\/strong>a trav\u00e9s da seguinte ligaz\u00f3n: <a href=\"https:\/\/matricula.usc.es\/LoginX\/Login.asp\">www.usc.es\/matr\u00edcula \u00a0 <\/a>De non matricularse nese prazo, perder\u00e1 o seu dereito \u00e1s prazas adxudicadas.<\/p>\n<p style=\"text-align: justify;\">Considerarase \u00a0que os\/as estudantes que non aboen os prezos no devandito prazo desisten e, polo tanto, decaen nos seus dereitos respecto da praza adxudicada, que poder\u00e1 ser ofertada a outros alumnos. Consonte as normas xerais, a matr\u00edcula estar\u00e1 condicionada \u00e1 posterior verificaci\u00f3n dos datos declarados na solicitude.<\/p>\n<p>&nbsp;<\/p>\n<ol style=\"text-align: justify;\" start=\"4\">\n<li><strong>Matr\u00edcula para as prazas vacantes<\/strong><\/li>\n<\/ol>\n<p>En caso de que non se completaran a totalidade das prazas, os alumnos\/as admitidos que o desexen poder\u00e1n matricularse nas prazas vacantes:<\/p>\n<ul>\n<li>2\u00aa convocatoria \u2013 Matr\u00edcula con lista de agarda: <strong>do <\/strong><strong>5 \u2013 6 de agosto<\/strong><\/li>\n<li>3\u00aa convocatoria \u2013 Matr\u00edcula con listaxe de agarda: <strong>do 8 \u2013 11 de agosto<\/strong><\/li>\n<li>Matr\u00edcula en vacantes (m\u00e1ster sen listaxe de agarda) <strong>do 21 de agosto \u2013 12 de setembro<\/strong><\/li>\n<li>Matr\u00edcula en vacantes (m\u00e1ster con listaxe de agarda)<strong> Chamamento individual<\/strong><\/li>\n<\/ul>\n<p><strong>**<\/strong>Ampliaci\u00f3n do prazo para a matr\u00edcula das prazas vacantes (con o sen listaxe de agarda) <strong>19 &#8211; 30 de setembro <\/strong>: naqueles m\u00e1steres nos que existan vacantes, a petici\u00f3n do coordinador do M\u00e1ster, poderase ampliar o prazo de matr\u00edcula ata o d\u00eda 30 de setembro.<\/p>\n<ul>\n<li>Nos m\u00e1steres que non te\u00f1an listaxe de agarda, por ter menos solicitudes que prazas, o\/a estudantado sen solicitude previa poder\u00e1 matricularse por orde de inscrici\u00f3n no prazo indicado.<\/li>\n<li>Naqueles m\u00e1steres con listaxe de agarda onde non se matriculase todo o\/a estudantado admitido, as prazas vacantes asignaranse por chamamento individual entre as persoas que estean na listaxe de agarda, e seguirase a orde da listaxe ata completar o n\u00famero total de prazas. Seguirase o mesmo procedemento cando se produza algunha anulaci\u00f3n de matr\u00edcula.<\/li>\n<li>Se, rematada a listaxe de agarda, quedasen vacantes, o\/a estudantado sen solicitude previa poder\u00e1 matricularse por orde de inscrici\u00f3n ata que se cubran as prazas ou ata a fin do prazo de vacantes.<\/li>\n<\/ul>\n<p>Para co\u00f1ecer as condici\u00f3ns pode informarse a trav\u00e9s do correo electr\u00f3nico\u00a0<a href=\"mailto:epjdir@usc.es\">epjdir@usc.es<\/a>\u00a0ou do tel\u00e9fono 881814675.<\/p>\n<p>&nbsp;<\/p>\n<ol style=\"text-align: justify;\" start=\"5\">\n<li><strong>Documentaci\u00f3n<\/strong><\/li>\n<\/ol>\n<p style=\"text-align: justify;\">Os\/as estudantes que soliciten praza para cursar o m\u00e1ster de avogac\u00eda e procurador\u00eda deber\u00e1n, no momento de solicitar praza na web da USC aportar electr\u00f3nicamente a seguinte documentaci\u00f3n:<\/p>\n<ul style=\"text-align: justify;\">\n<li>Expediente acad\u00e9mico<\/li>\n<li>Curriculum<\/li>\n<li>Experiencia profesional no campo da titulaci\u00f3n<\/li>\n<li>Carta de motivaci\u00f3n<\/li>\n<\/ul>\n<p style=\"text-align: justify;\">Entenderase que, o\/a estudante que non env\u00ede ningunha documentaci\u00f3n desexa ser valorado \u00fanicamente polo expediente acad\u00e9mico do que disp\u00f3n a USC ou polo declarado na solicitude.<\/p>\n<p style=\"text-align: justify;\">Calquera omisi\u00f3n ou falsidade na declaraci\u00f3n dos datos da titulaci\u00f3n de acceso ou do expediente acad\u00e9mico, curriculum ou experiencia profesional que induza a facer unha valoraci\u00f3n incorrecta, poder\u00e1 dar lugar \u00e1 anulaci\u00f3n da matr\u00edcula e, cando proceda, \u00e1 exclusi\u00f3n do proceso de adxudicaci\u00f3n de prazas.<\/p>\n<p>&nbsp;<\/p>\n<ol style=\"text-align: justify;\" start=\"6\">\n<li><strong>Prezos<\/strong><\/li>\n<\/ol>\n<p style=\"text-align: justify;\">O \u00faltimo Decreto publicado pola Conseller\u00eda de educaci\u00f3n, universidade e formaci\u00f3n profesional \u00e9 o <em>DECRETO 164\/2024, do 24 de xu\u00f1o, polo que se fixan os prezos p\u00fablicos pola prestaci\u00f3n de servizos acad\u00e9micos e administrativos nas universidades do Sistema universitario de Galicia para o curso acad\u00e9mico 2024\/25, <\/em>que establece:<\/p>\n<ul style=\"text-align: justify;\">\n<li>Prezo dun cr\u00e9dito: 9,85 \u20ac<\/li>\n<li>Primeiro ano: 60 cr\u00e9ditos x 9,85 \u20ac = 591 \u20ac<\/li>\n<li>Prezo total do m\u00e1ster (90 cr\u00e9ditos): 886,5 \u20ac<\/li>\n<li>Taxas administrativas: 22,31 \u20ac<\/li>\n<\/ul>\n<p style=\"text-align: justify;\">Est\u00e1 pendente de publicaci\u00f3n o novo Decreto que regule os prezos para o curso acad\u00e9mico 2025\/26.<\/p>\n<p>&nbsp;<\/p>\n<ol style=\"text-align: justify;\" start=\"7\">\n<li><strong>Pagamento fraccionado da matr\u00edcula<\/strong><\/li>\n<\/ol>\n<p style=\"text-align: justify;\">Os\/as estudantes, no momento de formalizar a matr\u00edcula no primeiro prazo, poder\u00e1n optar polo <strong>pagamento \u00edntegro<\/strong> ou<strong> fraccionado<\/strong> <strong>en tres prazos<\/strong>.<\/p>\n<p style=\"text-align: justify;\">Este importe poder\u00e1 aboarse tanto en efectivo, mediante domiciliaci\u00f3n bancaria ou ben con tarxeta de d\u00e9bito ou cr\u00e9dito. No caso de facerse en efectivo, deberase realizar en calquera das catro entidades bancarias colaboradoras coa USC: Abanca, Caixa Rural Galega, La Caixa ou Banco Santander.<\/p>\n<p style=\"text-align: justify;\">No suposto de optar polo pagamento fraccionado, o primeiro prazo efectuarase polo importe correspondente ao 50%, nos d\u00edas seguintes ao de ter feita a matr\u00edcula; o segundo prazo, ser\u00e1 polo importe do 25%; e o terceiro prazo, a polo restante 25%.<\/p>\n<p>&nbsp;<\/p>\n<ol style=\"text-align: justify;\" start=\"8\">\n<li><strong>M\u00e1is informaci\u00f3n<\/strong><\/li>\n<\/ol>\n<p style=\"text-align: justify;\">O estudantado que desexe cursar este m\u00e1ster pode atopar toda a informaci\u00f3n, adem\u00e1is de nesta p\u00e1xina web (<a href=\"http:\/\/www.epxsantiago.org\">www.epxsantiago.org<\/a>), nas que aparecen a continuaci\u00f3n:<\/p>\n<p style=\"text-align: justify;\"><a href=\"http:\/\/www.usc.es\/gl\/servizos\/oiu\/cm\/calm.html\">http:\/\/www.usc.es\/gl\/servizos\/oiu\/cm\/calm.html<\/a>\u00a0(calendario de prazos de admisi\u00f3n e matr\u00edcula)<\/p>\n<p style=\"text-align: justify;\"><a href=\"https:\/\/matricula.usc.es\/LoginX\/Login.asp\">https:\/\/matricula.usc.es\/LoginX\/Login.asp<\/a>\u00a0(admisi\u00f3n e matr\u00edcula)<\/p>\n<p style=\"text-align: justify;\"><a href=\"https:\/\/www.usc.gal\/gl\/admision\/master\">https:\/\/www.usc.gal\/gl\/centros\/dereito\/titulacions.html?plan=14745&amp;estudio=14746&amp;codEstudio=14246&amp;valor=9<\/a> (criterios de admisi\u00f3n)<\/p>\n<p style=\"text-align: justify;\"><a href=\"https:\/\/www.usc.gal\/gl\/estudos\/masteres\/ciencias-sociais-xuridicas\/master-universitario-avogacia-procura\">https:\/\/www.usc.gal\/gl\/estudos\/masteres\/ciencias-sociais-xuridicas\/master-universitario-avogacia-procura<\/a>\u00a0(informaci\u00f3n xeral sobre o m\u00e1ster de avogac\u00eda)<\/p>\n<p style=\"text-align: justify;\">[\/et_pb_text][\/et_pb_column][\/et_pb_row][\/et_pb_section]<\/p>\n","protected":false},"excerpt":{"rendered":"<p>M\u00e1ster oficial en Avogac\u00eda e Procurador\u00eda 2025-2027 CURSO 2025-2026 (Primeiro ano da III promoci\u00f3n): &nbsp; O prazo para solicitar praza no M\u00c1STER UNIVERSITARIO EN AVOGAC\u00cdA E PROCURADOR\u00cdA para o curso 2025-2026 ser\u00e1 dende o 23 DE XU\u00d1O AO 16 DE XULLO DO 2025. &nbsp; Solicitude de praza Os\/as estudantes que desexen cursar este m\u00e1ster durante [&hellip;]<\/p>\n","protected":false},"author":1,"featured_media":0,"parent":7472,"menu_order":3,"comment_status":"closed","ping_status":"closed","template":"","meta":{"_et_pb_use_builder":"on","_et_pb_old_content":"","_et_gb_content_width":"","footnotes":""},"class_list":["post-7487","page","type-page","status-publish","hentry"],"_links":{"self":[{"href":"https:\/\/epxsantiago.org\/index.php\/wp-json\/wp\/v2\/pages\/7487","targetHints":{"allow":["GET"]}}],"collection":[{"href":"https:\/\/epxsantiago.org\/index.php\/wp-json\/wp\/v2\/pages"}],"about":[{"href":"https:\/\/epxsantiago.org\/index.php\/wp-json\/wp\/v2\/types\/page"}],"author":[{"embeddable":true,"href":"https:\/\/epxsantiago.org\/index.php\/wp-json\/wp\/v2\/users\/1"}],"replies":[{"embeddable":true,"href":"https:\/\/epxsantiago.org\/index.php\/wp-json\/wp\/v2\/comments?post=7487"}],"version-history":[{"count":2,"href":"https:\/\/epxsantiago.org\/index.php\/wp-json\/wp\/v2\/pages\/7487\/revisions"}],"predecessor-version":[{"id":7654,"href":"https:\/\/epxsantiago.org\/index.php\/wp-json\/wp\/v2\/pages\/7487\/revisions\/7654"}],"up":[{"embeddable":true,"href":"https:\/\/epxsantiago.org\/index.php\/wp-json\/wp\/v2\/pages\/7472"}],"wp:attachment":[{"href":"https:\/\/epxsantiago.org\/index.php\/wp-json\/wp\/v2\/media?parent=7487"}],"curies":[{"name":"wp","href":"https:\/\/api.w.org\/{rel}","templated":true}]}}