{"id":922,"date":"2017-03-24T14:10:55","date_gmt":"2017-03-24T14:10:55","guid":{"rendered":"http:\/\/epxsantiago.org\/?page_id=922"},"modified":"2017-08-22T12:18:03","modified_gmt":"2017-08-22T12:18:03","slug":"criterios-admision","status":"publish","type":"page","link":"https:\/\/epxsantiago.org\/index.php\/master-oficial-en-avogacia-2017-2019\/criterios-admision","title":{"rendered":"CRITERIOS DE ADMISI\u00d3N"},"content":{"rendered":"<p>[et_pb_section admin_label=\u00bbSecci\u00f3n\u00bb bb_built=\u00bb1&#8243; fullwidth=\u00bbon\u00bb specialty=\u00bboff\u00bb][et_pb_fullwidth_image admin_label=\u00bbImagen de anchura completa\u00bb src=\u00bbhttp:\/\/epxsantiago.org\/wp-content\/uploads\/2017\/04\/DSC_9643-e1491402417374.jpg\u00bb show_in_lightbox=\u00bboff\u00bb url_new_window=\u00bboff\u00bb use_overlay=\u00bboff\u00bb animation=\u00bbleft\u00bb use_border_color=\u00bboff\u00bb border_color=\u00bb#ffffff\u00bb border_style=\u00bbsolid\u00bb] [\/et_pb_fullwidth_image][\/et_pb_section][et_pb_section admin_label=\u00bbSecci\u00f3n\u00bb bb_built=\u00bb1&#8243; fullwidth=\u00bboff\u00bb specialty=\u00bboff\u00bb transparent_background=\u00bboff\u00bb allow_player_pause=\u00bboff\u00bb inner_shadow=\u00bboff\u00bb parallax=\u00bboff\u00bb parallax_method=\u00bbon\u00bb custom_padding=\u00bb0px|||\u00bb make_fullwidth=\u00bboff\u00bb use_custom_width=\u00bboff\u00bb width_unit=\u00bbon\u00bb make_equal=\u00bboff\u00bb use_custom_gutter=\u00bboff\u00bb][et_pb_row admin_label=\u00bbFila\u00bb make_fullwidth=\u00bboff\u00bb use_custom_width=\u00bboff\u00bb width_unit=\u00bbon\u00bb use_custom_gutter=\u00bboff\u00bb custom_padding=\u00bb20px||0px|\u00bb allow_player_pause=\u00bboff\u00bb parallax=\u00bboff\u00bb parallax_method=\u00bbon\u00bb make_equal=\u00bboff\u00bb parallax_1=\u00bboff\u00bb parallax_method_1=\u00bboff\u00bb parallax_2=\u00bboff\u00bb parallax_method_2=\u00bboff\u00bb padding_bottom_2=\u00bb0px\u00bb][et_pb_column type=\u00bb1_4&#8243;][\/et_pb_column][et_pb_column type=\u00bb3_4&#8243;][et_pb_text admin_label=\u00bbTexto\u00bb background_layout=\u00bblight\u00bb text_orientation=\u00bbcenter\u00bb use_border_color=\u00bboff\u00bb border_color=\u00bb#ffffff\u00bb border_style=\u00bbsolid\u00bb]<\/p>\n<h1>M\u00e1ster oficial en Avogac\u00eda 2017-2019<\/h1>\n<p>[\/et_pb_text][et_pb_post_title admin_label=\u00bbT\u00edtulo de pagina\u00bb title=\u00bbon\u00bb meta=\u00bboff\u00bb author=\u00bbon\u00bb date=\u00bbon\u00bb categories=\u00bbon\u00bb comments=\u00bbon\u00bb featured_image=\u00bboff\u00bb featured_placement=\u00bbbelow\u00bb parallax_effect=\u00bboff\u00bb parallax_method=\u00bbon\u00bb text_orientation=\u00bbcenter\u00bb text_color=\u00bbdark\u00bb text_background=\u00bboff\u00bb text_bg_color=\u00bbrgba(255,255,255,0.9)\u00bb use_border_color=\u00bboff\u00bb border_color=\u00bb#ffffff\u00bb border_style=\u00bbsolid\u00bb custom_margin=\u00bb||0px|\u00bb title_font_size=\u00bb22px\u00bb] [\/et_pb_post_title][\/et_pb_column][\/et_pb_row][\/et_pb_section][et_pb_section admin_label=\u00bbSecci\u00f3n\u00bb bb_built=\u00bb1&#8243; fullwidth=\u00bboff\u00bb specialty=\u00bboff\u00bb transparent_background=\u00bboff\u00bb allow_player_pause=\u00bboff\u00bb inner_shadow=\u00bboff\u00bb parallax=\u00bboff\u00bb parallax_method=\u00bbon\u00bb custom_padding=\u00bb0px|||\u00bb make_fullwidth=\u00bboff\u00bb use_custom_width=\u00bboff\u00bb width_unit=\u00bbon\u00bb make_equal=\u00bboff\u00bb use_custom_gutter=\u00bboff\u00bb][et_pb_row admin_label=\u00bbFila\u00bb make_fullwidth=\u00bboff\u00bb use_custom_width=\u00bboff\u00bb width_unit=\u00bbon\u00bb use_custom_gutter=\u00bboff\u00bb allow_player_pause=\u00bboff\u00bb parallax=\u00bboff\u00bb parallax_method=\u00bbon\u00bb make_equal=\u00bboff\u00bb parallax_1=\u00bboff\u00bb parallax_method_1=\u00bboff\u00bb parallax_2=\u00bboff\u00bb parallax_method_2=\u00bboff\u00bb][et_pb_column type=\u00bb1_4&#8243;][et_pb_sidebar admin_label=\u00bbBarra lateral\u00bb orientation=\u00bbleft\u00bb area=\u00bbet_pb_widget_area_11&#8243; background_layout=\u00bblight\u00bb remove_border=\u00bboff\u00bb] [\/et_pb_sidebar][\/et_pb_column][et_pb_column type=\u00bb3_4&#8243;][et_pb_text admin_label=\u00bbTexto\u00bb global_parent=\u00bb824&#8243; background_layout=\u00bblight\u00bb text_orientation=\u00bbjustified\u00bb use_border_color=\u00bboff\u00bb border_color=\u00bb#ffffff\u00bb border_style=\u00bbsolid\u00bb custom_margin=\u00bb0px|||\u00bb]<\/p>\n<p>No caso de haber m\u00e1is solicitudes que prazas ofertadas aplicaranse os seguintes <strong>criterios espec\u00edficos de selecci\u00f3n<\/strong>:<\/p>\n<ul>\n<li>Expediente Acad\u00e9mico ponderado: 50%<\/li>\n<li>Curriculum : 20%<\/li>\n<li>Experiencia profesional no campo da titulaci\u00f3n: 20%<\/li>\n<li>Carta de motivaci\u00f3n 10%<\/li>\n<\/ul>\n<p>Res\u00e9rvanse 10 prazas para os licenciados en Dereito sempre que re\u00fanan requisitos mellores que o primeiro dos graduados que quede en lista de agarda. (Se quedaren prazas vacantes no campus de Lugo ofreceranse aos alumnos que non obtivesen praza en Santiago).<\/p>\n<p>[\/et_pb_text][\/et_pb_column][\/et_pb_row][\/et_pb_section]<\/p>\n","protected":false},"excerpt":{"rendered":"<p>M\u00e1ster oficial en Avogac\u00eda 2017-2019 No caso de haber m\u00e1is solicitudes que prazas ofertadas aplicaranse os seguintes criterios espec\u00edficos de selecci\u00f3n: Expediente Acad\u00e9mico ponderado: 50% Curriculum : 20% Experiencia profesional no campo da titulaci\u00f3n: 20% Carta de motivaci\u00f3n 10% Res\u00e9rvanse 10 prazas para os licenciados en Dereito sempre que re\u00fanan requisitos mellores que o primeiro [&hellip;]<\/p>\n","protected":false},"author":1,"featured_media":0,"parent":2330,"menu_order":2,"comment_status":"closed","ping_status":"closed","template":"","meta":{"_et_pb_use_builder":"on","_et_pb_old_content":"","_et_gb_content_width":"","footnotes":""},"class_list":["post-922","page","type-page","status-publish","hentry"],"_links":{"self":[{"href":"https:\/\/epxsantiago.org\/index.php\/wp-json\/wp\/v2\/pages\/922","targetHints":{"allow":["GET"]}}],"collection":[{"href":"https:\/\/epxsantiago.org\/index.php\/wp-json\/wp\/v2\/pages"}],"about":[{"href":"https:\/\/epxsantiago.org\/index.php\/wp-json\/wp\/v2\/types\/page"}],"author":[{"embeddable":true,"href":"https:\/\/epxsantiago.org\/index.php\/wp-json\/wp\/v2\/users\/1"}],"replies":[{"embeddable":true,"href":"https:\/\/epxsantiago.org\/index.php\/wp-json\/wp\/v2\/comments?post=922"}],"version-history":[{"count":13,"href":"https:\/\/epxsantiago.org\/index.php\/wp-json\/wp\/v2\/pages\/922\/revisions"}],"predecessor-version":[{"id":2299,"href":"https:\/\/epxsantiago.org\/index.php\/wp-json\/wp\/v2\/pages\/922\/revisions\/2299"}],"up":[{"embeddable":true,"href":"https:\/\/epxsantiago.org\/index.php\/wp-json\/wp\/v2\/pages\/2330"}],"wp:attachment":[{"href":"https:\/\/epxsantiago.org\/index.php\/wp-json\/wp\/v2\/media?parent=922"}],"curies":[{"name":"wp","href":"https:\/\/api.w.org\/{rel}","templated":true}]}}

CRITERIOS DE ADMISIÓN

<p>[et_pb_section admin_label=»Sección» bb_built=»1&#8243; fullwidth=»on» specialty=»off»][et_pb_fullwidth_image admin_label=»Imagen de anchura completa» src=»http://epxsantiago.org/wp-content/uploads/2017/04/DSC_9643-e1491402417374.jpg» show_in_lightbox=»off» url_new_window=»off» use_overlay=»off» animation=»left» use_border_color=»off» border_color=»#ffffff» border_style=»solid»] [/et_pb_fullwidth_image][/et_pb_section][et_pb_section admin_label=»Sección» bb_built=»1&#8243; fullwidth=»off» specialty=»off» transparent_background=»off» allow_player_pause=»off» inner_shadow=»off» parallax=»off» parallax_method=»on» custom_padding=»0px|||» make_fullwidth=»off» use_custom_width=»off» width_unit=»on» make_equal=»off» use_custom_gutter=»off»][et_pb_row admin_label=»Fila» make_fullwidth=»off» use_custom_width=»off» width_unit=»on» use_custom_gutter=»off» custom_padding=»20px||0px|» allow_player_pause=»off» parallax=»off» parallax_method=»on» make_equal=»off» parallax_1=»off» parallax_method_1=»off» parallax_2=»off» parallax_method_2=»off» padding_bottom_2=»0px»][et_pb_column type=»1_4&#8243;][/et_pb_column][et_pb_column type=»3_4&#8243;][et_pb_text admin_label=»Texto» background_layout=»light» text_orientation=»center» use_border_color=»off» border_color=»#ffffff» border_style=»solid»]</p>
<h1>Máster oficial en Avogacía 2017-2019</h1>
<p>[/et_pb_text][et_pb_post_title admin_label=»Título de pagina» title=»on» meta=»off» author=»on» date=»on» categories=»on» comments=»on» featured_image=»off» featured_placement=»below» parallax_effect=»off» parallax_method=»on» text_orientation=»center» text_color=»dark» text_background=»off» text_bg_color=»rgba(255,255,255,0.9)» use_border_color=»off» border_color=»#ffffff» border_style=»solid» custom_margin=»||0px|» title_font_size=»22px»] [/et_pb_post_title][/et_pb_column][/et_pb_row][/et_pb_section][et_pb_section admin_label=»Sección» bb_built=»1&#8243; fullwidth=»off» specialty=»off» transparent_background=»off» allow_player_pause=»off» inner_shadow=»off» parallax=»off» parallax_method=»on» custom_padding=»0px|||» make_fullwidth=»off» use_custom_width=»off» width_unit=»on» make_equal=»off» use_custom_gutter=»off»][et_pb_row admin_label=»Fila» make_fullwidth=»off» use_custom_width=»off» width_unit=»on» use_custom_gutter=»off» allow_player_pause=»off» parallax=»off» parallax_method=»on» make_equal=»off» parallax_1=»off» parallax_method_1=»off» parallax_2=»off» parallax_method_2=»off»][et_pb_column type=»1_4&#8243;][et_pb_sidebar admin_label=»Barra lateral» orientation=»left» area=»et_pb_widget_area_11&#8243; background_layout=»light» remove_border=»off»] [/et_pb_sidebar][/et_pb_column][et_pb_column type=»3_4&#8243;][et_pb_text admin_label=»Texto» global_parent=»824&#8243; background_layout=»light» text_orientation=»justified» use_border_color=»off» border_color=»#ffffff» border_style=»solid» custom_margin=»0px|||»]</p>
<p>No caso de haber máis solicitudes que prazas ofertadas aplicaranse os seguintes <strong>criterios específicos de selección</strong>:</p>
<ul>
<li>Expediente Académico ponderado: 50%</li>
<li>Curriculum : 20%</li>
<li>Experiencia profesional no campo da titulación: 20%</li>
<li>Carta de motivación 10%</li>
</ul>
<p>Resérvanse 10 prazas para os licenciados en Dereito sempre que reúnan requisitos mellores que o primeiro dos graduados que quede en lista de agarda. (Se quedaren prazas vacantes no campus de Lugo ofreceranse aos alumnos que non obtivesen praza en Santiago).</p>
<p>[/et_pb_text][/et_pb_column][/et_pb_row][/et_pb_section]</p>

<p>Máster oficial en Avogacía 2017-2019 No caso de haber máis solicitudes que prazas ofertadas aplicaranse os seguintes criterios específicos de selección: Expediente Académico ponderado: 50% Curriculum : 20% Experiencia profesional no campo da titulación: 20% Carta de motivación 10% Resérvanse 10 prazas para os licenciados en Dereito sempre que reúnan requisitos mellores que o primeiro [&hellip;]</p>
