{"id":938,"date":"2017-03-24T14:16:03","date_gmt":"2017-03-24T14:16:03","guid":{"rendered":"http:\/\/epxsantiago.org\/?page_id=938"},"modified":"2017-08-28T10:03:54","modified_gmt":"2017-08-28T10:03:54","slug":"equipo-docente-2","status":"publish","type":"page","link":"https:\/\/epxsantiago.org\/index.php\/master-oficial-en-avogacia-2017-2019\/equipo-docente-2","title":{"rendered":"EQUIPO DOCENTE"},"content":{"rendered":"<p>[et_pb_section admin_label=\u00bbSecci\u00f3n\u00bb bb_built=\u00bb1&#8243; fullwidth=\u00bbon\u00bb specialty=\u00bboff\u00bb][et_pb_fullwidth_image admin_label=\u00bbImagen de anchura completa\u00bb src=\u00bbhttp:\/\/epxsantiago.org\/wp-content\/uploads\/2017\/04\/DSC_9643-e1491402417374.jpg\u00bb show_in_lightbox=\u00bboff\u00bb url_new_window=\u00bboff\u00bb use_overlay=\u00bboff\u00bb animation=\u00bbleft\u00bb use_border_color=\u00bboff\u00bb border_color=\u00bb#ffffff\u00bb border_style=\u00bbsolid\u00bb] [\/et_pb_fullwidth_image][\/et_pb_section][et_pb_section admin_label=\u00bbSecci\u00f3n\u00bb bb_built=\u00bb1&#8243; fullwidth=\u00bboff\u00bb specialty=\u00bboff\u00bb transparent_background=\u00bboff\u00bb allow_player_pause=\u00bboff\u00bb inner_shadow=\u00bboff\u00bb parallax=\u00bboff\u00bb parallax_method=\u00bbon\u00bb custom_padding=\u00bb0px|||\u00bb make_fullwidth=\u00bboff\u00bb use_custom_width=\u00bboff\u00bb width_unit=\u00bbon\u00bb make_equal=\u00bboff\u00bb use_custom_gutter=\u00bboff\u00bb][et_pb_row admin_label=\u00bbFila\u00bb make_fullwidth=\u00bboff\u00bb use_custom_width=\u00bboff\u00bb width_unit=\u00bbon\u00bb use_custom_gutter=\u00bboff\u00bb custom_padding=\u00bb20px||0px|\u00bb allow_player_pause=\u00bboff\u00bb parallax=\u00bboff\u00bb parallax_method=\u00bbon\u00bb make_equal=\u00bboff\u00bb parallax_1=\u00bboff\u00bb parallax_method_1=\u00bboff\u00bb parallax_2=\u00bboff\u00bb parallax_method_2=\u00bboff\u00bb][et_pb_column type=\u00bb1_4&#8243;][\/et_pb_column][et_pb_column type=\u00bb3_4&#8243;][et_pb_text admin_label=\u00bbTexto\u00bb background_layout=\u00bblight\u00bb text_orientation=\u00bbcenter\u00bb use_border_color=\u00bboff\u00bb border_color=\u00bb#ffffff\u00bb border_style=\u00bbsolid\u00bb]<\/p>\n<h1>M\u00e1ster oficial en Avogac\u00eda 2017-2019<\/h1>\n<p>[\/et_pb_text][et_pb_post_title admin_label=\u00bbT\u00edtulo de pagina\u00bb title=\u00bbon\u00bb meta=\u00bboff\u00bb author=\u00bbon\u00bb date=\u00bbon\u00bb categories=\u00bbon\u00bb comments=\u00bbon\u00bb featured_image=\u00bboff\u00bb featured_placement=\u00bbbelow\u00bb parallax_effect=\u00bboff\u00bb parallax_method=\u00bbon\u00bb text_orientation=\u00bbcenter\u00bb text_color=\u00bbdark\u00bb text_background=\u00bboff\u00bb text_bg_color=\u00bbrgba(255,255,255,0.9)\u00bb use_border_color=\u00bboff\u00bb border_color=\u00bb#ffffff\u00bb border_style=\u00bbsolid\u00bb title_font_size=\u00bb22px\u00bb custom_margin=\u00bb||0px|\u00bb custom_padding=\u00bb||0px|\u00bb] [\/et_pb_post_title][\/et_pb_column][\/et_pb_row][\/et_pb_section][et_pb_section admin_label=\u00bbSecci\u00f3n\u00bb bb_built=\u00bb1&#8243; fullwidth=\u00bboff\u00bb specialty=\u00bboff\u00bb transparent_background=\u00bboff\u00bb allow_player_pause=\u00bboff\u00bb inner_shadow=\u00bboff\u00bb parallax=\u00bboff\u00bb parallax_method=\u00bbon\u00bb custom_padding=\u00bb0px|||\u00bb make_fullwidth=\u00bboff\u00bb use_custom_width=\u00bboff\u00bb width_unit=\u00bbon\u00bb make_equal=\u00bboff\u00bb use_custom_gutter=\u00bboff\u00bb][et_pb_row admin_label=\u00bbFila\u00bb make_fullwidth=\u00bboff\u00bb use_custom_width=\u00bboff\u00bb width_unit=\u00bbon\u00bb use_custom_gutter=\u00bboff\u00bb custom_padding=\u00bb||0px|\u00bb custom_margin=\u00bb||0px|\u00bb allow_player_pause=\u00bboff\u00bb parallax=\u00bboff\u00bb parallax_method=\u00bbon\u00bb make_equal=\u00bboff\u00bb parallax_1=\u00bboff\u00bb parallax_method_1=\u00bboff\u00bb padding_bottom_1=\u00bb0px\u00bb parallax_2=\u00bboff\u00bb parallax_method_2=\u00bboff\u00bb][et_pb_column type=\u00bb1_4&#8243;][et_pb_sidebar admin_label=\u00bbBarra lateral\u00bb orientation=\u00bbleft\u00bb area=\u00bbet_pb_widget_area_11&#8243; background_layout=\u00bblight\u00bb remove_border=\u00bboff\u00bb] [\/et_pb_sidebar][\/et_pb_column][et_pb_column type=\u00bb3_4&#8243;][et_pb_text admin_label=\u00bbTexto\u00bb global_parent=\u00bb824&#8243; background_layout=\u00bblight\u00bb text_orientation=\u00bbjustified\u00bb use_border_color=\u00bboff\u00bb border_color=\u00bb#ffffff\u00bb border_style=\u00bbsolid\u00bb]<\/p>\n<h4><strong><span style=\"color: #000000;\">A) Curso de formaci\u00f3n<\/span><\/strong><\/h4>\n<p>A Lei 34\/2006 establece, no seu art. 4.3\u00ba, que nos \u201ccursos de formaci\u00f3n\u201d para avogados deber\u00e1 garantirse \u201ca presenza da metade, alomenos, de profesionais colexiados exercentes. De conformidade con dita lei e co establecido no seu Regulamento de desenvolvemento, o profesorado do \u201ccurso de formaci\u00f3n\u201d do m\u00e1ster estar\u00e1 integrado por:<\/p>\n<ul>\n<li>un 40% de profesorado universitario contratado ou funcionario.<\/li>\n<li>un 60% de profesorado pertencente a avogac\u00eda e a outras profesi\u00f3ns xur\u00eddicas relevantes para a formaci\u00f3n do futuro avogado.<\/li>\n<\/ul>\n<p>As materias de Introduci\u00f3n ao exercicio profesional e Quenda de oficio, Deontolox\u00eda profesional e R\u00e9xime de responsabilidade e Escritura e Oratoria forense ser\u00e1n impartidas na s\u00faa totalidade por profesorado pertencente a avogac\u00eda e a outras profesi\u00f3ns xur\u00eddicas.<\/p>\n<p>O profesorado que imparte\u00a0\u00e1s materias dos M\u00f3dulos I e II do Plan de Estudos do M\u00e1ster para o curso 2017-2018 da promoci\u00f3n 2017-2019 \u00e9 o seguinte:<\/p>\n<h3><strong>P3341M01 \u2013\u00a0<u>M\u00f3dulo I: Introduci\u00f3n ao\u00a0Exercicio Profesional e\u00a0Deontolox\u00eda<\/u><\/strong><\/h3>\n<h4><strong>\u00a0\u2013 P3341101 \u2013 Introduci\u00f3n Ao Exercicio Profesional e Quenda De Oficio<\/strong><\/h4>\n<ul>\n<li>Arza Gal\u00e1n, Manuel, avogado e secretario t\u00e9cnico do Colexio de Avogados de Santiago.<\/li>\n<li>Barros D\u00edaz, Cecilia, avogada.<\/li>\n<li>Constenla Vega, Javier, avogado e membro da Xunta de Goberno do ICA de Santiago.<\/li>\n<li>Escribano Hern\u00e1ndez, Juan Carlos, director da \u00e1rea comercial da Mutualidade da Avogac\u00eda<\/li>\n<li>G\u00e1ndara Moure, Gerardo, avogado e exdirector da EPX da Coru\u00f1a.<\/li>\n<li>Maro\u00f1o Gargallo, J. Waldo, avogado e secretario da EPX de Santiago de Compostela.<\/li>\n<li>Matovelle, Mar\u00eda Jes\u00fas, avogada.<\/li>\n<li>Moraleda Blanco, Patricia, coordinadora da C\u00e1tedra da Mutualidade da Avogac\u00eda.<\/li>\n<li>Quintela Miramontes, Ram\u00f3n, avogado e coordinador da materia.<\/li>\n<\/ul>\n<h4><strong>\u00a0\u2013 P3341102 \u2013 Deontolox\u00eda Profesional e R\u00e9xime de Responsabilidade<\/strong><\/h4>\n<ul>\n<li>Guti\u00e9rrez Valerio, Timoteo, avogado, membro da xunta de goberno do ICA Santiago e coordinador da materia.<\/li>\n<li>Pena Beiroa, Jos\u00e9 Antonio, economista e administrador concursal.<\/li>\n<li>Vieito Mayo, Mar\u00eda Jes\u00fas, avogada e membro da xunta de goberno do ICA Santiago.<\/li>\n<\/ul>\n<h4><strong>\u00a0\u2013 P3341103 \u2013 XX.PP e Medios Alternativos de Soluci\u00f3n de Conflitos<\/strong><\/h4>\n<ul>\n<li>Amigo V\u00e1zquez, Jos\u00e9 Manuel, notario.<\/li>\n<li>Arce Fern\u00e1ndez, Ram\u00f3n, catedr\u00e1tico de Psicolox\u00eda Social da USC.<\/li>\n<li>Blanco Lobeiras, Pedro, avogado.<\/li>\n<li>Castillejo Manzanares, Raquel, catedr\u00e1tica de Dereito Procesual da USC.<\/li>\n<li>Failde Picallo, Olga, avogada-equipo de Mediaci\u00f3n Intraxudicial do Xulgado de Familia de Santiago<\/li>\n<li>Fern\u00e1ndez Brea, Jes\u00fas, rexistrador.<\/li>\n<li>Garc\u00eda Cumplido, Jos\u00e9 Carlos, avogado.<\/li>\n<li>G\u00f3mez-Segade Gonz\u00e1lez, Elena, avogada, mediadora e coordinadora do m\u00f3dulo<\/li>\n<li>P\u00e9rez Marcos, Esther, abogada, mediadora.<\/li>\n<li>Rodr\u00edguez Varela, Montserrat, inspectora de consumo do IGC da Xunta de Galicia.<\/li>\n<\/ul>\n<h4><strong>\u00a0\u2013 P3341104 \u2013 Escritura e Oratoria Forense<\/strong><\/h4>\n<ul>\n<li>Regueira Pardavila, Mar\u00eda Luisa, avogada.<\/li>\n<li>Vilaboy Lois, Lotario, coordinador acad\u00e9mico do M\u00e1ster e director da EPX de Santiago.<\/li>\n<li>Vivero Vizoso, Mar, avogada e coordinadora do m\u00f3dulo.<\/li>\n<\/ul>\n<h3><strong>P3341M02 \u00a0<u>M\u00f3dulo II: \u00a0Pr\u00e1ctica Jur\u00eddica<\/u><\/strong><\/h3>\n<h4><strong>\u00a0\u2013 P3341105 \u2013 Pr\u00e1ctica Xur\u00eddica Civil I<\/strong><\/h4>\n<ul>\n<li>Abeal Rodr\u00edguez, Juan Jos\u00e9, avogado.<\/li>\n<li>Carballal Paradela, Juan C., maxistrado.<\/li>\n<li>Maro\u00f1o Gargallo, Waldo, avogado e coordinador da materia.<\/li>\n<li>Mart\u00ednez V\u00e1zquez, Jorge, maxistrado do Xulgados de Primeira Instancia n\u00ba 1 de Santiago.<\/li>\n<li>Maseda Rodr\u00edguez, Javier, profesor titular de Dereito Internacional Privado da USC.<\/li>\n<li>Pardo Pumar, Mar\u00eda Jos\u00e9, profesora contratada de Dereito Civil da USC.<\/li>\n<li>Paz Costas, Carlos, avogado.<\/li>\n<li>Ruiz N\u00fa\u00f1ez, Margarita, avogada.<\/li>\n<li>Silvosa Tall\u00f3n, Jos\u00e9 Manuel, letrado da Administraci\u00f3n de Xustiza.<\/li>\n<li>Tall\u00f3n Garc\u00eda, Lorena, xu\u00edza.<\/li>\n<li>Vieto Mayo, Mar\u00eda Jes\u00fas, abogada.<\/li>\n<li>Vilaboy Lois, Lotario, coordinador acad\u00e9mico do M\u00e1ster e director da EPX de Santiago.<\/li>\n<\/ul>\n<h4><strong>\u00a0\u2013 P3341106 \u2013 Pr\u00e1ctica Xur\u00eddica Civil II<\/strong><\/h4>\n<ul>\n<li>Blanco Vidal, Luz, avogada.<\/li>\n<li>Carballal Paradela, Juan Carlos, maxistrado.<\/li>\n<li>Del Rio Otero, Araceli,<\/li>\n<li>Fern\u00e1ndez Escudero, Mar\u00eda, avogada<\/li>\n<li>Gonz\u00e1lez Ferro, Mar\u00eda del Carmen, avogada<\/li>\n<li>Ladr\u00f3n de Cegama Escudero, Fuencisla, fiscal da Fiscal\u00eda de Santiago.<\/li>\n<li>Maro\u00f1o Gargallo, Waldo, avogado.<\/li>\n<li>Maseda Rodr\u00edguez, Javier, profesor titular de Dereito Internacional Privado da USC.<\/li>\n<li>Noya Ferreiro, Lourdes, profesora titular de Dereito Procesual da USC.<\/li>\n<li>Rodr\u00edguez \u00c1lvarez, Ana, profesora contratada de Dereito Procesual da USC.<\/li>\n<li>Sans Besada, Gonz\u00e1lo, maxistrado do Xulgado de Primeira Instancia e Instruci\u00f3n n\u00ba 2 de Lal\u00edn.<\/li>\n<li>Soto Sola, Roberto, maxistrado do Xulgados de Primeira Instancia n\u00ba 6 de Santiago.<\/li>\n<li>Trigo Garc\u00eda, Bel\u00e9n, profesora contratada doutora de Dereito Civil da USC.<\/li>\n<\/ul>\n<h4><strong>\u00a0\u2013 P3341107 \u2013 Pr\u00e1ctica Xur\u00eddica Mercantil<\/strong><\/h4>\n<ul>\n<li>Balo Couto, Javier, avogado.<\/li>\n<li>Constenla Vega, Javier, avogado.<\/li>\n<li>Gonz\u00e1lez-Carrer\u00f3 Foj\u00f3n, Pablo, maxistrado.<\/li>\n<li>Mart\u00ednez Bouzas, Mar\u00eda Salom\u00e9, maxistrada.<\/li>\n<li>Mart\u00ednez-Olivares G\u00f3mez, Jos\u00e9\u00a0 Luis, avogado e coordinador da materia.<\/li>\n<li>Montero Vilar, Jos\u00e9 Antonio, avogado e profesor asociado de Dereito Mercantil da USC.<\/li>\n<\/ul>\n<h4><strong>\u00a0\u2013 P3341108 \u2013 Pr\u00e1ctica Xur\u00eddica Laboral I<\/strong><\/h4>\n<ul>\n<li>Blanco Lobeiras, Pedro, avogado, xefe dos Servizos Xur\u00eddicos de UXT-Galicia e coordinador da materia.<\/li>\n<li>Fern\u00e1ndez de Mata, Emilio, maxistrado, Sala do Social do Tribunal Superior de Xustiza de Galicia.<\/li>\n<li>Otero Rodr\u00edguez, Laura, abogada.<\/li>\n<li>Maneiro V\u00e1zquez, Yolanda, profesora contratada doutora\u00a0de Dereito do Traballo e Seguridade Social da USC.<\/li>\n<\/ul>\n<h4><strong>\u00a0\u2013 P3341109 \u2013 Pr\u00e1ctica Xur\u00eddica Laboral II<\/strong><\/h4>\n<ul>\n<li>Blanco Lobeiras, Pedro, avogado, xefe dos Servizos Xur\u00eddicos de UXT-Galicia e coordinador da materia.<\/li>\n<li>Calo Amigo, C\u00e1ndido, \u00a0profesor laboral de Dereito do Traballo e Seguridade Social da USC.<\/li>\n<li>Fern\u00e1ndez de Mata, Emilio, maxistrado, Sala do Social do Tribunal Superior de Xustiza de Galicia.<\/li>\n<li>Gonz\u00e1lez Quint\u00e1s, \u00c1ngel, letrado da Seguridade Social.<\/li>\n<\/ul>\n<h4><strong>\u00a0\u2013 P3341110 \u2013 Pr\u00e1ctica Xur\u00eddica Administrativo I<\/strong><\/h4>\n<ul>\n<li>\u00c1lvarez Fern\u00e1ndez, Luis, avogado<\/li>\n<li>Formoso Sobrado, Miguel, letrado da Administraci\u00f3n de Xustiza.<\/li>\n<li>Garrido Juncal, Andrea, profesora contratada interina por vacante de Dereito Administrativo na USC.<\/li>\n<li>M\u00edguez Macho, Luis, catedr\u00e1tico\u00a0de Dereito Administrativo na USC.<\/li>\n<li>Rivera Frade, Dolores, maxistrada do TSXG.<\/li>\n<li>S\u00e1nchez-Agustino Mari\u00f1o, Javier, avogado e coordinador da materia.<\/li>\n<li>Solar Jimeno, Natalia, letrada da Xunta de Galicia.<\/li>\n<\/ul>\n<h4><strong>\u00a0\u2013 P3341111 \u2013 Pr\u00e1ctica Xur\u00eddica Administrativa II<\/strong><\/h4>\n<ul>\n<li>B\u00e9rtolo Garc\u00eda, Ulises, avogado.<\/li>\n<li>L\u00f3pez Porto, Paulo, \u00a0avogado e coordinador da materia.<\/li>\n<li>Rodriguez Fern\u00e1ndez, Luis Jaime, xefe do Servizo de Patrimonio e Contrataci\u00f3n da Deputaci\u00f3n Provincial da Coru\u00f1a.<\/li>\n<li>Rivera Frade, Dolores, maxistrada do Tribunal Superior de Xustiza de Galicia.<\/li>\n<li>Santiago Iglesias, Diana\u00a0, profesora contratada\u00a0doutora de Dereito Administrativo na USC.<\/li>\n<li>Solar Jimeno, Natalia, letrada da Xunta de Galicia.<\/li>\n<li>Su\u00e1rez Garc\u00eda, Javier, avogado do Estado.<\/li>\n<li>Su\u00e1rez Losada, \u00c1ngel, avogado.<\/li>\n<li>Teixido Infante, Yolanda, \u00a0xefa do Servizo de Licencias e Disciplina do Concello de A Coru\u00f1a.<\/li>\n<\/ul>\n<h4><strong>\u00a0\u2013 P3341112 \u2013 Pr\u00e1ctica Xur\u00eddica Penal I<\/strong><\/h4>\n<ul>\n<li>Al\u00e1ez Leger\u00e9n, Luis, maxistrado do Xulgado do Penal n\u00ba 1 de Santiago de Compostela.<\/li>\n<li>\u00c1lvarez Barreiro, Raquel, fiscal da Fiscal\u00eda da \u00e1rea de Santiago de Compostela.<\/li>\n<li>Cajoto Berdeal, Ana Bel\u00e9n, secretaria do Xulgado Penal n\u00ba 1 de Santiago de Compostela.<\/li>\n<li>Catalina Benavente, Mar\u00eda de los \u00c1ngeles, profesora doutora da \u00e1rea de Dereito Procesual na USC.<\/li>\n<li>G\u00f3mez Rey, Jos\u00e9, maxistrado, secci\u00f3n sexta de Santiago da Audiencia Provincial da Coru\u00f1a.<\/li>\n<li>Guill\u00e9n V\u00e1zquez, Margarita, maxistrada do Xulgado de Instruci\u00f3n n\u00ba 2 de Santiago de Compostela.<\/li>\n<li>Hospido Lobeiras, Bel\u00e9n, avogada.<\/li>\n<li>Lago Louro, Andr\u00e9s, maxistrado do Xulgado de Intruci\u00f3n n\u00ba 3 de Santiago de Compostela.<\/li>\n<li>Mart\u00ednez Carrillo, Carlos, avogado.<\/li>\n<li>Navares Villar, Cristina, maxistrada, Audiencia Provincial, secci\u00f3n n\u00ba 4 de Pontevedra.<\/li>\n<li>San Jos\u00e9 Gonz\u00e1lez, Aranzazu, fiscal da Fiscal\u00eda da \u00e1rea de Santiago de Compostela.<\/li>\n<li>Sixto Teijo, Marta, fiscal da Fiscal\u00eda da \u00e1rea de Santiago de Compostela.<\/li>\n<li>Vali\u00f1o Ces, Almudena, profesora da \u00e1rea de Dereito Procesual na USC.<\/li>\n<li>Vivero Vizoso, Mar, avogada.<\/li>\n<li>V\u00e1zquez-Portome\u00f1e Seijas, Fern\u00e1ndo Antonio, profesor titular de Dereito Penal da USC.<\/li>\n<\/ul>\n<h4><strong>\u00a0\u2013 P3341113 \u2013 Pr\u00e1ctica Xur\u00eddica Penal II<\/strong><\/h4>\n<ul>\n<li>Alfonso Espi\u00f1eira, Beatriz, xurista do corpo superior de T\u00e9cnicos de Instituci\u00f3ns Penitenciarias.<\/li>\n<li>\u00c1lvarez Barreiro, Raquel, fiscal da Fiscal\u00eda da \u00e1rea de Santiago de Compostela.<\/li>\n<li>Catalina Benavente, \u00c1ngeles, profesora contratada doutora de dereito procesual da USC.<\/li>\n<li>Guinarte Cabada, Gumersindo, profesor titular de Dereito Penal da USC.<\/li>\n<li>Gonz\u00e1lez-Abraldes, Alberto, \u00a0avogado.<\/li>\n<li>Lago Louro, Andr\u00e9s, maxistrado do Xulgado de Intruci\u00f3n n\u00ba 3 de Santiago de Compostela.<\/li>\n<li>L\u00f3pez Arnoso, Patricia, avogada.<\/li>\n<li>Guill\u00e9n V\u00e1zquez, Margarita, maxistrada do Xulgado de Instruci\u00f3n n\u00ba 2 de Santiago de Compostela.<\/li>\n<li>Reguera Freire, Ana. avogada.<\/li>\n<li>San Jos\u00e9 Gonz\u00e1lez, Aranzazu, fiscal da Fiscal\u00eda da \u00e1rea de Santiago de Compostela.<\/li>\n<li>Sixto Teijo, Marta, fiscal da Fiscal\u00eda da \u00e1rea de Santiago de Compostela.<\/li>\n<li>Varela Castej\u00f3n, Pablo, fiscal.<\/li>\n<li>Varela G\u00f3mez, Bernardino profesor titular de Dereito Procesual da USC.<\/li>\n<\/ul>\n<h4><strong>\u00a0\u2013 P3341114 \u2013 Pr\u00e1ctica Xur\u00eddica Tributaria, Internac, Const, UE<\/strong><\/h4>\n<ul>\n<li>Arenas Meza, Miguel Enrique, profesor contratado doutor da \u00e1rea de Dereito internacional p\u00fablico e relaci\u00f3ns internacionais.<\/li>\n<li>Fern\u00e1ndez Rodr\u00edguez, Jos\u00e9 Julio, profesor titular de Dereito Constitucional da USC.<\/li>\n<li>Lorenzo Ucha, Alicia, abogada.<\/li>\n<li>Matovelle G\u00f3mez, Mar\u00eda Jes\u00fas, avogada e coordinadora da materia.<\/li>\n<li>Pena Dom\u00ednguez, Beatriz, avogada .<\/li>\n<li>Ruibal Pereira, Mar\u00eda Luz, profesora titular de Dereito Financieiro e Tributario da USC<\/li>\n<li>Sierra Rodr\u00edguez, Mariano, avogado.<\/li>\n<li>Teijo Garc\u00eda, Carlos, profesor contratado doutor da \u00e1rea de Dereito internacional p\u00fablico e relaci\u00f3ns internacionais.<\/li>\n<\/ul>\n<h4><strong>B) Pr\u00e1cticas externas<\/strong><\/h4>\n<p>O ICA de Santiago, a trav\u00e9s da EPX conveniada, e a Comisi\u00f3n Acad\u00e9mica, garantir\u00e1n o cumprimento dos requisitos do per\u00edodo de pr\u00e1cticas establecido no Regulamento de desenvolvemento da Lei de acceso, para todos os estudantes matriculados no M\u00e1ster.<\/p>\n<p><strong>A xesti\u00f3n de todos os cr\u00e9ditos de \u201cpr\u00e1cticas externas\u201d corresponde \u00f3 ICA de Santiago, que os desenvolver\u00e1 e coordinar\u00e1 a trav\u00e9s da EPX<\/strong>. A tal efecto, seleccionar\u00e1 os despachos, administraci\u00f3ns, \u00f3rganos xudiciais, instituci\u00f3ns e entidades onde se realicen, as\u00ed como os titores e colaborares que as dirixan. Determinar\u00e1 o plan detallado, calendario e horario de pr\u00e1cticas e establecer\u00e1 os mecanismos de control precisos para a comprobaci\u00f3n da s\u00faa axeitada realizaci\u00f3n e aproveitamento. Corresponder\u00e1 \u00e1 Comisi\u00f3n Acad\u00e9mica a aprobaci\u00f3n do correspondente plan operativo das \u201cpr\u00e1cticas externas\u201d.<\/p>\n<p>Os titores das \u201cpr\u00e1cticas externas\u201d ser\u00e1n avogados vinculados ao ICA de Santiago, cun exercicio profesional de, alomenos, cinco anos, sen prexu\u00edzo da posible colaboraci\u00f3n doutros profesionais, cando as\u00ed se considere conveniente (en particular, no que se refire as pr\u00e1cticas en administraci\u00f3ns p\u00fablicas e \u00f3rganos xudiciais), a proposta do propio Colexio.<\/p>\n<p>A adxudicaci\u00f3n de destinos dos estudantes para a realizaci\u00f3n do per\u00edodo de pr\u00e1cticas ser\u00e1 realizada pola EPX, por medio do oportuno procedemento aprobado pola Comisi\u00f3n Acad\u00e9mica.<\/p>\n<p>Durante o per\u00edodo de pr\u00e1cticas externas os estudantes contar\u00e1n cun coordinador de pr\u00e1cticas e estar\u00e1n suxeitos \u00e1 duraci\u00f3n, calendario, horario, lugar e actividade que se establezan, aplicaranse con dilixencia \u00e1s tarefas encomendadas, manteranse en contacto co titor e gardar\u00e1n o sixilo sobre as tarefas que estean a realizar durante este per\u00edodo e unha vez este te\u00f1a rematado.<\/p>\n<p>A realizaci\u00f3n das pr\u00e1cticas de formaci\u00f3n por parte dos estudantes non constit\u00fae v\u00ednculo laboral nin contractual de ning\u00fan tipo entre estes e as partes asinantes, ni comportar\u00e1 contraprestaci\u00f3n econ\u00f3mica algunha para o estudantes durante o seu desenvolvemento, no sendo aplicable o Estatuto dos Traballadores.<\/p>\n<p>A EPX conta con mais de sesenta\u00a0despachos profesionais colaboradores. Tam\u00e9n os titulares dos \u00f3rganos xudiciais do partido xudicial de Santiago e doutros partidos da comunidade aut\u00f3noma, a Asesor\u00eda Xur\u00eddica Xeral da Xunta de Galicia e da USC, as\u00ed como diferentes administraci\u00f3ns locais ve\u00f1en colaborando tradicionalmente na impartici\u00f3n do t\u00edtulo propio da Escola ao que substit\u00fae o m\u00e1ster.<\/p>\n<p>[\/et_pb_text][\/et_pb_column][\/et_pb_row][\/et_pb_section]<\/p>\n","protected":false},"excerpt":{"rendered":"<p>M\u00e1ster oficial en Avogac\u00eda 2017-2019 A) Curso de formaci\u00f3n A Lei 34\/2006 establece, no seu art. 4.3\u00ba, que nos \u201ccursos de formaci\u00f3n\u201d para avogados deber\u00e1 garantirse \u201ca presenza da metade, alomenos, de profesionais colexiados exercentes. De conformidade con dita lei e co establecido no seu Regulamento de desenvolvemento, o profesorado do \u201ccurso de formaci\u00f3n\u201d do [&hellip;]<\/p>\n","protected":false},"author":1,"featured_media":0,"parent":2330,"menu_order":9,"comment_status":"closed","ping_status":"closed","template":"","meta":{"_et_pb_use_builder":"on","_et_pb_old_content":"","_et_gb_content_width":"","footnotes":""},"class_list":["post-938","page","type-page","status-publish","hentry"],"_links":{"self":[{"href":"https:\/\/epxsantiago.org\/index.php\/wp-json\/wp\/v2\/pages\/938","targetHints":{"allow":["GET"]}}],"collection":[{"href":"https:\/\/epxsantiago.org\/index.php\/wp-json\/wp\/v2\/pages"}],"about":[{"href":"https:\/\/epxsantiago.org\/index.php\/wp-json\/wp\/v2\/types\/page"}],"author":[{"embeddable":true,"href":"https:\/\/epxsantiago.org\/index.php\/wp-json\/wp\/v2\/users\/1"}],"replies":[{"embeddable":true,"href":"https:\/\/epxsantiago.org\/index.php\/wp-json\/wp\/v2\/comments?post=938"}],"version-history":[{"count":7,"href":"https:\/\/epxsantiago.org\/index.php\/wp-json\/wp\/v2\/pages\/938\/revisions"}],"predecessor-version":[{"id":2433,"href":"https:\/\/epxsantiago.org\/index.php\/wp-json\/wp\/v2\/pages\/938\/revisions\/2433"}],"up":[{"embeddable":true,"href":"https:\/\/epxsantiago.org\/index.php\/wp-json\/wp\/v2\/pages\/2330"}],"wp:attachment":[{"href":"https:\/\/epxsantiago.org\/index.php\/wp-json\/wp\/v2\/media?parent=938"}],"curies":[{"name":"wp","href":"https:\/\/api.w.org\/{rel}","templated":true}]}}